526
CXUS56 KLOX 011255
CF6WJF
PRELIMINARY LOCAL CLIMATOLOGICAL DATA (WS FORM: F-6)
STATION: LANCASTER FOX FIELD CA
MONTH: FEBRUARY
YEAR: 2021
LATITUDE: 34 43 N
LONGITUDE: 118 13 W
TEMPERATURE IN F: :PCPN: SNOW: WIND :SUNSHINE: SKY :PK WND
================================================================================
1 2 3 4 5 6A 6B 7 8 9 10 11 12 13 14 15 16 17 18
12Z AVG MX 2MIN
DY MAX MIN AVG DEP HDD CDD WTR SNW DPTH SPD SPD DIR MIN PSBL S-S WX SPD DR
================================================================================
1 59 44 52 6 13 0 T M M 2.9 7 280 M M 7 11 80
2 69 39 54 8 11 0 0.00 M M 6.4 18 240 M M 3 22 240
3 61 38 50 4 15 0 0.00 M M 20.4 38 280 M M 0 8 44 280
4 61 30 46 -1 19 0 0.00 M M 8.1 20 80 M M 0 25 70
5 67 25 46 -1 19 0 0.00 M M 5.2 23 280 M M 0 27 280
6 69 27 48 1 17 0 0.00 M M 2.3 10 300 M M 0 12 300
7 71 26 49 2 16 0 0.00 M M 3.5 13 300 M M 0 17 280
8 72 37 55 8 10 0 0.00 M M 12.3 24 220 M M 0 29 240
9 67 42 55 8 10 0 0.00 M M 15.5 31 270 M M 2 35 260
10 68 44 56 8 9 0 0.00 M M 12.7 23 280 M M 0 8 27 280
11 72 33 53 5 12 0 0.00 M M 10.6 29 260 M M 0 34 260
12 59 43 51 3 14 0 0.01 M M 17.6 35 270 M M 1 18 40 270
13 59 43 51 3 14 0 0.00 M M 24.6 41 320 M M 0 8 54 320
14 57 44 51 3 14 0 0.00 M M 14.6 25 280 M M 0 31 340
15 63 43 53 5 12 0 0.00 M M 26.1 49 290 M M 0 8 70 280
16 58 47 53 5 12 0 0.00 M M 19.3 43 280 M M 1 8 54 270
17 58 30 44 -5 21 0 0.00 M M 7.5 22 10 M M 0 29 360
18 58 24 41 -8 24 0 0.00 M M 5.8 21 60 M M 0 25 50
19 71 27 49 0 16 0 0.00 M M 11.6 33 270 M M 0 38 270
20 55 33 44 -5 21 0 0.00 M M 17.8 35 280 M M 1 41 290
21 62 22 42 -7 23 0 0.00 M M 7.5 20 50 M M 0 25 50
22 69 26 48 -2 17 0 0.00 M M 6.7 18 50 M M 0 8 31 60
23 74 28 51 1 14 0 0.00 M M 5.6 20 300 M M 0 24 300
24 74 31 53 3 12 0 0.00 M M 13.9 32 290 M M 0 38 260
25 58 31 45 -5 20 0 0.00 M M 10.6 31 70 M M 0 41 70
26 72 21 47 -3 18 0 0.00 M M 13.3 39 270 M M 0 45 280
27 62 34 48 -2 17 0 0.00 M M 16.0 29 280 M M 0 37 280
28 58 28 43 -8 22 0 0.00 M M 9.6 22 70 M M 0 28 70
================================================================================
SM 1803 940 442 0 0.01 M 328.0 M 15
================================================================================
AV 64.4 33.6 11.7 FASTST M M 1 MAX(MPH)
MISC ----> 49 290 70 280
================================================================================
NOTES:
# LAST OF SEVERAL OCCURRENCES
COLUMN 17 PEAK WIND IN M.P.H.
PRELIMINARY LOCAL CLIMATOLOGICAL DATA (WS FORM: F-6) , PAGE 2
STATION: LANCASTER FOX FIELD CA
MONTH: FEBRUARY
YEAR: 2021
LATITUDE: 34 43 N
LONGITUDE: 118 13 W
[TEMPERATURE DATA] [PRECIPITATION DATA] SYMBOLS USED IN COLUMN 16
AVERAGE MONTHLY: 49.0 TOTAL FOR MONTH: 0.01 1 = FOG OR MIST
DPTR FM NORMAL: 0.7 DPTR FM NORMAL: -1.77 2 = FOG REDUCING VISIBILITY
HIGHEST: 74 ON 24,23 GRTST 24HR 0.01 ON 12-12 TO 1/4 MILE OR LESS
LOWEST: 21 ON 26 3 = THUNDER
SNOW, ICE PELLETS, HAIL 4 = ICE PELLETS
TOTAL MONTH: M 5 = HAIL
GRTST 24HR M ON M 6 = FREEZING RAIN OR DRIZZLE
GRTST DEPTH: M ON M 7 = DUSTSTORM OR SANDSTORM:
VSBY 1/2 MILE OR LESS
8 = SMOKE OR HAZE
[NO. OF DAYS WITH] [WEATHER - DAYS WITH] 9 = BLOWING SNOW
X = TORNADO
MAX 32 OR BELOW: 0 0.01 INCH OR MORE: 1
MAX 90 OR ABOVE: 0 0.10 INCH OR MORE: 0
MIN 32 OR BELOW: 14 0.50 INCH OR MORE: 0
MIN 0 OR BELOW: 0 1.00 INCH OR MORE: 0
[HDD (BASE 65) ]
TOTAL THIS MO. 442 CLEAR (SCALE 0-3) 27
DPTR FM NORMAL -26 PTCLDY (SCALE 4-7) 1
TOTAL FM JUL 1 2201 CLOUDY (SCALE 8-10) 0
DPTR FM NORMAL -92
[CDD (BASE 65) ]
TOTAL THIS MO. 0
DPTR FM NORMAL 0 [PRESSURE DATA]
TOTAL FM JAN 1 0 HIGHEST SLP 30.50 ON 21
DPTR FM NORMAL 0 LOWEST SLP 29.79 ON 13
[REMARKS]
#FINAL-02-21#