000
CXUS52 KMFL 221000
CF6HWO
PRELIMINARY LOCAL CLIMATOLOGICAL DATA (WS FORM: F-6)

                                          STATION:   NORTH PERRY ARPT
                                          MONTH:     APRIL
                                          YEAR:      2018
                                          LATITUDE:   26  0 N
                                          LONGITUDE:  80 14 W

  TEMPERATURE IN F:       :PCPN:    SNOW:  WIND      :SUNSHINE: SKY     :PK WND
================================================================================
1   2   3   4   5  6A  6B    7    8   9   10  11  12  13   14  15   16   17  18
                                     12Z  AVG MX 2MIN
DY MAX MIN AVG DEP HDD CDD  WTR  SNW DPTH SPD SPD DIR MIN PSBL S-S WX    SPD DR
================================================================================

 1  85  73  79   5   0  14 0.00  0.0    0  8.9 17 110   M    M   3        24  90
 2  86  68  77   3   0  12    T  0.0    0  7.1 16 110   M    M   2        19  70
 3  86  70  78   4   0  13 0.00  0.0    0  8.4 17 100   M    M   1        22  90
 4  87  70  79   5   0  14 0.00  0.0    0  6.4 18 160   M    M   4        21 150
 5  85  68  77   3   0  12 0.18  0.0    0  9.0 20  70   M    M   3        25  70
 6  85  69  77   3   0  12 0.00  0.0    0  8.2 17  90   M    M   2        21  90
 7  91  67  79   5   0  14 0.00  0.0    0  8.6 24 220   M    M   2        30 230
 8  91  72  82   8   0  17 0.00  0.0    0  7.2 22 160   M    M   3        26 160
 9  94  72  83   9   0  18 0.00  0.0    0  8.9 20 220   M    M   1        26 220
10  94  72  83   9   0  18 0.36  0.0    M  6.9 31 330   M    M   3 13     41 320
11  87  69  78   4   0  13 0.00  0.0    0  9.7 20  40   M    M   3        26 330
12  85  65  75   1   0  10 0.00  0.0    0 10.9 18  80   M    M   2        25  70
13  84  71  78   3   0  13 0.00  0.0    0  9.6 16 100   M    M   2        21 100
14  89  74  82   7   0  17    T  0.0    0  9.9 21 150   M    M   2        26 130
15  89  73  81   6   0  16 0.23  0.0    0 14.9 28 150   M    M   4 13     37 230
16  84  62  73  -2   0   8 0.00  0.0    0 12.7 23 310   M    M   2        29 310
17  82  59  71  -4   0   6 0.00  0.0    0  8.9 20 340   M    M   0        23 330
18  84  63  74  -1   0   9 0.00  0.0    0  6.3 16 100   M    M   0        21 110
19  86  65  76   1   0  11 0.00  0.0    0  5.4 15 110   M    M   1        20 120
20  90  67  79   4   0  14 0.00  0.0    0  7.1 15  80   M    M   0        19  90
21  86  71  79   3   0  14 0.00  0.0    0  8.2 16  80   M    M   2        22 100
================================================================================
SM 1830 1440         0 275  0.77     0.0 183.2          M       42
================================================================================
AV 87.1 68.6                               8.7 FASTST   M    M   2    MAX(MPH)
                                 MISC ---->  # 31 330               # 41  320
================================================================================
NOTES:
# LAST OF SEVERAL OCCURRENCES

COLUMN 17 PEAK WIND IN M.P.H.

PRELIMINARY LOCAL CLIMATOLOGICAL DATA (WS FORM: F-6) , PAGE 2

                                          STATION:  NORTH PERRY ARPT
                                          MONTH:    APRIL
                                          YEAR:     2018
                                          LATITUDE:   26  0 N
                                          LONGITUDE:  80 14 W

[TEMPERATURE DATA]      [PRECIPITATION DATA]       SYMBOLS USED IN COLUMN 16

AVERAGE MONTHLY: 77.9   TOTAL FOR MONTH:   0.77    1 = FOG OR MIST
DPTR FM NORMAL:   3.4   DPTR FM NORMAL:   -1.57    2 = FOG REDUCING VISIBILITY
HIGHEST:    94 ON 10, 9 GRTST 24HR  0.36 ON 10-10      TO 1/4 MILE OR LESS
LOWEST:     59 ON 17                               3 = THUNDER
                        SNOW, ICE PELLETS, HAIL    4 = ICE PELLETS
                        TOTAL MONTH:   0.0 INCH    5 = HAIL
                        GRTST 24HR     0.0         6 = FREEZING RAIN OR DRIZZLE
                        GRTST DEPTH:   0           7 = DUSTSTORM OR SANDSTORM:
                                                       VSBY 1/2 MILE OR LESS
                                                   8 = SMOKE OR HAZE
[NO. OF DAYS WITH]      [WEATHER - DAYS WITH]      9 = BLOWING SNOW
                                                   X = TORNADO
MAX 32 OR BELOW:   0    0.01 INCH OR MORE:   3
MAX 90 OR ABOVE:   5    0.10 INCH OR MORE:   3
MIN 32 OR BELOW:   0    0.50 INCH OR MORE:   0
MIN  0 OR BELOW:   0    1.00 INCH OR MORE:   0

[HDD (BASE 65) ]
TOTAL THIS MO.     0    CLEAR  (SCALE 0-3)  19
DPTR FM NORMAL     0    PTCLDY (SCALE 4-7)   2
TOTAL FM JUL 1   102    CLOUDY (SCALE 8-10)  0
DPTR FM NORMAL   -42

[CDD (BASE 65) ]
TOTAL THIS MO.   275
DPTR FM NORMAL    75    [PRESSURE DATA]
TOTAL FM JAN 1   968    HIGHEST SLP M ON M
DPTR FM NORMAL   255    LOWEST  SLP 29.83 ON  7

[REMARKS]
