000
CXUS53 KGRR 271017
CF6JXN
PRELIMINARY LOCAL CLIMATOLOGICAL DATA (WS FORM: F-6)

                                          STATION:   JACKSON
                                          MONTH:     MAY
                                          YEAR:      2018
                                          LATITUDE:   42 16 N
                                          LONGITUDE:  84 28 W

  TEMPERATURE IN F:       :PCPN:    SNOW:  WIND      :SUNSHINE: SKY     :PK WND
================================================================================
1   2   3   4   5  6A  6B    7    8   9   10  11  12  13   14  15   16   17  18
                                     12Z  AVG MX 2MIN
DY MAX MIN AVG DEP HDD CDD  WTR  SNW DPTH SPD SPD DIR MIN PSBL S-S WX    SPD DR
================================================================================

 1  83  53  68  15   0   3 0.00    M    M 14.2 26 210   M    M   0        34 200
 2  85  63  74  20   0   9 0.33    M    M 14.8 29 290   M    M   4 13     41 280
 3  72  61  67  13   0   2 1.04    M    M  6.6 20 230   M    M   9 138    24 220
 4  71  51  61   7   4   0    T    M    M 14.9 38 220   M    M   4 13     51 210
 5  77  52  65  11   0   0 0.00    M    M  8.8 18 210   M    M   2        23 220
 6  71  49  60   5   5   0 0.00    M    M  6.5 17 360   M    M   4        24  20
 7  69  43  56   1   9   0 0.00    M    M  4.3 13 320   M    M   0        18 330
 8  79  44  62   7   3   0 0.00    M    M  5.3 13 220   M    M   0        18 190
 9  81  54  68  12   0   3 0.29    M    M 10.9 30 200   M    M   3 13     37 200
10  70  54  62   6   3   0 0.00    M    M  9.4 17 270   M    M   5        27 270
11  54  42  48  -8  17   0 1.11    M    M 10.1 17  90   M    M   9 13     26 100
12  50  43  47  -9  18   0 0.71    M    M  6.7 15  30   M    M  10 13     18  30
13  60  47  54  -3  11   0 0.37    M    M  4.3 14 110   M    M   8 13     19 120
14  76  51  64   7   1   0 0.67    M    M  6.0 18 230   M    M   4 13     23 230
15  73  61  67  10   0   2 0.97    M    M  5.4 16 280   M    M   5 13     22 280
16  79  51  65   7   0   0 0.00    M    M  2.8  9 140   M    M   1        13 310
17  83  51  67   9   0   2 0.00    M    M  7.8 18  20   M    M   0 1      25  20
18  74  49  62   4   3   0 0.05    M    M 10.4 20  70   M    M   3        27  70
19  76  56  66   7   0   1 0.35    M    M  9.2 18 220   M    M  10 1      23 230
20  62  56  59   0   6   0 0.00    M    M  4.3 10 350   M    M   9        14 350
21  64  52  58  -1   7   0 0.45    M    M  7.3 14  80   M    M   7 18     19  80
22  72  51  62   2   3   0    T    M    M  4.8 15 320   M    M   7 128    22 290
23  80  48  64   4   1   0 0.00    M    M  3.6 10  20   M    M   1 12     14 330
24  81  50  66   6   0   1 0.00    M    M  3.0 14 190   M    M   0 1      19 140
25  86  53  70  10   0   5 0.00    M    M  5.6 14 220   M    M   0        18 180
26  84  66  75  14   0  10 0.00  0.0    0  4.7 14 110   M    M   4 13     18 110
================================================================================
SM 1912 1351        91  38  6.34     0.0 191.7          M      109
================================================================================
AV 73.5 52.0                               7.4 FASTST   M    M   4    MAX(MPH)
                                 MISC ---->  # 38 220               # 51  210
================================================================================
NOTES:
# LAST OF SEVERAL OCCURRENCES

COLUMN 17 PEAK WIND IN M.P.H.

PRELIMINARY LOCAL CLIMATOLOGICAL DATA (WS FORM: F-6) , PAGE 2

                                          STATION:  JACKSON
                                          MONTH:    MAY
                                          YEAR:     2018
                                          LATITUDE:   42 16 N
                                          LONGITUDE:  84 28 W

[TEMPERATURE DATA]      [PRECIPITATION DATA]       SYMBOLS USED IN COLUMN 16

AVERAGE MONTHLY: 62.8   TOTAL FOR MONTH:   6.34    1 = FOG OR MIST
DPTR FM NORMAL:   5.8   DPTR FM NORMAL:    3.58    2 = FOG REDUCING VISIBILITY
HIGHEST:    86 ON 25    GRTST 24HR  1.11 ON 11-11      TO 1/4 MILE OR LESS
LOWEST:     42 ON 11                               3 = THUNDER
                        SNOW, ICE PELLETS, HAIL    4 = ICE PELLETS
                        TOTAL MONTH:   0.0 INCH    5 = HAIL
                        GRTST 24HR     0.0         6 = FREEZING RAIN OR DRIZZLE
                        GRTST DEPTH:   0           7 = DUSTSTORM OR SANDSTORM:
                                                       VSBY 1/2 MILE OR LESS
                                                   8 = SMOKE OR HAZE
[NO. OF DAYS WITH]      [WEATHER - DAYS WITH]      9 = BLOWING SNOW
                                                   X = TORNADO
MAX 32 OR BELOW:   0    0.01 INCH OR MORE:  11
MAX 90 OR ABOVE:   0    0.10 INCH OR MORE:  10
MIN 32 OR BELOW:   0    0.50 INCH OR MORE:   5
MIN  0 OR BELOW:   0    1.00 INCH OR MORE:   2

[HDD (BASE 65) ]
TOTAL THIS MO.    91    CLEAR  (SCALE 0-3)  10
DPTR FM NORMAL  -142    PTCLDY (SCALE 4-7)  11
TOTAL FM JUL 1  6490    CLOUDY (SCALE 8-10)  5
DPTR FM NORMAL   -89

[CDD (BASE 65) ]
TOTAL THIS MO.    38
DPTR FM NORMAL    16    [PRESSURE DATA]
TOTAL FM JAN 1    38    HIGHEST SLP M ON M
DPTR FM NORMAL    10    LOWEST  SLP 29.58 ON M

[REMARKS]
