000
CDUS43 KGID 232324
CLIHSI


CLIMATE REPORT
NATIONAL WEATHER SERVICE HASTINGS NE
524 PM CST SUN FEB 23 2020


...................................

...THE HASTINGS NE CLIMATE SUMMARY FOR FEBRUARY 23 2020...
VALID TODAY AS OF 0500 PM LOCAL TIME.

CLIMATE NORMAL PERIOD 1981 TO 2010
CLIMATE RECORD PERIOD 1894 TO 2020


WEATHER ITEM   OBSERVED TIME   RECORD YEAR NORMAL DEPARTURE LAST
                VALUE   (LST)  VALUE       VALUE  FROM      YEAR
                                                  NORMAL
..................................................................
TEMPERATURE (F)
 TODAY
  MAXIMUM         53    321 PM  75    1918  42     11       29
  MINIMUM         30    605 AM  -7    1910  22      8       22
  AVERAGE         42                        32     10       26

PRECIPITATION (IN)
  TODAY            0.00          0.65 1914   0.02  -0.02     0.15
  MONTH TO DATE    0.07                      0.38  -0.31     0.68
  SINCE DEC 1      2.87                      1.40   1.47     3.88
  SINCE JAN 1      1.05                      0.79   0.26     0.75

SNOWFALL (IN)
  TODAY            0.0           9.0  1994   0.2   -0.2      2.9
  MONTH TO DATE    1.6                       5.6   -4.0     11.5
  SINCE DEC 1     11.6                      17.7   -6.1     16.7
  SINCE JUL 1     20.9                      21.5   -0.6     23.3
  SNOW DEPTH       0

DEGREE DAYS
 HEATING
  TODAY           23                        33    -10       39
  MONTH TO DATE  788                       822    -34      992
  SINCE DEC 1   2942                      3190   -248     3173
  SINCE JUL 1   4326                      4471   -145     4602

 COOLING
  TODAY            0                         0      0        0
  MONTH TO DATE    0                         0      0        0
  SINCE DEC 1      0                         0      0        0
  SINCE JAN 1      0                         0      0        0
..................................................................


WIND (MPH)
  HIGHEST WIND SPEED    13   HIGHEST WIND DIRECTION    NE (40)
  HIGHEST GUST SPEED    18   HIGHEST GUST DIRECTION    NE (40)
  AVERAGE WIND SPEED     4.6


SKY COVER
  AVERAGE SKY COVER 0.3


WEATHER CONDITIONS
 THE FOLLOWING WEATHER WAS RECORDED TODAY.
  NO SIGNIFICANT WEATHER WAS OBSERVED.


RELATIVE HUMIDITY (PERCENT)
 HIGHEST    85           400 AM
 LOWEST     35           400 PM
 AVERAGE    60

..........................................................


THE HASTINGS NE CLIMATE NORMALS FOR TOMORROW
                         NORMAL    RECORD    YEAR
 MAXIMUM TEMPERATURE (F)   43        76      1981
 MINIMUM TEMPERATURE (F)   22       -10      1914


SUNRISE AND SUNSET
FEBRUARY 23 2020......SUNRISE   717 AM CST   SUNSET   618 PM CST
FEBRUARY 24 2020......SUNRISE   716 AM CST   SUNSET   619 PM CST


-  INDICATES NEGATIVE NUMBERS.
R  INDICATES RECORD WAS SET OR TIED.
MM INDICATES DATA IS MISSING.
T  INDICATES TRACE AMOUNT.




$$
