000
CDUS43 KGID 200623
CLIHSI


CLIMATE REPORT
NATIONAL WEATHER SERVICE HASTINGS NE
123 AM CDT TUE AUG 20 2019


...................................

...THE HASTINGS NE CLIMATE SUMMARY FOR AUGUST 19 2019...

CLIMATE NORMAL PERIOD 1981 TO 2010
CLIMATE RECORD PERIOD 1894 TO 2019


WEATHER ITEM   OBSERVED TIME   RECORD YEAR NORMAL DEPARTURE LAST
                VALUE   (LST)  VALUE       VALUE  FROM      YEAR
                                                  NORMAL
..................................................................
TEMPERATURE (F)
 YESTERDAY
  MAXIMUM         89    435 PM 106    1936  85      4       72
  MINIMUM         64    335 AM  46    2012  63      1       64
  AVERAGE         77                        74      3       68

PRECIPITATION (IN)
  YESTERDAY        0.00          2.25 1908   0.11  -0.11     1.38
  MONTH TO DATE    2.45                      1.82   0.63     4.14
  SINCE JUN 1     11.58                      9.36   2.22    12.24
  SINCE JAN 1     23.97                     19.18   4.79    19.42

SNOWFALL (IN)
  YESTERDAY        0.0                       0.0    0.0      0.0
  MONTH TO DATE    0.0                       0.0    0.0      0.0
  SINCE JUN 1      0.0                       0.0    0.0      0.0
  SINCE JUL 1      0.0                       0.0    0.0      0.0
  SNOW DEPTH       0

DEGREE DAYS
 HEATING
  YESTERDAY        0                         0      0        0
  MONTH TO DATE    0                         0      0        0
  SINCE JUN 1     15                        22     -7        0
  SINCE JUL 1      0                         1     -1        0

 COOLING
  YESTERDAY       12                         9      3        3
  MONTH TO DATE  208                       200      8      189
  SINCE JUN 1    818                       801     17      854
  SINCE JAN 1    871                       860     11     1007
..................................................................


WIND (MPH)
  HIGHEST WIND SPEED    17   HIGHEST WIND DIRECTION     S (160)
  HIGHEST GUST SPEED    24   HIGHEST GUST DIRECTION     S (160)
  AVERAGE WIND SPEED     8.6


SKY COVER
  AVERAGE SKY COVER 0.1


WEATHER CONDITIONS
 THE FOLLOWING WEATHER WAS RECORDED YESTERDAY.
  FOG


RELATIVE HUMIDITY (PERCENT)
 HIGHEST    94           900 PM
 LOWEST     64           400 PM
 AVERAGE    79

..........................................................


THE HASTINGS NE CLIMATE NORMALS FOR TODAY
                         NORMAL    RECORD    YEAR
 MAXIMUM TEMPERATURE (F)   85       105      1936
 MINIMUM TEMPERATURE (F)   63        40      1950


SUNRISE AND SUNSET
AUGUST 20 2019........SUNRISE   649 AM CDT   SUNSET   825 PM CDT
AUGUST 21 2019........SUNRISE   650 AM CDT   SUNSET   823 PM CDT


-  INDICATES NEGATIVE NUMBERS.
R  INDICATES RECORD WAS SET OR TIED.
MM INDICATES DATA IS MISSING.
T  INDICATES TRACE AMOUNT.




$$
