000
CDUS43 KGID 180629
CLIHSI

CLIMATE REPORT
NATIONAL WEATHER SERVICE HASTINGS NE
129 AM CDT SUN APR 18 2021

...................................

...THE HASTINGS NE CLIMATE SUMMARY FOR APRIL 17 2021...

CLIMATE NORMAL PERIOD 1981 TO 2010
CLIMATE RECORD PERIOD 1894 TO 2021


WEATHER ITEM   OBSERVED TIME   RECORD YEAR NORMAL DEPARTURE LAST
                VALUE   (LST)  VALUE       VALUE  FROM      YEAR
                                                  NORMAL
...................................................................
TEMPERATURE (F)
 YESTERDAY
  MAXIMUM         51    350 PM  89    1985  64    -13       51
  MINIMUM         38   1159 PM  21    2020  39     -1       21
  AVERAGE         45                        51     -6       36

PRECIPITATION (IN)
  YESTERDAY        0.01          1.85 2016   0.09  -0.08     0.00
  MONTH TO DATE    1.22                      1.19   0.03     0.31
  SINCE MAR 1      9.38                      2.98   6.40     2.50
  SINCE JAN 1     11.36                      3.88   7.48     3.61

SNOWFALL (IN)
  YESTERDAY        0.0           2.0  1939   0.1   -0.1      0.0
                                      1945
  MONTH TO DATE    T                         1.0   -1.0      2.5
  SINCE MAR 1      T                         6.2   -6.2      7.8
  SINCE JUL 1     39.6                      28.6   11.0     29.2
  6 AM SNOW DEPTH  0

DEGREE DAYS
 HEATING
  YESTERDAY       20                        14      6       29
  MONTH TO DATE  261                       281    -20      373
  SINCE MAR 1    845                      1058   -213     1037
  SINCE JUL 1   5449                      5688   -239     5535

 COOLING
  YESTERDAY        0                         0      0        0
  MONTH TO DATE    8                         0      8        0
  SINCE MAR 1      8                         0      8        0
  SINCE JAN 1      8                         0      8        0
...................................................................


WIND (MPH)
  HIGHEST WIND SPEED    21   HIGHEST WIND DIRECTION     N (360)
  HIGHEST GUST SPEED    25   HIGHEST GUST DIRECTION     N (10)
  AVERAGE WIND SPEED    12.1


SKY COVER
  AVERAGE SKY COVER 1.0


WEATHER CONDITIONS
THE FOLLOWING WEATHER WAS RECORDED YESTERDAY.
  LIGHT RAIN


RELATIVE HUMIDITY (PERCENT)
 HIGHEST    93          1200 AM
 LOWEST     61           300 PM
 AVERAGE    77

..........................................................


THE HASTINGS NE CLIMATE NORMALS FOR TODAY
                         NORMAL    RECORD    YEAR
 MAXIMUM TEMPERATURE (F)   64        92      1985
                                             1994
 MINIMUM TEMPERATURE (F)   39        19      1953


SUNRISE AND SUNSET
APRIL 18 2021.........SUNRISE   650 AM CDT   SUNSET   816 PM CDT
APRIL 19 2021.........SUNRISE   649 AM CDT   SUNSET   818 PM CDT


-  INDICATES NEGATIVE NUMBERS.
R  INDICATES RECORD WAS SET OR TIED.
MM INDICATES DATA IS MISSING.
T  INDICATES TRACE AMOUNT.




$$

ROSSI
