000
CDUS43 KGID 270622
CLIHSI

CLIMATE REPORT
NATIONAL WEATHER SERVICE HASTINGS NE
122 AM CDT FRI MAY 27 2022

...................................

...THE HASTINGS NE CLIMATE SUMMARY FOR MAY 26 2022...

CLIMATE NORMAL PERIOD 1991 TO 2020
CLIMATE RECORD PERIOD 1894 TO 2022


WEATHER ITEM   OBSERVED TIME   RECORD YEAR NORMAL DEPARTURE LAST
                VALUE   (LST)  VALUE       VALUE  FROM      YEAR
                                                  NORMAL
...................................................................
TEMPERATURE (F)
 YESTERDAY
  MAXIMUM         74    558 PM 100    2012  77     -3       83
  MINIMUM         47    548 AM  38    1992  55     -8       53
  AVERAGE         61                        66     -5       68

PRECIPITATION (IN)
  YESTERDAY        0.05          2.81 1996   0.15  -0.10     1.03
  MONTH TO DATE    3.37                      3.57  -0.20     4.16
  SINCE MAR 1      5.55                      7.60  -2.05    13.68
  SINCE JAN 1      5.84                      8.90  -3.06    15.66

SNOWFALL (IN)
  YESTERDAY        0.0           T    2002   0.0    0.0      0.0
  MONTH TO DATE    T                         0.0    0.0      0.0
  SINCE MAR 1      3.5                       5.5   -2.0      0.5
  SINCE JUL 1      9.1                      28.6  -19.5     40.1
  SNOW DEPTH       0

DEGREE DAYS
 HEATING
  YESTERDAY        4                         2      2        0
  MONTH TO DATE  173                       158     15      132
  SINCE MAR 1   1391                      1333     58     1150
  SINCE JUL 1   5453                      5845   -392     5754

 COOLING
  YESTERDAY        0                         3     -3        3
  MONTH TO DATE   63                        46     17       55
  SINCE MAR 1     80                        54     26       72
  SINCE JAN 1     80                        54     26       72
...................................................................


WIND (MPH)
  HIGHEST WIND SPEED    24   HIGHEST WIND DIRECTION     N (350)
  HIGHEST GUST SPEED    33   HIGHEST GUST DIRECTION     N (350)
  AVERAGE WIND SPEED    12.2


SKY COVER
  AVERAGE SKY COVER 0.4


WEATHER CONDITIONS
THE FOLLOWING WEATHER WAS RECORDED YESTERDAY.
  LIGHT RAIN


RELATIVE HUMIDITY (PERCENT)
 HIGHEST    93           400 AM
 LOWEST     34           500 PM
 AVERAGE    64

..........................................................


THE HASTINGS NE CLIMATE NORMALS FOR TODAY
                         NORMAL    RECORD    YEAR
 MAXIMUM TEMPERATURE (F)   77        95      2018
 MINIMUM TEMPERATURE (F)   56        38      1907
                                             1992


SUNRISE AND SUNSET
MAY 27 2022...........SUNRISE   608 AM CDT   SUNSET   855 PM CDT
MAY 28 2022...........SUNRISE   607 AM CDT   SUNSET   855 PM CDT


-  INDICATES NEGATIVE NUMBERS.
R  INDICATES RECORD WAS SET OR TIED.
MM INDICATES DATA IS MISSING.
T  INDICATES TRACE AMOUNT.




$$
