676
CDUS43 KGID 220642
CLIHSI


CLIMATE REPORT
NATIONAL WEATHER SERVICE HASTINGS NE
141 AM CDT SUN SEP 22 2019


...................................

...THE HASTINGS NE CLIMATE SUMMARY FOR SEPTEMBER 21 2019...

CLIMATE NORMAL PERIOD 1981 TO 2010
CLIMATE RECORD PERIOD 1894 TO 2019


WEATHER ITEM   OBSERVED TIME   RECORD YEAR NORMAL DEPARTURE LAST
                VALUE   (LST)  VALUE       VALUE  FROM      YEAR
                                                  NORMAL
..................................................................
TEMPERATURE (F)
 YESTERDAY
  MAXIMUM         87    223 PM  98    2005  75     12       66
  MINIMUM         67   1136 PM  28    1995  52     15       48
  AVERAGE         77                        64     13       57

PRECIPITATION (IN)
  YESTERDAY        0.00          1.45 1990   0.09  -0.09     0.00
  MONTH TO DATE    1.07                      1.86  -0.79     3.57
  SINCE SEP 1      1.07                      1.86  -0.79     3.57
  SINCE JAN 1     30.16                     22.52   7.64    23.25

SNOWFALL (IN)
  YESTERDAY        0.0                       0.0    0.0      0.0
  MONTH TO DATE    0.0                       0.1   -0.1      0.0
  SINCE SEP 1      0.0                       0.1   -0.1      0.0
  SINCE JUL 1      0.0                       0.1   -0.1      0.0
  SNOW DEPTH       0

DEGREE DAYS
 HEATING
  YESTERDAY        0                         4     -4        8
  MONTH TO DATE    0                        41    -41        9
  SINCE SEP 1      0                        41    -41        9
  SINCE JUL 1      2                        47    -45       13

 COOLING
  YESTERDAY       12                         2     10        0
  MONTH TO DATE  208                        93    115      158
  SINCE SEP 1    208                        93    115      158
  SINCE JAN 1   1144                      1046     98     1242
..................................................................


WIND (MPH)
  HIGHEST WIND SPEED    17   HIGHEST WIND DIRECTION     S (180)
  HIGHEST GUST SPEED    29   HIGHEST GUST DIRECTION     S (190)
  AVERAGE WIND SPEED     9.0


SKY COVER
  AVERAGE SKY COVER 0.5


WEATHER CONDITIONS
 THE FOLLOWING WEATHER WAS RECORDED YESTERDAY.
  THUNDERSTORM


RELATIVE HUMIDITY (PERCENT)
 HIGHEST    90          1200 AM
 LOWEST     41          1000 PM
 AVERAGE    66

..........................................................


THE HASTINGS NE CLIMATE NORMALS FOR TODAY
                         NORMAL    RECORD    YEAR
 MAXIMUM TEMPERATURE (F)   75       100      1937
 MINIMUM TEMPERATURE (F)   51        26      1995


SUNRISE AND SUNSET
SEPTEMBER 22 2019.....SUNRISE   721 AM CDT   SUNSET   731 PM CDT
SEPTEMBER 23 2019.....SUNRISE   722 AM CDT   SUNSET   729 PM CDT


-  INDICATES NEGATIVE NUMBERS.
R  INDICATES RECORD WAS SET OR TIED.
MM INDICATES DATA IS MISSING.
T  INDICATES TRACE AMOUNT.




$$

JMBW
