000
CDUS43 KGID 200629
CLIHSI


CLIMATE REPORT
NATIONAL WEATHER SERVICE HASTINGS NE
125 AM CDT FRI APR 20 2018


...................................

...THE HASTINGS NE CLIMATE SUMMARY FOR APRIL 19 2018...

CLIMATE NORMAL PERIOD 1981 TO 2010
CLIMATE RECORD PERIOD 1894 TO 2018


WEATHER ITEM   OBSERVED TIME   RECORD YEAR NORMAL DEPARTURE LAST
                VALUE   (LST)  VALUE       VALUE  FROM      YEAR
                                                  NORMAL
..................................................................
TEMPERATURE (F)
 YESTERDAY
  MAXIMUM         57    426 PM  87    1946  64     -7       77
                                      1921
  MINIMUM         25    545 AM  23    1953  40    -15       50
  AVERAGE         41                        52    -11       64

PRECIPITATION (IN)
  YESTERDAY        0.00          1.46 2011   0.09  -0.09      T
  MONTH TO DATE    0.67                      1.37  -0.70     0.77
  SINCE MAR 1      1.74                      3.16  -1.42     1.85
  SINCE JAN 1      2.76                      4.06  -1.30     2.95

SNOWFALL (IN)
  YESTERDAY        0.0           6.0  1941   0.0    0.0      0.0
  MONTH TO DATE    6.9                       1.0    5.9      0.0
  SINCE MAR 1      7.2                       6.2    1.0      1.2
  SINCE JUL 1     27.1                      28.6   -1.5     10.3
  SNOW DEPTH       0

DEGREE DAYS
 HEATING
  YESTERDAY       24                        13     11        1
  MONTH TO DATE  521                       308    213      197
  SINCE MAR 1   1288                      1085    203      860
  SINCE JUL 1   6006                      5715    291     4790

 COOLING
  YESTERDAY        0                         0      0        0
  MONTH TO DATE    0                         0      0        8
  SINCE MAR 1      0                         0      0        8
  SINCE JAN 1      0                         0      0        8
..................................................................


WIND (MPH)
  HIGHEST WIND SPEED    14   HIGHEST WIND DIRECTION    SE (120)
  HIGHEST GUST SPEED    21   HIGHEST GUST DIRECTION    SE (140)
  AVERAGE WIND SPEED     7.1


SKY COVER
  AVERAGE SKY COVER 0.0


WEATHER CONDITIONS
 THE FOLLOWING WEATHER WAS RECORDED YESTERDAY.
  NO SIGNIFICANT WEATHER WAS OBSERVED.


RELATIVE HUMIDITY (PERCENT)
 HIGHEST    92          1200 AM
 LOWEST     30           500 PM
 AVERAGE    61

..........................................................


THE HASTINGS NE CLIMATE NORMALS FOR TODAY
                         NORMAL    RECORD    YEAR
 MAXIMUM TEMPERATURE (F)   64        89      1987
 MINIMUM TEMPERATURE (F)   40        24      1953


SUNRISE AND SUNSET
APRIL 20 2018.........SUNRISE   648 AM CDT   SUNSET   818 PM CDT
APRIL 21 2018.........SUNRISE   646 AM CDT   SUNSET   819 PM CDT


-  INDICATES NEGATIVE NUMBERS.
R  INDICATES RECORD WAS SET OR TIED.
MM INDICATES DATA IS MISSING.
T  INDICATES TRACE AMOUNT.




$$
