000
CDUS43 KGID 120623
CLIODX


CLIMATE REPORT
NATIONAL WEATHER SERVICE HASTINGS NE
123 AM CDT WED AUG 12 2020


...................................

...THE ORD NE CLIMATE SUMMARY FOR AUGUST 11 2020...

CLIMATE NORMAL PERIOD 1981 TO 2010
CLIMATE RECORD PERIOD 1895 TO 2020


WEATHER ITEM   OBSERVED TIME   NORMAL DEPARTURE LAST
                VALUE   (LST)  VALUE  FROM      YEAR
                                      NORMAL
......................................................
TEMPERATURE (F)
 YESTERDAY
  MAXIMUM         88    407 PM  86      2       84
  MINIMUM         56    446 AM  62     -6       72
  AVERAGE         72            74     -2       78

PRECIPITATION (IN)
  YESTERDAY        0.09          0.11  -0.02     0.06
  MONTH TO DATE    0.15          1.10  -0.95     5.56
  SINCE JUN 1     10.53          8.19   2.34    13.66
  SINCE JAN 1     18.58         16.85   1.73    28.88

DEGREE DAYS
 HEATING
  YESTERDAY        0             0      0        0
  MONTH TO DATE    0             0      0        0
  SINCE JUN 1      6            42    -36       49
  SINCE JUL 1      0             5     -5        0

 COOLING
  YESTERDAY        7             9     -2       13
  MONTH TO DATE   78           106    -28      106
  SINCE JUN 1    676           565    111      564
  SINCE JAN 1    685           606     79      584
......................................................


WIND (MPH)
  HIGHEST WIND SPEED    28   HIGHEST WIND DIRECTION    NW (320)
  HIGHEST GUST SPEED    38   HIGHEST GUST DIRECTION    NW (320)
  AVERAGE WIND SPEED     8.1


SKY COVER
  AVERAGE SKY COVER 0.2


WEATHER CONDITIONS
 THE FOLLOWING WEATHER WAS RECORDED YESTERDAY.
  THUNDERSTORM
  RAIN
  LIGHT RAIN


RELATIVE HUMIDITY (PERCENT)
 HIGHEST    93           100 AM
 LOWEST     50           400 PM
 AVERAGE    72

..........................................................


THE ORD NE CLIMATE NORMALS FOR TODAY
                         NORMAL
 MAXIMUM TEMPERATURE (F)   86
 MINIMUM TEMPERATURE (F)   62


SUNRISE AND SUNSET
AUGUST 12 2020........SUNRISE   642 AM CDT   SUNSET   839 PM CDT
AUGUST 13 2020........SUNRISE   643 AM CDT   SUNSET   837 PM CDT


-  INDICATES NEGATIVE NUMBERS.
R  INDICATES RECORD WAS SET OR TIED.
MM INDICATES DATA IS MISSING.
T  INDICATES TRACE AMOUNT.




$$
