000
CDUS43 KGID 190623
CLIODX


CLIMATE REPORT
NATIONAL WEATHER SERVICE HASTINGS NE
123 AM CDT SAT OCT 19 2019


...................................

...THE ORD NE CLIMATE SUMMARY FOR OCTOBER 18 2019...

CLIMATE NORMAL PERIOD 1981 TO 2010
CLIMATE RECORD PERIOD 1895 TO 2019


WEATHER ITEM   OBSERVED TIME   NORMAL DEPARTURE LAST
                VALUE   (LST)  VALUE  FROM      YEAR
                                      NORMAL
......................................................
TEMPERATURE (F)
 YESTERDAY
  MAXIMUM         70    104 PM  62      8       69
  MINIMUM         46    723 AM  36     10       39
  AVERAGE         58            49      9       54

PRECIPITATION (IN)
  YESTERDAY        T             0.06  -0.06     0.00
  MONTH TO DATE    1.78          1.23   0.55     2.22
  SINCE SEP 1      2.70          3.67  -0.97     3.75
  SINCE JAN 1     35.83         22.58  13.25    27.56

DEGREE DAYS
 HEATING
  YESTERDAY        7            16     -9       11
  MONTH TO DATE  309           236     73      355
  SINCE SEP 1    333           359    -26      477
  SINCE JUL 1    343           373    -30      496

 COOLING
  YESTERDAY        0             0      0        0
  MONTH TO DATE    0             6     -6        0
  SINCE SEP 1    158            87     71      131
  SINCE JAN 1    837           844     -7      917
......................................................


WIND (MPH)
  HIGHEST WIND SPEED    23   HIGHEST WIND DIRECTION    NW (300)
  HIGHEST GUST SPEED    30   HIGHEST GUST DIRECTION    NW (300)
  AVERAGE WIND SPEED    10.0


SKY COVER
  AVERAGE SKY COVER 0.2


WEATHER CONDITIONS
 THE FOLLOWING WEATHER WAS RECORDED YESTERDAY.
  LIGHT RAIN


RELATIVE HUMIDITY (PERCENT)
 HIGHEST    71           300 AM
 LOWEST     37          1200 PM
 AVERAGE    54

..........................................................


THE ORD NE CLIMATE NORMALS FOR TODAY
                         NORMAL
 MAXIMUM TEMPERATURE (F)   61
 MINIMUM TEMPERATURE (F)   35


SUNRISE AND SUNSET
OCTOBER 19 2019.......SUNRISE   752 AM CDT   SUNSET   649 PM CDT
OCTOBER 20 2019.......SUNRISE   753 AM CDT   SUNSET   647 PM CDT


-  INDICATES NEGATIVE NUMBERS.
R  INDICATES RECORD WAS SET OR TIED.
MM INDICATES DATA IS MISSING.
T  INDICATES TRACE AMOUNT.




$$
