000
CDUS43 KGID 222226
CLIODX


CLIMATE REPORT
NATIONAL WEATHER SERVICE HASTINGS NE
526 PM CDT SUN SEP 22 2019


...................................

...THE ORD NE CLIMATE SUMMARY FOR SEPTEMBER 22 2019...
VALID TODAY AS OF 0500 PM LOCAL TIME.

CLIMATE NORMAL PERIOD 1981 TO 2010
CLIMATE RECORD PERIOD 1895 TO 2019


WEATHER ITEM   OBSERVED TIME   NORMAL DEPARTURE LAST
                VALUE   (LST)  VALUE  FROM      YEAR
                                      NORMAL
......................................................
TEMPERATURE (F)
 TODAY
  MAXIMUM         72    344 PM  76     -4       76
  MINIMUM         53    716 AM  46      7       40
  AVERAGE         63            61      2       58

PRECIPITATION (IN)
  TODAY            0.23          0.08   0.15     0.00
  MONTH TO DATE    0.66          1.91  -1.25     1.45
  SINCE SEP 1      0.66          1.91  -1.25     1.45
  SINCE JAN 1     33.79         20.82  12.97    25.26

DEGREE DAYS
 HEATING
  TODAY            2             6     -4        7
  MONTH TO DATE    4            62    -58       21
  SINCE SEP 1      4            62    -58       21
  SINCE JUL 1     14            76    -62       40

 COOLING
  TODAY            0             1     -1        0
  MONTH TO DATE  135            74     61      131
  SINCE SEP 1    135            74     61      131
  SINCE JAN 1    814           831    -17      917
......................................................


WIND (MPH)
  HIGHEST WIND SPEED    16   HIGHEST WIND DIRECTION    NW (320)
  HIGHEST GUST SPEED    24   HIGHEST GUST DIRECTION    NW (300)
  AVERAGE WIND SPEED     9.4


SKY COVER
  AVERAGE SKY COVER 0.5


WEATHER CONDITIONS
 THE FOLLOWING WEATHER WAS RECORDED TODAY.
  LIGHT RAIN
  FOG


RELATIVE HUMIDITY (PERCENT)
 HIGHEST    93           500 AM
 LOWEST     47           200 PM
 AVERAGE    70

..........................................................


THE ORD NE CLIMATE NORMALS FOR TOMORROW
                         NORMAL
 MAXIMUM TEMPERATURE (F)   75
 MINIMUM TEMPERATURE (F)   45


SUNRISE AND SUNSET
SEPTEMBER 22 2019.....SUNRISE   723 AM CDT   SUNSET   733 PM CDT
SEPTEMBER 23 2019.....SUNRISE   724 AM CDT   SUNSET   732 PM CDT


-  INDICATES NEGATIVE NUMBERS.
R  INDICATES RECORD WAS SET OR TIED.
MM INDICATES DATA IS MISSING.
T  INDICATES TRACE AMOUNT.




$$
