562
CDUS43 KGID 192228
CLIGRI


CLIMATE REPORT
NATIONAL WEATHER SERVICE HASTINGS NE
527 PM CDT MON AUG 19 2019


...................................

...THE GRAND ISLAND NE CLIMATE SUMMARY FOR AUGUST 19 2019...
VALID TODAY AS OF 0500 PM LOCAL TIME.

CLIMATE NORMAL PERIOD 1981 TO 2010
CLIMATE RECORD PERIOD 1895 TO 2019


WEATHER ITEM   OBSERVED TIME   RECORD YEAR NORMAL DEPARTURE LAST
                VALUE   (LST)  VALUE       VALUE  FROM      YEAR
                                                  NORMAL
..................................................................
TEMPERATURE (F)
 TODAY
  MAXIMUM         87    357 PM 102    1938  85      2       75
  MINIMUM         61    142 AM  44    1950  62     -1       64
  AVERAGE         74                        74      0       70

PRECIPITATION (IN)
  TODAY            0.00          2.97 1908   0.10  -0.10     1.48
  MONTH TO DATE    6.12                      2.03   4.09     2.42
  SINCE JUN 1     15.43                      9.73   5.70    10.61
  SINCE JAN 1     27.76                     19.68   8.08    18.94

SNOWFALL (IN)
  TODAY            0.0                       0.0    0.0      0.0
  MONTH TO DATE    0.0                       0.0    0.0      0.0
  SINCE JUN 1      0.0                       0.0    0.0      0.0
  SINCE JUL 1      0.0                       0.0    0.0      0.0
  SNOW DEPTH       0

DEGREE DAYS
 HEATING
  TODAY            0                         0      0        0
  MONTH TO DATE    0                         0      0        0
  SINCE JUN 1     14                        26    -12        1
  SINCE JUL 1      0                         2     -2        0

 COOLING
  TODAY            9                         9      0        5
  MONTH TO DATE  189                       191     -2      196
  SINCE JUN 1    810                       753     57      874
  SINCE JAN 1    868                       818     50     1035
..................................................................


WIND (MPH)
  HIGHEST WIND SPEED    16   HIGHEST WIND DIRECTION    SE (150)
  HIGHEST GUST SPEED    22   HIGHEST GUST DIRECTION    SE (150)
  AVERAGE WIND SPEED     7.7


SKY COVER
  POSSIBLE SUNSHINE  MM
  AVERAGE SKY COVER 0.2


WEATHER CONDITIONS
 THE FOLLOWING WEATHER WAS RECORDED TODAY.
  FOG
  HAZE


RELATIVE HUMIDITY (PERCENT)
 HIGHEST    93           100 AM
 LOWEST     68           400 PM
 AVERAGE    81

..........................................................


THE GRAND ISLAND NE CLIMATE NORMALS FOR TOMORROW
                         NORMAL    RECORD    YEAR
 MAXIMUM TEMPERATURE (F)   85       102      1936
                                             1900
                                             1898
 MINIMUM TEMPERATURE (F)   62        40      1950


SUNRISE AND SUNSET
AUGUST 19 2019........SUNRISE   647 AM CDT   SUNSET   826 PM CDT
AUGUST 20 2019........SUNRISE   648 AM CDT   SUNSET   825 PM CDT


-  INDICATES NEGATIVE NUMBERS.
R  INDICATES RECORD WAS SET OR TIED.
MM INDICATES DATA IS MISSING.
T  INDICATES TRACE AMOUNT.




$$
