000
CDUS43 KGID 142227
CLIGRI


CLIMATE REPORT
NATIONAL WEATHER SERVICE HASTINGS NE
526 PM CDT TUE AUG 14 2018


...................................

...THE GRAND ISLAND NE CLIMATE SUMMARY FOR AUGUST 14 2018...
VALID TODAY AS OF 0500 PM LOCAL TIME.

CLIMATE NORMAL PERIOD 1981 TO 2010
CLIMATE RECORD PERIOD 1895 TO 2018


WEATHER ITEM   OBSERVED TIME   RECORD YEAR NORMAL DEPARTURE LAST
                VALUE   (LST)  VALUE       VALUE  FROM      YEAR
                                                  NORMAL
..................................................................
TEMPERATURE (F)
 TODAY
  MAXIMUM         78   1232 PM 104    1913  86     -8       84
  MINIMUM         66    136 PM  46    1929  63      3       65
                                      1920
  AVERAGE         72                        74     -2       75

PRECIPITATION (IN)
  TODAY            0.36          2.02 1982   0.11   0.25      T
  MONTH TO DATE    0.82                      1.52  -0.70     2.09
  SINCE JUN 1      9.01                      9.22  -0.21     7.24
  SINCE JAN 1     17.34                     19.17  -1.83    17.29

SNOWFALL (IN)
  TODAY            0.0                       0.0    0.0      0.0
  MONTH TO DATE    0.0                       0.0    0.0      0.0
  SINCE JUN 1      0.0                       0.0    0.0      0.0
  SINCE JUL 1      0.0                       0.0    0.0      0.0
  SNOW DEPTH       0

DEGREE DAYS
 HEATING
  TODAY            0                         0      0        0
  MONTH TO DATE    0                         0      0        4
  SINCE JUN 1      1                        26    -25        7
  SINCE JUL 1      0                         2     -2        4

 COOLING
  TODAY            7                        10     -3       10
  MONTH TO DATE  158                       145     13       49
  SINCE JUN 1    836                       707    129      743
  SINCE JAN 1    997                       772    225      793
..................................................................


WIND (MPH)
  HIGHEST WIND SPEED    16   HIGHEST WIND DIRECTION     E (90)
  HIGHEST GUST SPEED    22   HIGHEST GUST DIRECTION     E (90)
  AVERAGE WIND SPEED     5.4


SKY COVER
  POSSIBLE SUNSHINE  MM
  AVERAGE SKY COVER 1.0


WEATHER CONDITIONS
 THE FOLLOWING WEATHER WAS RECORDED TODAY.
  HEAVY RAIN
  RAIN
  LIGHT RAIN
  FOG
  HAZE


RELATIVE HUMIDITY (PERCENT)
 HIGHEST    97           400 AM
 LOWEST     82          1200 PM
 AVERAGE    90

..........................................................


THE GRAND ISLAND NE CLIMATE NORMALS FOR TOMORROW
                         NORMAL    RECORD    YEAR
 MAXIMUM TEMPERATURE (F)   86       108      1936
 MINIMUM TEMPERATURE (F)   63        49      1985


SUNRISE AND SUNSET
AUGUST 14 2018........SUNRISE   642 AM CDT   SUNSET   833 PM CDT
AUGUST 15 2018........SUNRISE   643 AM CDT   SUNSET   832 PM CDT


-  INDICATES NEGATIVE NUMBERS.
R  INDICATES RECORD WAS SET OR TIED.
MM INDICATES DATA IS MISSING.
T  INDICATES TRACE AMOUNT.




$$
