000
CDUS43 KGID 180629
CLIGRI

CLIMATE REPORT
NATIONAL WEATHER SERVICE HASTINGS NE
129 AM CDT SUN APR 18 2021

...................................

...THE GRAND ISLAND NE CLIMATE SUMMARY FOR APRIL 17 2021...

CLIMATE NORMAL PERIOD 1981 TO 2010
CLIMATE RECORD PERIOD 1895 TO 2021


WEATHER ITEM   OBSERVED TIME   RECORD YEAR NORMAL DEPARTURE LAST
                VALUE   (LST)  VALUE       VALUE  FROM      YEAR
                                                  NORMAL
...................................................................
TEMPERATURE (F)
 YESTERDAY
  MAXIMUM         52    450 PM  92    1985  64    -12       52
  MINIMUM         39   1159 PM  22    1907  38      1       23
  AVERAGE         46                        51     -5       38

PRECIPITATION (IN)
  YESTERDAY        0.02          1.71 2016   0.09  -0.07     0.00
  MONTH TO DATE    0.88                      1.26  -0.38     0.41
  SINCE MAR 1      9.53                      3.06   6.47     3.27
  SINCE JAN 1     11.65                      4.27   7.38     4.56

SNOWFALL (IN)
  YESTERDAY        0.0           5.0  1944   0.1   -0.1      0.0
  MONTH TO DATE    0.0                       1.2   -1.2      3.9
  SINCE MAR 1      0.0                       6.6   -6.6      8.4
  SINCE JUL 1     39.5                      28.7   10.8     31.3
  6 AM SNOW DEPTH  0

DEGREE DAYS
 HEATING
  YESTERDAY       19                        14      5       27
  MONTH TO DATE  251                       289    -38      365
  SINCE MAR 1    834                      1085   -251     1039
  SINCE JUL 1   5428                      5846   -418     5522

 COOLING
  YESTERDAY        0                         0      0        0
  MONTH TO DATE    8                         0      8        0
  SINCE MAR 1      8                         0      8        0
  SINCE JAN 1      8                         0      8        0
...................................................................


WIND (MPH)
  HIGHEST WIND SPEED    20   HIGHEST WIND DIRECTION     N (340)
  HIGHEST GUST SPEED    26   HIGHEST GUST DIRECTION     N (350)
  AVERAGE WIND SPEED    11.5


SKY COVER
  AVERAGE SKY COVER 1.0


WEATHER CONDITIONS
THE FOLLOWING WEATHER WAS RECORDED YESTERDAY.
  LIGHT RAIN
  FOG


RELATIVE HUMIDITY (PERCENT)
 HIGHEST    89           400 AM
 LOWEST     54           500 PM
 AVERAGE    72

..........................................................


THE GRAND ISLAND NE CLIMATE NORMALS FOR TODAY
                         NORMAL    RECORD    YEAR
 MAXIMUM TEMPERATURE (F)   64        93      1985
                                             1994
 MINIMUM TEMPERATURE (F)   39        17      1953


SUNRISE AND SUNSET
APRIL 18 2021.........SUNRISE   649 AM CDT   SUNSET   817 PM CDT
APRIL 19 2021.........SUNRISE   648 AM CDT   SUNSET   818 PM CDT


-  INDICATES NEGATIVE NUMBERS.
R  INDICATES RECORD WAS SET OR TIED.
MM INDICATES DATA IS MISSING.
T  INDICATES TRACE AMOUNT.




$$

ROSSI
