000
CDUS43 KGID 270622
CLIGRI

CLIMATE REPORT
NATIONAL WEATHER SERVICE HASTINGS NE
122 AM CDT FRI MAY 27 2022

...................................

...THE GRAND ISLAND NE CLIMATE SUMMARY FOR MAY 26 2022...

CLIMATE NORMAL PERIOD 1991 TO 2020
CLIMATE RECORD PERIOD 1895 TO 2022


WEATHER ITEM   OBSERVED TIME   RECORD YEAR NORMAL DEPARTURE LAST
                VALUE   (LST)  VALUE       VALUE  FROM      YEAR
                                                  NORMAL
...................................................................
TEMPERATURE (F)
 YESTERDAY
  MAXIMUM         77    501 PM 100    2012  78     -1       86
                                      2018
  MINIMUM         49    622 AM  34    1901  55     -6       52
  AVERAGE         63                        66     -3       69

PRECIPITATION (IN)
  YESTERDAY        0.00          2.56 1996   0.17  -0.17     0.49
  MONTH TO DATE    2.45                      3.85  -1.40     2.06
  SINCE MAR 1      5.06                      7.76  -2.70    12.14
  SINCE JAN 1      5.23                      9.11  -3.88    14.26

SNOWFALL (IN)
  YESTERDAY        0.0           T    1953   0.0    0.0      0.0
  MONTH TO DATE    1.2                       0.0    1.2      0.0
  SINCE MAR 1      6.5                       5.4    1.1      0.2
  SINCE JUL 1     12.1                      27.7  -15.6     39.7
  SNOW DEPTH       0

DEGREE DAYS
 HEATING
  YESTERDAY        2                         3     -1        0
  MONTH TO DATE  156                       159     -3      132
  SINCE MAR 1   1358                      1344     14     1135
  SINCE JUL 1   5290                      5898   -608     5729

 COOLING
  YESTERDAY        0                         4     -4        4
  MONTH TO DATE   66                        50     16       68
  SINCE MAR 1     85                        61     24       88
  SINCE JAN 1     85                        61     24       88
...................................................................


WIND (MPH)
  HIGHEST WIND SPEED    24   HIGHEST WIND DIRECTION     N (350)
  HIGHEST GUST SPEED    31   HIGHEST GUST DIRECTION     N (340)
  AVERAGE WIND SPEED    12.0


SKY COVER
  AVERAGE SKY COVER 0.4


WEATHER CONDITIONS
THE FOLLOWING WEATHER WAS RECORDED YESTERDAY.
  NO SIGNIFICANT WEATHER WAS OBSERVED.


RELATIVE HUMIDITY (PERCENT)
 HIGHEST    83           400 AM
 LOWEST     31           400 PM
 AVERAGE    57

..........................................................


THE GRAND ISLAND NE CLIMATE NORMALS FOR TODAY
                         NORMAL    RECORD    YEAR
 MAXIMUM TEMPERATURE (F)   78        98      2018
 MINIMUM TEMPERATURE (F)   55        37      1906
                                             1918


SUNRISE AND SUNSET
MAY 27 2022...........SUNRISE   606 AM CDT   SUNSET   855 PM CDT
MAY 28 2022...........SUNRISE   606 AM CDT   SUNSET   856 PM CDT


-  INDICATES NEGATIVE NUMBERS.
R  INDICATES RECORD WAS SET OR TIED.
MM INDICATES DATA IS MISSING.
T  INDICATES TRACE AMOUNT.




$$
