869
CDUS43 KGID 180629
CLIODX

CLIMATE REPORT
NATIONAL WEATHER SERVICE HASTINGS NE
129 AM CDT SUN APR 18 2021

...................................

...THE ORD NE CLIMATE SUMMARY FOR APRIL 17 2021...

CLIMATE NORMAL PERIOD 1981 TO 2010
CLIMATE RECORD PERIOD 1895 TO 2021


WEATHER ITEM   OBSERVED TIME   NORMAL DEPARTURE LAST
                VALUE   (LST)  VALUE  FROM      YEAR
                                      NORMAL
.......................................................
TEMPERATURE (F)
 YESTERDAY
  MAXIMUM         50    239 PM  62    -12       50
  MINIMUM         31   1151 PM  36     -5       12
  AVERAGE         41            49     -8       31

PRECIPITATION (IN)
  YESTERDAY        0.01          0.09  -0.08     0.00
  MONTH TO DATE    0.58          1.26  -0.68     0.54
  SINCE MAR 1      5.13          2.71   2.42     2.84
  SINCE JAN 1      6.48          3.52   2.96     3.75

DEGREE DAYS
 HEATING
  YESTERDAY       24            16      8       34
  MONTH TO DATE  320           312      8      442
  SINCE MAR 1   1012          1158   -146     1184
  SINCE JUL 1   6043          6175   -132     6166

 COOLING
  YESTERDAY        0             0      0        0
  MONTH TO DATE    1             0      1        0
  SINCE MAR 1      1             0      1        0
  SINCE JAN 1      1             0      1        0
.......................................................


WIND (MPH)
  HIGHEST WIND SPEED    20   HIGHEST WIND DIRECTION     N (360)
  HIGHEST GUST SPEED    32   HIGHEST GUST DIRECTION     N (340)
  AVERAGE WIND SPEED     9.8


SKY COVER
  AVERAGE SKY COVER 1.0


WEATHER CONDITIONS
THE FOLLOWING WEATHER WAS RECORDED YESTERDAY.
  LIGHT RAIN


RELATIVE HUMIDITY (PERCENT)
 HIGHEST    89           700 AM
 LOWEST     56           300 PM
 AVERAGE    73

..........................................................


THE ORD NE CLIMATE NORMALS FOR TODAY
                         NORMAL    RECORD
 MAXIMUM TEMPERATURE (F)   62        MM
 MINIMUM TEMPERATURE (F)   37        MM


SUNRISE AND SUNSET
APRIL 18 2021.........SUNRISE   651 AM CDT   SUNSET   820 PM CDT
APRIL 19 2021.........SUNRISE   649 AM CDT   SUNSET   821 PM CDT


-  INDICATES NEGATIVE NUMBERS.
R  INDICATES RECORD WAS SET OR TIED.
MM INDICATES DATA IS MISSING.
T  INDICATES TRACE AMOUNT.




$$

ROSSI
