000
CDUS43 KGID 240654
CLIODX


CLIMATE REPORT
NATIONAL WEATHER SERVICE HASTINGS NE
152 AM CDT SAT AUG 24 2019


...................................

...THE ORD NE CLIMATE SUMMARY FOR AUGUST 23 2019...

CLIMATE NORMAL PERIOD 1981 TO 2010
CLIMATE RECORD PERIOD 1895 TO 2019


WEATHER ITEM   OBSERVED TIME   NORMAL DEPARTURE LAST
                VALUE   (LST)  VALUE  FROM      YEAR
                                      NORMAL
......................................................
TEMPERATURE (F)
 YESTERDAY
  MAXIMUM         79    317 PM  85     -6       71
  MINIMUM         66    641 AM  59      7       64
  AVERAGE         73            72      1       68

PRECIPITATION (IN)
  YESTERDAY        0.03          0.11  -0.08     0.00
  MONTH TO DATE    8.06          2.44   5.62     2.31
  SINCE JUN 1     16.16          9.53   6.63    15.72
  SINCE JAN 1     31.38         18.19  13.19    23.55

DEGREE DAYS
 HEATING
  YESTERDAY        0             0      0        0
  MONTH TO DATE    1             0      1       10
  SINCE JUN 1     50            42      8       15
  SINCE JUL 1      1             5     -4       12

 COOLING
  YESTERDAY        8             7      1        3
  MONTH TO DATE  183           206    -23      152
  SINCE JUN 1    641           665    -24      642
  SINCE JAN 1    661           706    -45      738
......................................................


WIND (MPH)
  HIGHEST WIND SPEED    17   HIGHEST WIND DIRECTION    SE (120)
  HIGHEST GUST SPEED    26   HIGHEST GUST DIRECTION     S (170)
  AVERAGE WIND SPEED    10.1


SKY COVER
  AVERAGE SKY COVER 0.8


WEATHER CONDITIONS
 THE FOLLOWING WEATHER WAS RECORDED YESTERDAY.
  LIGHT RAIN
  FOG


RELATIVE HUMIDITY (PERCENT)
 HIGHEST   100           800 AM
 LOWEST     71           300 PM
 AVERAGE    86

..........................................................


THE ORD NE CLIMATE NORMALS FOR TODAY
                         NORMAL
 MAXIMUM TEMPERATURE (F)   85
 MINIMUM TEMPERATURE (F)   59


SUNRISE AND SUNSET
AUGUST 24 2019........SUNRISE   653 AM CDT   SUNSET   822 PM CDT
AUGUST 25 2019........SUNRISE   654 AM CDT   SUNSET   821 PM CDT


-  INDICATES NEGATIVE NUMBERS.
R  INDICATES RECORD WAS SET OR TIED.
MM INDICATES DATA IS MISSING.
T  INDICATES TRACE AMOUNT.




$$
