000
CDUS43 KGID 270622
CLIODX

CLIMATE REPORT
NATIONAL WEATHER SERVICE HASTINGS NE
122 AM CDT FRI MAY 27 2022

...................................

...THE ORD NE CLIMATE SUMMARY FOR MAY 26 2022...

CLIMATE NORMAL PERIOD 1991 TO 2020
CLIMATE RECORD PERIOD 1895 TO 2022


WEATHER ITEM   OBSERVED TIME   NORMAL DEPARTURE LAST
                VALUE   (LST)  VALUE  FROM      YEAR
                                      NORMAL
.......................................................
TEMPERATURE (F)
 YESTERDAY
  MAXIMUM         77    559 PM  75      2       76
  MINIMUM         39    541 AM  51    -12       49
  AVERAGE         58            63     -5       63

PRECIPITATION (IN)
  YESTERDAY        0.00          0.14  -0.14     0.28
  MONTH TO DATE    2.51          2.98  -0.47     2.24
  SINCE MAR 1      4.07          7.11  -3.04     8.21
  SINCE JAN 1      4.17          7.98  -3.81     9.56

DEGREE DAYS
 HEATING
  YESTERDAY        7             4      3        2
  MONTH TO DATE  208           217     -9      184
  SINCE MAR 1   1598          1570     28     1417
  SINCE JUL 1   6042          6587   -545     6448

 COOLING
  YESTERDAY        0             2     -2        0
  MONTH TO DATE   41            28     13       34
  SINCE MAR 1     51            30     21       35
  SINCE JAN 1     51            30     21       35
.......................................................


WIND (MPH)
  HIGHEST WIND SPEED    17   HIGHEST WIND DIRECTION     N (350)
  HIGHEST GUST SPEED    23   HIGHEST GUST DIRECTION     N (360)
  AVERAGE WIND SPEED     7.2


SKY COVER
  AVERAGE SKY COVER 0.0


WEATHER CONDITIONS
THE FOLLOWING WEATHER WAS RECORDED YESTERDAY.
  NO SIGNIFICANT WEATHER WAS OBSERVED.


RELATIVE HUMIDITY (PERCENT)
 HIGHEST    96           400 AM
 LOWEST     33           400 PM
 AVERAGE    65

..........................................................


THE ORD NE CLIMATE NORMALS FOR TODAY
                         NORMAL    RECORD
 MAXIMUM TEMPERATURE (F)   76        MM
 MINIMUM TEMPERATURE (F)   51        MM


SUNRISE AND SUNSET
MAY 27 2022...........SUNRISE   607 AM CDT   SUNSET   900 PM CDT
MAY 28 2022...........SUNRISE   606 AM CDT   SUNSET   901 PM CDT


-  INDICATES NEGATIVE NUMBERS.
R  INDICATES RECORD WAS SET OR TIED.
MM INDICATES DATA IS MISSING.
T  INDICATES TRACE AMOUNT.




$$
