203
CDUS43 KGID 150644
CLIODX


CLIMATE REPORT
NATIONAL WEATHER SERVICE HASTINGS NE
140 AM CDT MON OCT 15 2018


...................................

...THE ORD NE CLIMATE SUMMARY FOR OCTOBER 14 2018...

CLIMATE NORMAL PERIOD 1981 TO 2010
CLIMATE RECORD PERIOD 1895 TO 2018


WEATHER ITEM   OBSERVED TIME   NORMAL DEPARTURE LAST
                VALUE   (LST)  VALUE  FROM      YEAR
                                      NORMAL
......................................................
TEMPERATURE (F)
 YESTERDAY
  MAXIMUM         38   1212 AM  64    -26       56
  MINIMUM         29   1159 PM  37     -8       40
  AVERAGE         34            50    -16       48

PRECIPITATION (IN)
  YESTERDAY        0.04          0.06  -0.02     0.01
  MONTH TO DATE    2.22          0.95   1.27     5.32
  SINCE SEP 1      3.75          3.39   0.36     8.21
  SINCE JAN 1     27.56         22.30   5.26    28.38

DEGREE DAYS
 HEATING
  YESTERDAY       31            15     16       17
  MONTH TO DATE  279           173    106      149
  SINCE SEP 1    401           296    105      249
  SINCE JUL 1    420           310    110      257

 COOLING
  YESTERDAY        0             0      0        0
  MONTH TO DATE    0             6     -6        1
  SINCE SEP 1    131            87     44       96
  SINCE JAN 1    917           844     73      840
......................................................


WIND (MPH)
  HIGHEST WIND SPEED    25   HIGHEST WIND DIRECTION     N (350)
  HIGHEST GUST SPEED    35   HIGHEST GUST DIRECTION     N (360)
  AVERAGE WIND SPEED    14.7


SKY COVER
  AVERAGE SKY COVER 0.9


WEATHER CONDITIONS
 THE FOLLOWING WEATHER WAS RECORDED YESTERDAY.
  LIGHT RAIN
  LIGHT SNOW
  FOG


RELATIVE HUMIDITY (PERCENT)
 HIGHEST    92           300 AM
 LOWEST     66           200 PM
 AVERAGE    79

..........................................................


THE ORD NE CLIMATE NORMALS FOR TODAY
                         NORMAL
 MAXIMUM TEMPERATURE (F)   63
 MINIMUM TEMPERATURE (F)   37


SUNRISE AND SUNSET
OCTOBER 15 2018.......SUNRISE   748 AM CDT   SUNSET   654 PM CDT
OCTOBER 16 2018.......SUNRISE   749 AM CDT   SUNSET   653 PM CDT


-  INDICATES NEGATIVE NUMBERS.
R  INDICATES RECORD WAS SET OR TIED.
MM INDICATES DATA IS MISSING.
T  INDICATES TRACE AMOUNT.




$$
