066
CXUS55 KOHX 011010
CF6BNA
PRELIMINARY LOCAL CLIMATOLOGICAL DATA (WS FORM: F-6)
STATION: NASHVILLE
MONTH: MAY
YEAR: 2020
LATITUDE: 36 7 N
LONGITUDE: 86 41 W
TEMPERATURE IN F: :PCPN: SNOW: WIND :SUNSHINE: SKY :PK WND
================================================================================
1 2 3 4 5 6A 6B 7 8 9 10 11 12 13 14 15 16 17 18
12Z AVG MX 2MIN
DY MAX MIN AVG DEP HDD CDD WTR SNW DPTH SPD SPD DIR MIN PSBL S-S WX SPD DR
================================================================================
1 79 43 61 -3 4 0 0.00 0.0 0 4.4 13 340 M M 2 20 330
2 85 54 70 6 0 5 0.00 0.0 0 7.9 20 190 M M 1 26 190
3 85 61 73 9 0 8 0.41 0.0 0 8.0 39 270 M M 6 138 72 270
4 80 61 71 7 0 6 0.37 0.0 0 7.1 31 130 M M 9 13 47 140
5 73 51 62 -2 3 0 0.01 0.0 0 7.7 21 330 M M 6 1 29 290
6 62 48 55 -10 10 0 0.02 0.0 0 9.2 20 350 M M 5 1 33 340
7 72 44 58 -7 7 0 0.00 0.0 0 5.9 14 320 M M 2 20 330
8 59 44 52 -13 13 0 0.30 0.0 0 8.5 24 360 M M 7 1 32 330
9 64 35 50 -16 15 0 0.00 0.0 0 3.3 16 330 M M 2 26 40
10 73 38 56 -10 9 0 0.00 0.0 0 7.4 26 340 M M 3 34 350
11 66 40 53 -13 12 0 0.00 0.0 0 6.1 17 330 M M 3 26 350
12 63 48 56 -10 9 0 0.06 0.0 0 3.4 9 50 M M 9 12 200
13 70 53 62 -5 3 0 0.07 0.0 0 5.1 12 140 M M 6 15 130
14 86 55 71 4 0 6 0.00 0.0 0 10.5 22 180 M M 4 32 210
15 84 66 75 8 0 10 0.00 0.0 0 9.9 24 200 M M 7 36 190
16 87 66 77 9 0 12 0.00 0.0 0 6.2 15 170 M M 7 22 200
17 82 66 74 6 0 9 0.01 0.0 0 10.7 25 170 M M 9 34 180
18 76 59 68 0 0 3 0.02 0.0 0 8.5 16 190 M M 7 23 190
19 73 56 65 -3 0 0 0.16 0.0 0 3.5 16 260 M M 7 1 22 260
20 72 54 63 -5 2 0 0.03 0.0 0 5.1 14 50 M M 7 12 18 50
21 76 58 67 -2 0 2 0.01 0.0 0 4.2 13 360 M M 8 18 170
22 79 62 71 2 0 6 0.27 0.0 0 4.8 15 190 M M 8 13 20 190
23 87 62 75 6 0 10 0.00 0.0 0 6.8 16 190 M M 5 1 24 180
24 88 68 78 8 0 13 T 0.0 0 3.6 15 200 M M 6 3 19 200
25 91 66 79 9 0 14 0.14 0.0 0 6.9 26 190 M M 4 13 39 200
26 84 67 76 6 0 11 0.09 0.0 0 6.4 20 90 M M 6 1 25 90
27 77 66 72 2 0 7 0.60 0.0 0 7.4 15 140 M M 10 1 24 140
28 84 62 73 2 0 8 0.13 0.0 0 6.8 20 200 M M 7 27 180
29 83 63 73 2 0 8 T 0.0 0 6.4 18 200 M M 6 25 190
30 83 61 72 1 0 7 0.00 0.0 0 6.6 16 10 M M 3 27 340
31 81 58 70 -2 0 5 0.00 0.0 0 9.1 21 10 M M 2 29 40
================================================================================
SM 2404 1735 87 150 2.70 0.0 207.4 M 174
================================================================================
AV 77.6 56.0 6.7 FASTST M M 6 MAX(MPH)
MISC ----> # 39 270 # 72 270
================================================================================
NOTES:
# LAST OF SEVERAL OCCURRENCES
COLUMN 17 PEAK WIND IN M.P.H.
PRELIMINARY LOCAL CLIMATOLOGICAL DATA (WS FORM: F-6) , PAGE 2
STATION: NASHVILLE
MONTH: MAY
YEAR: 2020
LATITUDE: 36 7 N
LONGITUDE: 86 41 W
[TEMPERATURE DATA] [PRECIPITATION DATA] SYMBOLS USED IN COLUMN 16
AVERAGE MONTHLY: 66.8 TOTAL FOR MONTH: 2.70 1 = FOG OR MIST
DPTR FM NORMAL: -0.7 DPTR FM NORMAL: -2.80 2 = FOG REDUCING VISIBILITY
HIGHEST: 91 ON 25 GRTST 24HR 0.60 ON 27-27 TO 1/4 MILE OR LESS
LOWEST: 35 ON 9 3 = THUNDER
SNOW, ICE PELLETS, HAIL 4 = ICE PELLETS
TOTAL MONTH: 0.0 INCH 5 = HAIL
GRTST 24HR 0.0 6 = FREEZING RAIN OR DRIZZLE
GRTST DEPTH: 0 7 = DUSTSTORM OR SANDSTORM:
VSBY 1/2 MILE OR LESS
8 = SMOKE OR HAZE
[NO. OF DAYS WITH] [WEATHER - DAYS WITH] 9 = BLOWING SNOW
X = TORNADO
MAX 32 OR BELOW: 0 0.01 INCH OR MORE: 17
MAX 90 OR ABOVE: 1 0.10 INCH OR MORE: 8
MIN 32 OR BELOW: 0 0.50 INCH OR MORE: 1
MIN 0 OR BELOW: 0 1.00 INCH OR MORE: 0
[HDD (BASE 65) ]
TOTAL THIS MO. 87 CLEAR (SCALE 0-3) 8
DPTR FM NORMAL 30 PTCLDY (SCALE 4-7) 17
TOTAL FM JUL 1 3000 CLOUDY (SCALE 8-10) 6
DPTR FM NORMAL -685
[CDD (BASE 65) ]
TOTAL THIS MO. 150
DPTR FM NORMAL 16 [PRESSURE DATA]
TOTAL FM JAN 1 199 HIGHEST SLP 30.32 ON 12
DPTR FM NORMAL 20 LOWEST SLP 29.71 ON 5
[REMARKS]
#FINAL-05-20#