000
CXUS54 KBRO 010900
CF6BRO
PRELIMINARY LOCAL CLIMATOLOGICAL DATA (WS FORM: F-6)
STATION: BROWNSVILLE
MONTH: JUNE
YEAR: 2020
LATITUDE: 25 53 N
LONGITUDE: 97 26 W
TEMPERATURE IN F: :PCPN: SNOW: WIND :SUNSHINE: SKY :PK WND
================================================================================
1 2 3 4 5 6A 6B 7 8 9 10 11 12 13 14 15 16 17 18
12Z AVG MX 2MIN
DY MAX MIN AVG DEP HDD CDD WTR SNW DPTH SPD SPD DIR MIN PSBL S-S WX SPD DR
================================================================================
1 90 75 83 0 0 18 1.12 0.0 0 6.5 20 140 M M 6 13 25 50
2 90 74 82 -1 0 17 T 0.0 0 7.8 18 80 M M 5 24 80
3 90 75 83 0 0 18 0.08 0.0 0 5.1 14 110 M M 3 1 16 130
4 92 76 84 1 0 19 T 0.0 0 7.3 18 110 M M 2 24 100
5 92 76 84 1 0 19 0.00 0.0 0 7.0 17 90 M M 1 22 70
6 92 76 84 1 0 19 0.00 0.0 0 7.2 20 50 M M 2 25 30
7 97 74 86 2 0 21 0.00 0.0 0 6.4 15 100 M M 1 20 110
8 95 77 86 2 0 21 0.00 0.0 0 11.8 22 150 M M 0 30 140
9 95 80 88 4 0 23 0.00 0.0 0 9.7 20 130 M M 4 24 150
10 95 81 88 4 0 23 T 0.0 0 8.3 17 50 M M 2 3 22 60
11 93 75 84 0 0 19 T 0.0 0 8.8 20 50 M M 3 26 60
12 91 70 81 -3 0 16 0.00 0.0 0 8.7 22 50 M M 1 26 60
13 92 69 81 -3 0 16 0.00 0.0 0 7.1 17 60 M M 2 22 60
14 93 67 80 -4 0 15 0.00 0.0 0 5.3 16 80 M M 1 22 80
15 92 72 82 -2 0 17 0.18 0.0 0 6.9 20 90 M M 2 25 80
16 93 76 85 1 0 20 0.16 0.0 0 9.2 24 130 M M 2 30 130
17 89 76 83 -1 0 18 0.27 0.0 0 9.6 18 140 M M 2 138 24 110
18 93 77 85 1 0 20 0.00 0.0 0 11.9 23 150 M M 4 3 27 140
19 89 78 84 0 0 19 0.96 0.0 0 10.8 28 230 M M 4 138 32 220
20 92 78 85 1 0 20 0.30 0.0 0 11.6 22 140 M M 3 27 120
21 92 78 85 1 0 20 1.01 0.0 0 12.7 26 190 M M 2 138 36 180
22 94 82 88 4 0 23 0.06 0.0 0 16.5 28 180 M M 3 34 180
23 94 78 86 2 0 21 0.21 0.0 0 11.0 22 90 M M 4 38 28 160
24 95 77 86 2 0 21 0.00 0.0 0 9.2 21 150 M M 2 27 180
25 85 75 80 -4 0 15 1.13 0.0 0 6.5 17 130 M M 4 3 22 130
26 86 77 82 -2 0 17 0.18 0.0 0 10.6 25 190 M M 9 138 31 180
27 90 79 85 1 0 20 0.00 0.0 0 12.7 24 150 M M 8 8 30 150
28 89 79 84 0 0 19 0.00 0.0 0 18.2 30 160 M M 5 36 160
29 93 79 86 2 0 21 0.00 0.0 0 19.5 32 160 M M 3 41 170
30 93 79 86 2 0 21 T 0.0 0 15.1 28 160 M M 5 34 180
================================================================================
SM 2756 2285 0 576 5.66 0.0 299.0 M 95
================================================================================
AV 91.9 76.2 10.0 FASTST M M 3 MAX(MPH)
MISC ----> # 32 160 # 41 170
================================================================================
NOTES:
# LAST OF SEVERAL OCCURRENCES
COLUMN 17 PEAK WIND IN M.P.H.
PRELIMINARY LOCAL CLIMATOLOGICAL DATA (WS FORM: F-6) , PAGE 2
STATION: BROWNSVILLE
MONTH: JUNE
YEAR: 2020
LATITUDE: 25 53 N
LONGITUDE: 97 26 W
[TEMPERATURE DATA] [PRECIPITATION DATA] SYMBOLS USED IN COLUMN 16
AVERAGE MONTHLY: 84.0 TOTAL FOR MONTH: 5.66 1 = FOG OR MIST
DPTR FM NORMAL: 0.1 DPTR FM NORMAL: 3.09 2 = FOG REDUCING VISIBILITY
HIGHEST: 97 ON 7 GRTST 24HR 1.13 ON 25-25 TO 1/4 MILE OR LESS
LOWEST: 67 ON 14 3 = THUNDER
SNOW, ICE PELLETS, HAIL 4 = ICE PELLETS
TOTAL MONTH: 0.0 INCH 5 = HAIL
GRTST 24HR 0.0 6 = FREEZING RAIN OR DRIZZLE
GRTST DEPTH: 0 7 = DUSTSTORM OR SANDSTORM:
VSBY 1/2 MILE OR LESS
8 = SMOKE OR HAZE
[NO. OF DAYS WITH] [WEATHER - DAYS WITH] 9 = BLOWING SNOW
X = TORNADO
MAX 32 OR BELOW: 0 0.01 INCH OR MORE: 12
MAX 90 OR ABOVE: 25 0.10 INCH OR MORE: 10
MIN 32 OR BELOW: 0 0.50 INCH OR MORE: 4
MIN 0 OR BELOW: 0 1.00 INCH OR MORE: 3
[HDD (BASE 65) ]
TOTAL THIS MO. 0 CLEAR (SCALE 0-3) 17
DPTR FM NORMAL 0 PTCLDY (SCALE 4-7) 12
TOTAL FM JUL 1 317 CLOUDY (SCALE 8-10) 1
DPTR FM NORMAL -237
[CDD (BASE 65) ]
TOTAL THIS MO. 576
DPTR FM NORMAL 9 [PRESSURE DATA]
TOTAL FM JAN 1 2201 HIGHEST SLP 30.18 ON 12
DPTR FM NORMAL 541 LOWEST SLP 29.63 ON 8
[REMARKS]
#FINAL-06-20#