000
CXUS55 KABQ 011544
CF6CAO
PRELIMINARY LOCAL CLIMATOLOGICAL DATA (WS FORM: F-6)
STATION: CLAYTON NM
MONTH: FEBRUARY
YEAR: 2022
LATITUDE: 36 27 N
LONGITUDE: 103 9 W
TEMPERATURE IN F: :PCPN: SNOW: WIND :SUNSHINE: SKY :PK WND
================================================================================
1 2 3 4 5 6A 6B 7 8 9 10 11 12 13 14 15 16 17 18
12Z AVG MX 2MIN
DY MAX MIN AVG DEP HDD CDD WTR SNW DPTH SPD SPD DIR MIN PSBL S-S WX SPD DR
================================================================================
1 44 23 34 -2 31 0 0.00 0.0 0 17.3 32 10 M M 2 40 10
2 23 3 13 -23 52 0 0.13 2.7 0 21.1 29 10 M M 10 1 36 10
3 15 -2 7 -29 58 0 0.01 0.1 2 10.9 22 20 M M 5 18 28 20
4 37 3 20 -16 45 0 0.00 0.0 2 10.8 21 260 M M 0 29 260
5 56 20 38 2 27 0 0.00 0.0 1 11.2 20 20 M M 0 26 250
6 41 22 32 -4 33 0 0.00 0.0 0 15.8 30 360 M M 2 39 360
7 52 20 36 0 29 0 0.00 0.0 0 9.9 17 250 M M 0 22 250
8 60 27 44 8 21 0 0.00 0.0 0 16.1 32 10 M M 0 41 10
9 54 27 41 5 24 0 0.00 0.0 0 10.4 21 20 M M 0 27 360
10 57 28 43 6 22 0 0.00 0.0 0 12.6 24 210 M M 1 32 220
11 50 28 39 2 26 0 0.03 0.3 0 19.4 39 20 M M 3 1 53 10
12 36 13 25 -12 40 0 0.08 1.5 2 11.5 32 30 M M 3 1 39 30
13 52 19 36 -1 29 0 0.00 0.0 0 11.0 23 210 M M 0 32 210
14 59 29 44 7 21 0 0.00 0.0 0 10.2 21 150 M M 0 29 150
15 68 35 52 15 13 0 0.00 0.0 0 15.9 32 200 M M 0 44 200
16 62 25 44 7 21 0 0.00 0.0 0 19.0 36 20 M M 2 1 51 20
17 32 14 23 -15 42 0 T 0.3 0 18.4 37 360 M M 4 1 45 10
18 51 20 36 -2 29 0 0.00 0.0 0 10.0 18 260 M M 0 27 250
19 57 20 39 1 26 0 0.00 0.0 0 16.2 38 200 M M 0 49 190
20 67 31 49 11 16 0 0.00 0.0 0 11.2 20 360 M M 0 27 250
21 65 14 40 2 25 0 0.00 0.0 0 18.5 36 210 M M 0 48 210
22 25 3 14 -25 51 0 0.00 0.0 0 14.7 23 40 M M 0 30 20
23 19 -5 7 -32 58 0 0.00 0.0 0 8.0 15 160 M M 1 22 150
24 42 1 22 -17 43 0 0.00 0.0 0 11.0 29 210 M M 2 37 220
25 40 6 23 -16 42 0 T T 0 11.5 29 190 M M 1 1 37 180
26 47 5 26 -14 39 0 0.00 0.0 0 8.2 18 360 M M 0 25 40
27 58 18 38 -2 27 0 0.00 0.0 0 11.6 21 250 M M 0 29 240
28 61 31 46 6 19 0 0.00 0.0 0 9.3 17 20 M M 0 23 30
================================================================================
SM 1330 478 909 0 0.25 4.9 371.7 M 36
================================================================================
AV 47.5 17.1 13.3 FASTST M M 1 MAX(MPH)
MISC ----> 39 20 53 10
================================================================================
NOTES:
# LAST OF SEVERAL OCCURRENCES
COLUMN 17 PEAK WIND IN M.P.H.
PRELIMINARY LOCAL CLIMATOLOGICAL DATA (WS FORM: F-6) , PAGE 2
STATION: CLAYTON NM
MONTH: FEBRUARY
YEAR: 2022
LATITUDE: 36 27 N
LONGITUDE: 103 9 W
[TEMPERATURE DATA] [PRECIPITATION DATA] SYMBOLS USED IN COLUMN 16
AVERAGE MONTHLY: 32.3 TOTAL FOR MONTH: 0.25 1 = FOG OR MIST
DPTR FM NORMAL: -5.2 DPTR FM NORMAL: -0.05 2 = FOG REDUCING VISIBILITY
HIGHEST: 68 ON 15 GRTST 24HR 0.13 ON 2- 2 TO 1/4 MILE OR LESS
LOWEST: -5 ON 23 3 = THUNDER
SNOW, ICE PELLETS, HAIL 4 = ICE PELLETS
TOTAL MONTH: 4.9 INCHES 5 = HAIL
GRTST 24HR 2.7 ON 2- 2 6 = FREEZING RAIN OR DRIZZLE
GRTST DEPTH: 2 ON 12, 4 7 = DUSTSTORM OR SANDSTORM:
VSBY 1/2 MILE OR LESS
8 = SMOKE OR HAZE
[NO. OF DAYS WITH] [WEATHER - DAYS WITH] 9 = BLOWING SNOW
X = TORNADO
MAX 32 OR BELOW: 5 0.01 INCH OR MORE: 4
MAX 90 OR ABOVE: 0 0.10 INCH OR MORE: 1
MIN 32 OR BELOW: 27 0.50 INCH OR MORE: 0
MIN 0 OR BELOW: 2 1.00 INCH OR MORE: 0
[HDD (BASE 65) ]
TOTAL THIS MO. 909 CLEAR (SCALE 0-3) 25
DPTR FM NORMAL 139 PTCLDY (SCALE 4-7) 2
TOTAL FM JUL 1 3233 CLOUDY (SCALE 8-10) 1
DPTR FM NORMAL -419
[CDD (BASE 65) ]
TOTAL THIS MO. 0
DPTR FM NORMAL 0 [PRESSURE DATA]
TOTAL FM JAN 1 0 HIGHEST SLP 30.67 ON 4
DPTR FM NORMAL 0 LOWEST SLP 29.40 ON 21
[REMARKS]
#FINAL-02-22#