000
CXUS51 KGYX 010900
CF6CON
PRELIMINARY LOCAL CLIMATOLOGICAL DATA (WS FORM: F-6)
STATION: CONCORD NH
MONTH: JUNE
YEAR: 2022
LATITUDE: 43 12 N
LONGITUDE: 71 30 W
TEMPERATURE IN F: :PCPN: SNOW: WIND :SUNSHINE: SKY :PK WND
================================================================================
1 2 3 4 5 6A 6B 7 8 9 10 11 12 13 14 15 16 17 18
12Z AVG MX 2MIN
DY MAX MIN AVG DEP HDD CDD WTR SNW DPTH SPD SPD DIR MIN PSBL S-S WX SPD DR
================================================================================
1 56 50 53 -9 12 0 0.14 0.0 0 3.9 10 50 M M 10 1 14 40
2 65 51 58 -4 7 0 0.17 0.0 0 3.2 12 140 M M 10 12 16 140
3 60 53 57 -5 8 0 0.29 0.0 0 3.8 9 90 M M 10 1 12 100
4 76 54 65 3 0 0 0.00 0.0 0 4.3 16 160 M M 6 1 21 180
5 75 43 59 -4 6 0 0.00 0.0 0 4.9 18 310 M M 1 24 310
6 81 43 62 -1 3 0 0.00 0.0 0 2.4 12 290 M M 1 16 330
7 81 52 67 4 0 2 0.03 0.0 0 7.4 22 190 M M 3 26 190
8 78 56 67 3 0 2 0.28 0.0 0 7.6 21 300 M M 5 1 26 310
9 71 54 63 -1 2 0 1.06 0.0 0 6.1 21 280 M M 6 1 27 270
10 74 51 63 -1 2 0 0.00 0.0 0 7.9 21 240 M M 3 27 210
11 75 47 61 -3 4 0 0.00 0.0 0 2.4 13 220 M M 0 14 200
12 79 48 64 -1 1 0 0.11 0.0 0 4.1 15 200 M M 4 1 22 190
13 83 61 72 7 0 7 0.87 0.0 0 6.8 16 290 M M 5 13 21 300
14 80 53 67 2 0 2 0.00 0.0 0 8.0 16 290 M M 2 23 310
15 78 52 65 -1 0 0 0.00 0.0 0 3.1 10 140 M M 2 15 150
16 75 51 63 -3 2 0 T 0.0 0 8.1 21 170 M M 7 26 170
17 86 62 74 8 0 9 0.00 0.0 0 10.3 23 290 M M 5 30 280
18 67 51 59 -8 6 0 0.06 0.0 0 14.4 24 320 M M 7 33 320
19 62 50 56 -11 9 0 0.05 0.0 0 9.5 24 330 M M 8 34 320
20 77 41 59 -8 6 0 0.00 0.0 0 6.7 23 330 M M 1 1 33 10
21 78 43 61 -6 4 0 0.00 0.0 0 5.2 14 130 M M 0 19 190
22 71 56 64 -4 1 0 0.00 0.0 0 5.5 15 130 M M 7 21 100
23 76 57 67 -1 0 2 0.12 0.0 0 5.7 17 150 M M 8 1 23 110
24 82 57 70 2 0 5 0.01 0.0 0 2.9 12 310 M M 6 1 18 310
25 89 53 71 3 0 6 0.00 0.0 0 2.3 10 250 M M 1 1 14 210
26 91 60 76 7 0 11 0.00 0.0 0 5.0 15 170 M M 0 20 180
27 80 61 71 2 0 6 0.04 0.0 0 6.3 15 210 M M 5 18 20 230
28 79 50 65 -4 0 0 0.00 0.0 0 4.7 20 320 M M 1 30 310
29 84 50 67 -2 0 2 0.01 0.0 0 3.8 21 260 M M 4 30 260
30 79 52 66 -4 0 1 0.00 0.0 0 5.0 18 330 M M 0 24 340
================================================================================
SM 2288 1562 73 55 3.24 0.0 171.3 M 128
================================================================================
AV 76.3 52.1 5.7 FASTST M M 4 MAX(MPH)
MISC ----> # 24 320 34 320
================================================================================
NOTES:
# LAST OF SEVERAL OCCURRENCES
COLUMN 17 PEAK WIND IN M.P.H.
PRELIMINARY LOCAL CLIMATOLOGICAL DATA (WS FORM: F-6) , PAGE 2
STATION: CONCORD NH
MONTH: JUNE
YEAR: 2022
LATITUDE: 43 12 N
LONGITUDE: 71 30 W
[TEMPERATURE DATA] [PRECIPITATION DATA] SYMBOLS USED IN COLUMN 16
AVERAGE MONTHLY: 64.2 TOTAL FOR MONTH: 3.24 1 = FOG OR MIST
DPTR FM NORMAL: -1.6 DPTR FM NORMAL: -0.53 2 = FOG REDUCING VISIBILITY
HIGHEST: 91 ON 26 GRTST 24HR 1.06 ON 9- 9 TO 1/4 MILE OR LESS
LOWEST: 41 ON 20 3 = THUNDER
SNOW, ICE PELLETS, HAIL 4 = ICE PELLETS
TOTAL MONTH: 0.0 INCH 5 = HAIL
GRTST 24HR 0.0 6 = FREEZING RAIN OR DRIZZLE
GRTST DEPTH: 0 7 = DUSTSTORM OR SANDSTORM:
VSBY 1/2 MILE OR LESS
8 = SMOKE OR HAZE
[NO. OF DAYS WITH] [WEATHER - DAYS WITH] 9 = BLOWING SNOW
X = TORNADO
MAX 32 OR BELOW: 0 0.01 INCH OR MORE: 14
MAX 90 OR ABOVE: 1 0.10 INCH OR MORE: 8
MIN 32 OR BELOW: 0 0.50 INCH OR MORE: 2
MIN 0 OR BELOW: 0 1.00 INCH OR MORE: 1
[HDD (BASE 65) ]
TOTAL THIS MO. 73 CLEAR (SCALE 0-3) 13
DPTR FM NORMAL 2 PTCLDY (SCALE 4-7) 13
TOTAL FM JUL 1 6469 CLOUDY (SCALE 8-10) 4
DPTR FM NORMAL -512
[CDD (BASE 65) ]
TOTAL THIS MO. 55
DPTR FM NORMAL -39 [PRESSURE DATA]
TOTAL FM JAN 1 111 HIGHEST SLP 30.23 ON 29
DPTR FM NORMAL -5 LOWEST SLP 29.48 ON 18
[REMARKS]
#FINAL-06-22#