000
CXUS55 KDVN 011000
CF6DVN
PRELIMINARY LOCAL CLIMATOLOGICAL DATA (WS FORM: F-6)
STATION: DAVENPORT IA
MONTH: JUNE
YEAR: 2023
LATITUDE: 41 37 N
LONGITUDE: 90 35 W
TEMPERATURE IN F: :PCPN: SNOW: WIND :SUNSHINE: SKY :PK WND
================================================================================
1 2 3 4 5 6A 6B 7 8 9 10 11 12 13 14 15 16 17 18
12Z AVG MX 2MIN
DY MAX MIN AVG DEP HDD CDD WTR SNW DPTH SPD SPD DIR MIN PSBL S-S WX SPD DR
================================================================================
1 92 65 79 11 0 14 0.00 0.0 0 7.7 23 120 M M 1 3 32 120
2 93 68 81 13 0 16 0.00 0.0 0 6.7 21 170 M M 1 3 29 180
3 93 65 79 11 0 14 0.00 0.0 0 7.3 17 40 M M 0 23 20
4 91 65 78 9 0 13 0.00 0.0 0 9.3 16 50 M M 0 24 50
5 87 53 70 1 0 5 0.00 0.0 0 4.4 14 40 M M 0 17 30
6 88 58 73 4 0 8 0.01 0.0 0 5.4 18 320 M M 2 8 27 320
7 83 58 71 2 0 6 0.00 0.0 0 8.3 16 40 M M 2 18 23 20
8 81 48 65 -5 0 0 0.00 0.0 0 7.5 16 40 M M 0 26 30
9 82 48 65 -5 0 0 0.00 0.0 0 4.3 13 210 M M 0 16 300
10 86 55 71 1 0 6 T 0.0 0 6.2 22 30 M M 3 28 30
11 71 48 60 -10 5 0 0.07 0.0 0 14.3 22 10 M M 10 1 28 20
12 77 43 60 -11 5 0 0.11 0.0 0 9.0 22 310 M M 3 8 33 310
13 83 57 70 -1 0 5 T 0.0 0 9.0 22 270 M M 4 27 280
14 88 60 74 3 0 9 0.00 0.0 0 4.3 12 290 M M 3 16 280
15 88 59 74 3 0 9 0.00 0.0 0 8.8 23 60 M M 1 8 31 60
16 77 50 64 -8 1 0 0.00 0.0 0 8.2 17 60 M M 1 23 100
17 84 53 69 -3 0 4 0.00 0.0 0 5.8 12 160 M M 0 18 17 160
18 82 63 73 1 0 8 0.19 0.0 0 7.7 20 130 M M 3 138 28 290
19 89 63 76 4 0 11 0.00 0.0 0 6.5 14 100 M M 0 18 20 60
20 90 59 75 3 0 10 0.00 0.0 0 8.9 17 50 M M 0 8 25 40
21 90 63 77 5 0 12 0.00 0.0 0 10.6 21 90 M M 0 29 90
22 91 63 77 5 0 12 0.00 0.0 0 7.1 15 50 M M 0 8 21 70
23 90 59 75 2 0 10 0.00 0.0 0 3.1 13 50 M M 0 8 19 40
24 93 58 76 3 0 11 0.69 0.0 0 8.2 44 290 M M 1 138X 70 290
25 78 67 73 0 0 8 T 0.0 0 16.9 31 260 M M 5 1 42 260
26 79 64 72 -1 0 7 T 0.0 0 11.5 21 320 M M 7 8 30 330
27 83 57 70 -3 0 5 0.00 0.0 0 4.7 9 350 M M 0 18 13 340
28 82 62 72 -1 0 7 0.06 0.0 0 10.1 20 140 M M 2 138 39 120
29 82 68 75 2 0 10 0.73 0.0 0 6.3 30 250 M M 3 138 44 270
30 83 64 74 1 0 9 0.07 0.0 0 4.7 18 240 M M 4 128 27 250
================================================================================
SM 2556 1763 11 229 1.93 0.0 232.8 M 56
================================================================================
AV 85.2 58.8 7.8 FASTST M M 2 MAX(MPH)
MISC ----> 44 290 70 290
================================================================================
NOTES:
# LAST OF SEVERAL OCCURRENCES
COLUMN 17 PEAK WIND IN M.P.H.
PRELIMINARY LOCAL CLIMATOLOGICAL DATA (WS FORM: F-6) , PAGE 2
STATION: DAVENPORT IA
MONTH: JUNE
YEAR: 2023
LATITUDE: 41 37 N
LONGITUDE: 90 35 W
[TEMPERATURE DATA] [PRECIPITATION DATA] SYMBOLS USED IN COLUMN 16
AVERAGE MONTHLY: 72.0 TOTAL FOR MONTH: 1.93 1 = FOG OR MIST
DPTR FM NORMAL: 0.9 DPTR FM NORMAL: -2.80 2 = FOG REDUCING VISIBILITY
HIGHEST: 93 ON 24, 3 GRTST 24HR 0.73 ON 29-29 TO 1/4 MILE OR LESS
LOWEST: 43 ON 12 3 = THUNDER
SNOW, ICE PELLETS, HAIL 4 = ICE PELLETS
TOTAL MONTH: 0.0 INCH 5 = HAIL
GRTST 24HR 0.0 6 = FREEZING RAIN OR DRIZZLE
GRTST DEPTH: 0 7 = DUSTSTORM OR SANDSTORM:
VSBY 1/2 MILE OR LESS
8 = SMOKE OR HAZE
[NO. OF DAYS WITH] [WEATHER - DAYS WITH] 9 = BLOWING SNOW
X = TORNADO
MAX 32 OR BELOW: 0 0.01 INCH OR MORE: 8
MAX 90 OR ABOVE: 9 0.10 INCH OR MORE: 4
MIN 32 OR BELOW: 0 0.50 INCH OR MORE: 2
MIN 0 OR BELOW: 0 1.00 INCH OR MORE: 0
[HDD (BASE 65) ]
TOTAL THIS MO. 11 CLEAR (SCALE 0-3) 22
DPTR FM NORMAL -7 PTCLDY (SCALE 4-7) 7
TOTAL FM JUL 1 5813 CLOUDY (SCALE 8-10) 1
DPTR FM NORMAL -510
[CDD (BASE 65) ]
TOTAL THIS MO. 229
DPTR FM NORMAL 28 [PRESSURE DATA]
TOTAL FM JAN 1 326 HIGHEST SLP 30.10 ON 5
DPTR FM NORMAL 46 LOWEST SLP 29.62 ON 13
[REMARKS]
#FINAL-06-23#