000
CXUS55 KDVN 011100
CF6DVN
PRELIMINARY LOCAL CLIMATOLOGICAL DATA (WS FORM: F-6)
STATION: DAVENPORT IA
MONTH: FEBRUARY
YEAR: 2022
LATITUDE: 41 37 N
LONGITUDE: 90 35 W
TEMPERATURE IN F: :PCPN: SNOW: WIND :SUNSHINE: SKY :PK WND
================================================================================
1 2 3 4 5 6A 6B 7 8 9 10 11 12 13 14 15 16 17 18
12Z AVG MX 2MIN
DY MAX MIN AVG DEP HDD CDD WTR SNW DPTH SPD SPD DIR MIN PSBL S-S WX SPD DR
================================================================================
1 42 19 31 9 34 0 0.00 0.0 1 16.3 26 180 M M 3 36 180
2 19 12 16 -6 49 0 T 0.1 T 17.3 22 340 M M 8 28 350
3 18 5 12 -11 53 0 0.00 0.0 T 13.5 22 10 M M 5 29 10
4 25 2 14 -9 51 0 T T T 11.9 26 280 M M 3 35 290
5 24 0 12 -11 53 0 0.00 0.0 T 13.6 28 170 M M 1 36 160
6 42 14 28 5 37 0 0.00 0.0 T 15.2 25 300 M M 3 35 290
7 26 6 16 -8 49 0 0.00 0.0 T 8.7 21 300 M M 2 28 290
8 53 19 36 12 29 0 0.00 0.0 T 10.7 20 270 M M 1 35 260
9 43 31 37 13 28 0 0.00 0.0 T 15.9 29 280 M M 7 37 290
10 39 22 31 7 34 0 0.04 T T 16.0 24 210 M M 8 4 38 190
11 46 17 32 7 33 0 T T T 22.1 39 290 M M 7 49 290
12 18 8 13 -12 52 0 T T T 12.6 25 300 M M 6 33 310
13 15 9 12 -13 53 0 0.01 0.3 T 7.2 18 330 M M 7 1 24 340
14 29 10 20 -6 45 0 0.00 0.0 T 6.4 15 160 M M 5 19 150
15 48 17 33 7 32 0 0.00 0.0 T 14.6 26 140 M M 0 18 38 170
16 58 33 46 20 19 0 0.19 0.0 0 16.5 28 200 M M 7 1 37 200
17 33 11 22 -5 43 0 0.01 T T 17.8 26 340 M M 6 168 33 350
18 36 8 22 -5 43 0 0.04 0.6 T 17.6 32 300 M M 1 1 43 310
19 23 7 15 -13 50 0 0.00 0.0 1 14.3 31 310 M M 0 41 330
20 57 20 39 11 26 0 0.00 0.0 T 16.9 32 210 M M 0 47 210
21 49 30 40 12 25 0 0.00 0.0 0 12.8 22 90 M M 2 1 28 100
22 38 12 25 -4 40 0 0.16 T 0 19.4 30 290 M M 10 136 37 300
23 20 8 14 -15 51 0 T T 0 11.2 25 310 M M 7 33 300
24 24 15 20 -10 45 0 0.09 1.8 0 11.3 20 60 M M 9 18 25 40
25 22 4 13 -17 52 0 T 0.1 2 8.9 15 280 M M 1 1 18 270
26 34 6 20 -10 45 0 0.00 0.0 1 10.6 20 220 M M 0 24 220
27 41 21 31 0 34 0 0.00 0.0 T 8.4 15 220 M M 0 23 230
28 54 25 40 9 25 0 0.00 0.0 0 9.9 17 240 M M 0 23 220
================================================================================
SM 976 391 1130 0 0.54 2.9 377.6 M 109
================================================================================
AV 34.9 14.0 13.5 FASTST M M 4 MAX(MPH)
MISC ----> 39 290 49 290
================================================================================
NOTES:
# LAST OF SEVERAL OCCURRENCES
COLUMN 17 PEAK WIND IN M.P.H.
PRELIMINARY LOCAL CLIMATOLOGICAL DATA (WS FORM: F-6) , PAGE 2
STATION: DAVENPORT IA
MONTH: FEBRUARY
YEAR: 2022
LATITUDE: 41 37 N
LONGITUDE: 90 35 W
[TEMPERATURE DATA] [PRECIPITATION DATA] SYMBOLS USED IN COLUMN 16
AVERAGE MONTHLY: 24.4 TOTAL FOR MONTH: 0.54 1 = FOG OR MIST
DPTR FM NORMAL: -1.9 DPTR FM NORMAL: -0.90 2 = FOG REDUCING VISIBILITY
HIGHEST: 58 ON 16 GRTST 24HR 0.20 ON 16-17 TO 1/4 MILE OR LESS
LOWEST: 0 ON 5 3 = THUNDER
SNOW, ICE PELLETS, HAIL 4 = ICE PELLETS
TOTAL MONTH: 2.9 INCHES 5 = HAIL
GRTST 24HR 1.8 ON 24-24 6 = FREEZING RAIN OR DRIZZLE
GRTST DEPTH: 2 ON 25 7 = DUSTSTORM OR SANDSTORM:
VSBY 1/2 MILE OR LESS
8 = SMOKE OR HAZE
[NO. OF DAYS WITH] [WEATHER - DAYS WITH] 9 = BLOWING SNOW
X = TORNADO
MAX 32 OR BELOW: 12 0.01 INCH OR MORE: 7
MAX 90 OR ABOVE: 0 0.10 INCH OR MORE: 2
MIN 32 OR BELOW: 27 0.50 INCH OR MORE: 0
MIN 0 OR BELOW: 1 1.00 INCH OR MORE: 0
[HDD (BASE 65) ]
TOTAL THIS MO. 1130 CLEAR (SCALE 0-3) 15
DPTR FM NORMAL 45 PTCLDY (SCALE 4-7) 11
TOTAL FM JUL 1 4567 CLOUDY (SCALE 8-10) 2
DPTR FM NORMAL -305
[CDD (BASE 65) ]
TOTAL THIS MO. 0
DPTR FM NORMAL 0 [PRESSURE DATA]
TOTAL FM JAN 1 0 HIGHEST SLP 30.65 ON 23
DPTR FM NORMAL 0 LOWEST SLP 29.50 ON 11
[REMARKS]
#FINAL-02-22#