000
CXUS55 KPUB 011210
CF6LXV
PRELIMINARY LOCAL CLIMATOLOGICAL DATA (WS FORM: F-6)
STATION: LEADVILLE CO
MONTH: AUGUST
YEAR: 2022
LATITUDE: 39 15 N
LONGITUDE: 106 18 W
TEMPERATURE IN F: :PCPN: SNOW: WIND :SUNSHINE: SKY :PK WND
================================================================================
1 2 3 4 5 6A 6B 7 8 9 10 11 12 13 14 15 16 17 18
12Z AVG MX 2MIN
DY MAX MIN AVG DEP HDD CDD WTR SNW DPTH SPD SPD DIR MIN PSBL S-S WX SPD DR
================================================================================
1 73 41 57 2 8 0 0.30 M M 5.9 24 180 M M 7 13 33 170
2 70 43 57 2 8 0 T M M 7.1 20 310 M M 2 1 29 310
3 73 45 59 4 6 0 0.01 M M 5.2 15 320 M M 5 3 23 20
4 77 40 59 4 6 0 0.00 M M 3.7 13 180 M M 2 3 17 350
5 74 43 59 4 6 0 0.46 M M 5.4 16 290 M M 4 13 23 20
6 74 41 58 3 7 0 0.00 M M 4.0 13 260 M M 2 1 20 260
7 76 42 59 4 6 0 0.01 M M 6.1 17 310 M M 2 25 310
8 74 44 59 5 6 0 0.00 M M 4.2 15 190 M M 6 23 10
9 77 41 59 5 6 0 0.00 M M 5.2 17 20 M M 2 24 20
10 76 40 58 4 7 0 0.00 M M 4.7 16 200 M M 2 24 180
11 77 43 60 6 5 0 0.14 M M 5.3 23 20 M M 4 13 38 330
12 74 38 56 2 9 0 0.00 M M 5.0 21 170 M M 2 3 31 100
13 73 40 57 3 8 0 0.08 M M 4.1 22 170 M M 4 1 31 170
14 75 40 58 4 7 0 0.03 M M 6.0 26 180 M M 3 13 38 180
15 73 43 58 5 7 0 0.38 M M 3.8 15 330 M M 5 13 22 320
16 60 45 53 0 12 0 0.42 M M 4.2 16 360 M M 10 1 25 360
17 63 41 52 -1 13 0 0.01 M M 3.7 15 180 M M 7 13 20 180
18 69 34 52 -1 13 0 0.00 M M 3.4 12 360 M M 3 17 20
19 65 38 52 -1 13 0 T M M 5.4 20 280 M M 3 3 27 270
20 60 45 53 1 12 0 0.03 M M 5.3 21 190 M M 9 1 26 200
21 60 44 52 0 13 0 0.11 M M 2.9 12 360 M M 9 123 17 30
22 63 41 52 0 13 0 0.03 M M 3.7 18 360 M M 7 123 26 360
23 71 34 53 1 12 0 0.00 M M 5.3 16 10 M M 5 123 26 300
24 72 34 53 1 12 0 0.05 M M 5.2 17 50 M M 2 27 130
25 68 35 52 0 13 0 T M M 5.2 21 350 M M 5 123 31 350
26 60 41 51 0 14 0 0.33 M M 4.1 15 360 M M 8 13 22 340
27 67 36 52 1 13 0 0.00 M M 6.9 22 360 M M 3 34 20
28 65 34 50 -1 15 0 0.03 M M 6.3 23 170 M M 3 3 36 350
29 71 32 52 1 13 0 0.00 M M 4.6 13 360 M M 3 20 340
30 75 37 56 6 9 0 0.00 M M 3.5 14 350 M M 3 20 350
31 74 44 59 9 6 0 0.00 M M 5.3 18 10 M M 5 26 330
================================================================================
SM 2179 1239 298 0 2.42 M 150.7 M 137
================================================================================
AV 70.3 40.0 4.9 FASTST M M 4 MAX(MPH)
MISC ----> 26 180 # 38 330
================================================================================
NOTES:
# LAST OF SEVERAL OCCURRENCES
COLUMN 17 PEAK WIND IN M.P.H.
PRELIMINARY LOCAL CLIMATOLOGICAL DATA (WS FORM: F-6) , PAGE 2
STATION: LEADVILLE CO
MONTH: AUGUST
YEAR: 2022
LATITUDE: 39 15 N
LONGITUDE: 106 18 W
[TEMPERATURE DATA] [PRECIPITATION DATA] SYMBOLS USED IN COLUMN 16
AVERAGE MONTHLY: 55.1 TOTAL FOR MONTH: 2.42 1 = FOG OR MIST
DPTR FM NORMAL: 2.0 DPTR FM NORMAL: 0.55 2 = FOG REDUCING VISIBILITY
HIGHEST: 77 ON 11, 9 GRTST 24HR 0.47 ON 15-16 TO 1/4 MILE OR LESS
LOWEST: 32 ON 29 3 = THUNDER
SNOW, ICE PELLETS, HAIL 4 = ICE PELLETS
TOTAL MONTH: M 5 = HAIL
GRTST 24HR M ON M 6 = FREEZING RAIN OR DRIZZLE
GRTST DEPTH: M ON M 7 = DUSTSTORM OR SANDSTORM:
VSBY 1/2 MILE OR LESS
8 = SMOKE OR HAZE
[NO. OF DAYS WITH] [WEATHER - DAYS WITH] 9 = BLOWING SNOW
X = TORNADO
MAX 32 OR BELOW: 0 0.01 INCH OR MORE: 16
MAX 90 OR ABOVE: 0 0.10 INCH OR MORE: 7
MIN 32 OR BELOW: 1 0.50 INCH OR MORE: 0
MIN 0 OR BELOW: 0 1.00 INCH OR MORE: 0
[HDD (BASE 65) ]
TOTAL THIS MO. 298 CLEAR (SCALE 0-3) 12
DPTR FM NORMAL -71 PTCLDY (SCALE 4-7) 16
TOTAL FM JUL 1 560 CLOUDY (SCALE 8-10) 3
DPTR FM NORMAL -116
[CDD (BASE 65) ]
TOTAL THIS MO. 0
DPTR FM NORMAL 0 [PRESSURE DATA]
TOTAL FM JAN 1 0 HIGHEST SLP 30.24 ON 30
DPTR FM NORMAL 0 LOWEST SLP 29.80 ON 27
[REMARKS]
#FINAL-08-22#