000
CXUS53 KIND 010600
CF6MIE
PRELIMINARY LOCAL CLIMATOLOGICAL DATA (WS FORM: F-6)
STATION: MUNCIE IN
MONTH: APRIL
YEAR: 2022
LATITUDE: 40 13 N
LONGITUDE: 85 23 W
TEMPERATURE IN F: :PCPN: SNOW: WIND :SUNSHINE: SKY :PK WND
================================================================================
1 2 3 4 5 6A 6B 7 8 9 10 11 12 13 14 15 16 17 18
12Z AVG MX 2MIN
DY MAX MIN AVG DEP HDD CDD WTR SNW DPTH SPD SPD DIR MIN PSBL S-S WX SPD DR
================================================================================
1 43 30 37 -11 28 0 0.01 M M 9.6 21 310 M M 8 18 27 300
2 54 24 39 -9 26 0 0.05 M M 10.2 28 290 M M 3 38 300
3 56 37 47 -1 18 0 0.00 M M 6.9 21 300 M M 6 29 290
4 64 42 53 4 12 0 0.04 M M 9.3 18 250 M M 7 27 190
5 60 35 48 -1 17 0 T M M 6.2 15 130 M M 5 18 21 130
6 57 50 54 4 11 0 0.22 M M 10.2 22 270 M M 8 18 29 230
7 51 41 46 -4 19 0 T M M 12.5 24 270 M M 9 34 280
8 49 37 43 -8 22 0 0.08 M M 10.6 23 280 M M 10 1 32 290
9 44 33 39 -12 26 0 0.12 M M 8.9 20 300 M M 9 18 28 310
10 63 30 47 -4 18 0 0.00 M M 9.1 20 130 M M 1 27 160
11 68 51 60 8 5 0 0.32 M M 9.7 22 250 M M 7 1 32 260
12 70 42 56 4 9 0 0.00 M M 8.7 18 190 M M 6 128 30 150
13 68 62 65 12 0 0 0.48 M M 13.1 23 190 M M 6 1 35 200
14 65 37 51 -2 14 0 0.07 M M 15.2 29 250 M M 3 1 45 290
15 71 47 59 6 6 0 0.01 M M 13.1 35 250 M M 3 61 260
16 57 37 47 -7 18 0 0.02 M M 10.4 25 320 M M 4 37 320
17 50 28 39 -15 26 0 0.00 M M 10.9 20 90 M M 0 26 100
18 42 33 38 -17 27 0 0.17 M M 12.1 25 310 M M 10 1 35 300
19 51 35 43 -12 22 0 T M M 12.4 18 320 M M 7 31 280
20 63 34 49 -6 16 0 T M M 11.6 22 130 M M 6 31 180
21 70 49 60 4 5 0 0.08 M M 11.4 24 220 M M 6 1 42 200
22 74 48 61 5 4 0 0.01 M M 6.8 16 140 M M 4 18 22 130
23 85 62 74 17 0 9 0.00 M M 11.8 22 190 M M 0 33 210
24 83 67 75 18 0 10 T M M 14.5 24 190 M M 3 39 210
25 69 45 57 0 8 0 0.98 M M 8.7 22 280 M M 9 13 30 300
26 52 40 46 -12 19 0 0.00 M M 10.7 21 270 M M 6 27 300
27 57 33 45 -13 20 0 0.00 M M 7.8 14 320 M M 1 20 310
28 57 40 49 -9 16 0 0.01 M M 11.3 18 130 M M 8 25 90
29 64 48 56 -3 9 0 T M M 11.4 17 110 M M 10 22 130
30 74 53 64 5 1 0 0.32 M M 13.6 22 130 M M 6 13 29 140
================================================================================
SM 1831 1250 422 19 2.99 M 318.7 M 171
================================================================================
AV 61.0 41.7 10.6 FASTST M M 6 MAX(MPH)
MISC ----> 35 250 61 260
================================================================================
NOTES:
# LAST OF SEVERAL OCCURRENCES
COLUMN 17 PEAK WIND IN M.P.H.
PRELIMINARY LOCAL CLIMATOLOGICAL DATA (WS FORM: F-6) , PAGE 2
STATION: MUNCIE IN
MONTH: APRIL
YEAR: 2022
LATITUDE: 40 13 N
LONGITUDE: 85 23 W
[TEMPERATURE DATA] [PRECIPITATION DATA] SYMBOLS USED IN COLUMN 16
AVERAGE MONTHLY: 51.4 TOTAL FOR MONTH: 2.99 1 = FOG OR MIST
DPTR FM NORMAL: -2.2 DPTR FM NORMAL: -0.90 2 = FOG REDUCING VISIBILITY
HIGHEST: 85 ON 23 GRTST 24HR 0.98 ON 25-25 TO 1/4 MILE OR LESS
LOWEST: 24 ON 2 3 = THUNDER
SNOW, ICE PELLETS, HAIL 4 = ICE PELLETS
TOTAL MONTH: M 5 = HAIL
GRTST 24HR M ON M 6 = FREEZING RAIN OR DRIZZLE
GRTST DEPTH: M ON M 7 = DUSTSTORM OR SANDSTORM:
VSBY 1/2 MILE OR LESS
8 = SMOKE OR HAZE
[NO. OF DAYS WITH] [WEATHER - DAYS WITH] 9 = BLOWING SNOW
X = TORNADO
MAX 32 OR BELOW: 0 0.01 INCH OR MORE: 17
MAX 90 OR ABOVE: 0 0.10 INCH OR MORE: 7
MIN 32 OR BELOW: 4 0.50 INCH OR MORE: 1
MIN 0 OR BELOW: 0 1.00 INCH OR MORE: 0
[HDD (BASE 65) ]
TOTAL THIS MO. 422 CLEAR (SCALE 0-3) 8
DPTR FM NORMAL 60 PTCLDY (SCALE 4-7) 15
TOTAL FM JUL 1 4696 CLOUDY (SCALE 8-10) 7
DPTR FM NORMAL -427
[CDD (BASE 65) ]
TOTAL THIS MO. 19
DPTR FM NORMAL 1 [PRESSURE DATA]
TOTAL FM JAN 1 19 HIGHEST SLP M ON M
DPTR FM NORMAL -2 LOWEST SLP 29.50 ON 13
[REMARKS]
#FINAL-04-22#