000
CXUS53 KILX 010900
CF6PIA
PRELIMINARY LOCAL CLIMATOLOGICAL DATA (WS FORM: F-6)
STATION: PEORIA IL
MONTH: AUGUST
YEAR: 2021
LATITUDE: 40 40 N
LONGITUDE: 89 41 W
TEMPERATURE IN F: :PCPN: SNOW: WIND :SUNSHINE: SKY :PK WND
================================================================================
1 2 3 4 5 6A 6B 7 8 9 10 11 12 13 14 15 16 17 18
12Z AVG MX 2MIN
DY MAX MIN AVG DEP HDD CDD WTR SNW DPTH SPD SPD DIR MIN PSBL S-S WX SPD DR
================================================================================
1 82 62 72 -4 0 7 0.00 0.0 0 4.4 10 20 M M 3 128 18 20
2 80 58 69 -7 0 4 0.00 0.0 0 1.8 9 40 M M 1 1 13 10
3 82 59 71 -5 0 6 0.00 0.0 0 1.7 8 300 M M 2 11 300
4 85 61 73 -3 0 8 0.00 0.0 0 1.6 8 270 M M 1 11 230
5 83 63 73 -3 0 8 0.00 0.0 0 5.9 15 200 M M 1 22 200
6 83 67 75 -1 0 10 T 0.0 0 8.6 25 210 M M 3 1 30 210
7 88 70 79 3 0 14 T 0.0 0 9.2 16 190 M M 2 18 22 180
8 90 70 80 5 0 15 0.89 0.0 0 10.9 46 220 M M 2 138 56 220
9 86 70 78 3 0 13 0.22 0.0 0 11.6 21 200 M M 6 13 28 200
10 92 75 84 9 0 19 0.03 0.0 M 9.4 22 210 M M 3 13 31 230
11 90 73 82 7 0 17 0.18 0.0 0 13.1 25 210 M M 3 138 37 200
12 M 69 M M M M 0.24 0.0 0 5.3 17 170 M M 2 13 26 160
13 83 67 75 0 0 10 0.00 0.0 0 4.4 10 330 M M 3 16 340
14 83 62 73 -2 0 8 0.00 0.0 0 4.3 13 70 M M 0 15 60
15 80 59 70 -5 0 5 0.00 0.0 0 5.6 13 50 M M 0 24 70
16 83 60 72 -3 0 7 0.00 0.0 0 4.6 12 70 M M 1 14 130
17 84 65 75 0 0 10 0.00 0.0 0 2.3 9 80 M M 2 1 13 80
18 88 68 78 4 0 13 0.00 0.0 0 1.5 10 210 M M 1 18 16 220
19 89 67 78 4 0 13 0.00 0.0 0 1.4 8 210 M M 1 18 12 210
20 87 68 78 4 0 13 0.00 0.0 0 4.8 14 180 M M 1 18 21 170
21 84 71 78 4 0 13 T 0.0 0 4.7 10 300 M M 5 15 300
22 86 64 75 1 0 10 0.00 0.0 0 3.4 8 280 M M 1 14 320
23 86 65 76 2 0 11 0.05 0.0 0 5.7 15 360 M M 2 3 27 350
24 93 71 82 8 0 17 0.17 0.0 0 7.8 35 320 M M 1 13 62 320
25 92 70 81 7 0 16 1.36 0.0 0 6.8 26 340 M M 2 13 51 340
26 92 70 81 8 0 16 0.00 0.0 0 2.9 15 130 M M 2 20 140
27 91 69 80 7 0 15 0.00 0.0 0 7.8 14 180 M M 0 18 160
28 90 74 82 9 0 17 0.01 0.0 M 8.0 15 200 M M 1 19 190
29 90 73 82 9 0 17 0.21 0.0 0 6.8 22 230 M M 3 3 30 290
30 86 69 78 5 0 13 0.00 0.0 0 3.5 9 350 M M 2 13 340
31 81 67 74 2 0 9 0.51 0.0 0 4.1 14 90 M M 8 1 21 80
================================================================================
SM 2589 2076 0 354 3.87 0.0 173.9 M 65
================================================================================
AV 86.3 67.0 5.6 FASTST M M 2 MAX(MPH)
MISC ----> 46 220 62 320
================================================================================
NOTES:
# LAST OF SEVERAL OCCURRENCES
COLUMN 17 PEAK WIND IN M.P.H.
PRELIMINARY LOCAL CLIMATOLOGICAL DATA (WS FORM: F-6) , PAGE 2
STATION: PEORIA IL
MONTH: AUGUST
YEAR: 2021
LATITUDE: 40 40 N
LONGITUDE: 89 41 W
[TEMPERATURE DATA] [PRECIPITATION DATA] SYMBOLS USED IN COLUMN 16
AVERAGE MONTHLY: 76.6 TOTAL FOR MONTH: 3.87 1 = FOG OR MIST
DPTR FM NORMAL: 2.1 DPTR FM NORMAL: 0.56 2 = FOG REDUCING VISIBILITY
HIGHEST: 93 ON 24 GRTST 24HR 1.45 ON 24-25 TO 1/4 MILE OR LESS
LOWEST: 58 ON 2 3 = THUNDER
SNOW, ICE PELLETS, HAIL 4 = ICE PELLETS
TOTAL MONTH: 0.0 INCH 5 = HAIL
GRTST 24HR 0.0 6 = FREEZING RAIN OR DRIZZLE
GRTST DEPTH: 0 7 = DUSTSTORM OR SANDSTORM:
VSBY 1/2 MILE OR LESS
8 = SMOKE OR HAZE
[NO. OF DAYS WITH] [WEATHER - DAYS WITH] 9 = BLOWING SNOW
X = TORNADO
MAX 32 OR BELOW: 0 0.01 INCH OR MORE: 11
MAX 90 OR ABOVE: 9 0.10 INCH OR MORE: 8
MIN 32 OR BELOW: 0 0.50 INCH OR MORE: 3
MIN 0 OR BELOW: 0 1.00 INCH OR MORE: 1
[HDD (BASE 65) ]
TOTAL THIS MO. 0 CLEAR (SCALE 0-3) 25
DPTR FM NORMAL -3 PTCLDY (SCALE 4-7) 6
TOTAL FM JUL 1 0 CLOUDY (SCALE 8-10) 0
DPTR FM NORMAL -1
[CDD (BASE 65) ]
TOTAL THIS MO. 354
DPTR FM NORMAL 57 [PRESSURE DATA]
TOTAL FM JAN 1 1092 HIGHEST SLP 30.26 ON 14
DPTR FM NORMAL 95 LOWEST SLP 29.71 ON 31
[REMARKS]
#FINAL-08-21#