000
CXUS55 KPUB 011812
CF6PUB
PRELIMINARY LOCAL CLIMATOLOGICAL DATA (WS FORM: F-6)
STATION: PUEBLO CO
MONTH: DECEMBER
YEAR: 2020
LATITUDE: 38 16 N
LONGITUDE: 104 31 W
TEMPERATURE IN F: :PCPN: SNOW: WIND :SUNSHINE: SKY :PK WND
================================================================================
1 2 3 4 5 6A 6B 7 8 9 10 11 12 13 14 15 16 17 18
12Z AVG MX 2MIN
DY MAX MIN AVG DEP HDD CDD WTR SNW DPTH SPD SPD DIR MIN PSBL S-S WX SPD DR
================================================================================
1 49 24 37 5 28 0 0.00 0.0 0 14.8 40 20 M M 6 50 20
2 37 13 25 -7 40 0 T T 0 14.7 33 30 M M 4 8 42 20
3 48 6 27 -5 38 0 0.00 0.0 0 4.5 12 260 M M 0 14 360
4 61 17 39 7 26 0 0.00 0.0 0 5.4 13 260 M M 0 17 260
5 58 20 39 8 26 0 0.00 0.0 0 5.3 12 260 M M 0 13 270
6 64 16 40 9 25 0 0.00 0.0 0 4.6 12 260 M M 0 13 310
7 64 17 41 10 24 0 0.00 0.0 0 5.2 12 280 M M 0 15 250
8 67 15 41 10 24 0 0.00 0.0 0 6.4 14 100 M M 0 16 100
9 64 16 40 10 25 0 0.00 0.0 0 3.9 12 20 M M 0 14 30
10 50 18 34 4 31 0 T 0.1 0 8.8 18 40 M M 2 18 25 30
11 34 19 27 -3 38 0 0.03 0.2 T 3.5 12 30 M M 10 18 15 40
12 30 16 23 -7 42 0 0.09 0.9 0 8.3 26 10 M M 9 1 36 10
13 31 6 19 -11 46 0 T T 1 6.7 22 360 M M 2 18 30 10
14 31 4 18 -12 47 0 0.00 0.0 1 6.0 17 40 M M 2 18 25 40
15 35 11 23 -7 42 0 T T T 9.9 28 10 M M 6 8 37 10
16 42 7 25 -5 40 0 0.00 0.0 0 3.6 12 110 M M 0 14 150
17 38 9 24 -5 41 0 0.00 0.0 0 3.5 13 40 M M 0 15 40
18 43 21 32 3 33 0 0.00 0.0 0 7.6 23 30 M M 6 29 20
19 46 11 29 0 36 0 0.00 0.0 0 2.9 12 40 M M 0 14 50
20 59 13 36 7 29 0 0.00 0.0 0 7.6 31 290 M M 0 41 290
21 55 26 41 12 24 0 0.00 0.0 0 7.7 20 300 M M 0 26 310
22 67 20 44 15 21 0 0.00 0.0 0 9.8 47 300 M M 0 8 61 290
23 43 16 30 1 35 0 0.00 0.0 0 15.5 32 310 M M 2 44 310
24 58 18 38 9 27 0 0.00 0.0 0 9.0 24 290 M M 0 36 290
25 59 17 38 9 27 0 0.00 0.0 0 6.3 16 280 M M 0 20 280
26 65 18 42 12 23 0 0.00 0.0 0 7.8 30 290 M M 0 41 290
27 54 33 44 14 21 0 0.00 0.0 0 13.8 30 270 M M 1 38 270
28 39 27 33 3 32 0 0.03 0.2 0 7.2 16 110 M M 7 1 25 120
29 49 26 38 8 27 0 T T 0 11.2 26 10 M M 6 1 41 320
30 44 10 27 -3 38 0 0.00 0.0 0 4.0 13 130 M M 0 16 140
31 48 11 30 0 35 0 0.00 0.0 0 4.7 17 130 M M 0 21 120
================================================================================
SM 1532 501 991 0 0.15 1.4 230.2 M 63
================================================================================
AV 49.4 16.2 7.4 FASTST M M 2 MAX(MPH)
MISC ----> 47 300 61 290
================================================================================
NOTES:
COLUMN 17 PEAK WIND IN M.P.H.
PRELIMINARY LOCAL CLIMATOLOGICAL DATA (WS FORM: F-6) , PAGE 2
STATION: PUEBLO CO
MONTH: DECEMBER
YEAR: 2020
LATITUDE: 38 16 N
LONGITUDE: 104 31 W
[TEMPERATURE DATA] [PRECIPITATION DATA] SYMBOLS USED IN COLUMN 16
AVERAGE MONTHLY: 32.8 TOTAL FOR MONTH: 0.15 1 = FOG OR MIST
DPTR FM NORMAL: 2.7 DPTR FM NORMAL: -0.23 2 = FOG REDUCING VISIBILITY
HIGHEST: 67 ON 22, 8 GRTST 24HR 0.09 ON 12 TO 1/4 MILE OR LESS
LOWEST: 4 ON 14 3 = THUNDER
SNOW, ICE PELLETS, HAIL 4 = ICE PELLETS
TOTAL MONTH: 1.4 INCHES 5 = HAIL
GRTST 24HR 0.9 ON 12 6 = FREEZING RAIN OR DRIZZLE
GRTST DEPTH: 1 ON 14,13 7 = DUSTSTORM OR SANDSTORM:
VSBY 1/2 MILE OR LESS
8 = SMOKE OR HAZE
[NO. OF DAYS WITH] [WEATHER - DAYS WITH] 9 = BLOWING SNOW
X = TORNADO
MAX 32 OR BELOW: 3 0.01 INCH OR MORE: 3
MAX 90 OR ABOVE: 0 0.10 INCH OR MORE: 0
MIN 32 OR BELOW: 30 0.50 INCH OR MORE: 0
MIN 0 OR BELOW: 0 1.00 INCH OR MORE: 0
[HDD (BASE 65) ]
TOTAL THIS MO. 991 CLEAR (SCALE 0-3) 23
DPTR FM NORMAL -91 PTCLDY (SCALE 4-7) 6
TOTAL FM JUL 1 2129 CLOUDY (SCALE 8-10) 2
DPTR FM NORMAL -235
[CDD (BASE 65) ]
TOTAL THIS MO. 0
DPTR FM NORMAL 0 [PRESSURE DATA]
TOTAL FM JAN 1 1406 HIGHEST SLP 30.54 ON 2
DPTR FM NORMAL 509 LOWEST SLP 29.50 ON 22
[REMARKS]
#FINAL-12-20#