000
CXUS56 KPDT 011810
CF6YKM
PRELIMINARY LOCAL CLIMATOLOGICAL DATA (WS FORM: F-6)
STATION: YAKIMA WA
MONTH: MARCH
YEAR: 2024
LATITUDE: 46 34 N
LONGITUDE: 120 32 W
TEMPERATURE IN F: :PCPN: SNOW: WIND :SUNSHINE: SKY :PK WND
================================================================================
1 2 3 4 5 6A 6B 7 8 9 10 11 12 13 14 15 16 17 18
12Z AVG MX 2MIN
DY MAX MIN AVG DEP HDD CDD WTR SNW DPTH SPD SPD DIR MIN PSBL S-S WX SPD DR
================================================================================
1 44 33 39 -1 26 0 0.01 M M 8.6 23 140 M M 4 35 160
2 48 25 37 -3 28 0 0.04 M M 6.1 18 200 M M 3 33 330
3 48 21 35 -5 30 0 0.00 M M 7.8 25 200 M M 2 42 200
4 49 22 36 -5 29 0 0.00 M M 5.9 16 210 M M 3 8 26 190
5 50 24 37 -4 28 0 0.00 M M 6.2 15 290 M M 4 20 280
6 49 22 36 -5 29 0 0.00 M M 5.8 13 290 M M 2 20 50
7 50 23 37 -4 28 0 0.00 M M 6.2 16 200 M M 2 23 190
8 53 23 38 -4 27 0 0.00 M M 6.6 17 270 M M 1 22 110
9 53 27 40 -2 25 0 0.01 M M 11.4 31 210 M M 1 52 210
10 56 36 46 4 19 0 0.00 M M 14.4 32 220 M M 4 56 210
11 51 29 40 -2 25 0 T M M 9.2 28 190 M M 4 40 190
12 58 31 45 2 20 0 0.00 M M 13.4 33 290 M M 2 46 280
13 58 25 42 -1 23 0 0.00 M M 9.3 21 310 M M 0 27 310
14 60 24 42 -1 23 0 0.00 M M 9.0 17 270 M M 0 20 180
15 65 27 46 3 19 0 0.00 M M 8.7 17 270 M M 0 20 270
16 71 30 51 7 14 0 0.00 M M 8.9 17 300 M M 0 21 270
17 73 33 53 9 12 0 0.00 M M 8.4 18 270 M M 0 24 280
18 74 35 55 11 10 0 0.00 M M 7.1 16 270 M M 0 18 270
19 76 34 55 11 10 0 0.00 M M 6.0 13 270 M M 0 17 270
20 70 32 51 7 14 0 0.00 M M 6.5 20 240 M M 0 28 230
21 64 34 49 4 16 0 0.00 M M 4.3 13 220 M M 3 20 250
22 62 37 50 5 15 0 0.04 M M 6.0 14 240 M M 4 1 17 240
23 58 38 48 3 17 0 0.40 M M 5.3 14 340 M M 7 1 19 230
24 64 37 51 6 14 0 0.00 M M 5.6 20 320 M M 5 26 310
25 59 29 44 -1 21 0 0.00 M M 5.8 15 300 M M 2 21 280
26 61 30 46 0 19 0 0.00 M M 6.1 22 280 M M 2 30 290
27 52 33 43 -3 22 0 0.04 M M 3.8 12 210 M M 6 17 210
28 55 36 46 0 19 0 0.04 M M 9.3 24 200 M M 3 35 200
29 59 30 45 -1 20 0 0.00 M M 3.4 12 60 M M 1 14 60
30 61 27 44 -2 21 0 0.00 M M 6.1 15 310 M M 0 23 320
31 66 35 51 5 14 0 0.00 M M 6.1 20 330 M M 1 26 330
================================================================================
SM 1817 922 637 0 0.58 M 227.3 M 66
================================================================================
AV 58.6 29.7 7.3 FASTST M M 2 MAX(MPH)
MISC ----> 33 290 56 210
================================================================================
NOTES:
# LAST OF SEVERAL OCCURRENCES
COLUMN 17 PEAK WIND IN M.P.H.
PRELIMINARY LOCAL CLIMATOLOGICAL DATA (WS FORM: F-6) , PAGE 2
STATION: YAKIMA WA
MONTH: MARCH
YEAR: 2024
LATITUDE: 46 34 N
LONGITUDE: 120 32 W
[TEMPERATURE DATA] [PRECIPITATION DATA] SYMBOLS USED IN COLUMN 16
AVERAGE MONTHLY: 44.2 TOTAL FOR MONTH: 0.58 1 = FOG OR MIST
DPTR FM NORMAL: 0.8 DPTR FM NORMAL: -0.06 2 = FOG REDUCING VISIBILITY
HIGHEST: 76 ON 19 GRTST 24HR 0.44 ON 22-23 TO 1/4 MILE OR LESS
LOWEST: 21 ON 3 3 = THUNDER
SNOW, ICE PELLETS, HAIL 4 = ICE PELLETS
TOTAL MONTH: M 5 = HAIL
GRTST 24HR M ON M 6 = FREEZING RAIN OR DRIZZLE
GRTST DEPTH: M ON M 7 = DUSTSTORM OR SANDSTORM:
VSBY 1/2 MILE OR LESS
8 = SMOKE OR HAZE
[NO. OF DAYS WITH] [WEATHER - DAYS WITH] 9 = BLOWING SNOW
X = TORNADO
MAX 32 OR BELOW: 0 0.01 INCH OR MORE: 7
MAX 90 OR ABOVE: 0 0.10 INCH OR MORE: 1
MIN 32 OR BELOW: 19 0.50 INCH OR MORE: 0
MIN 0 OR BELOW: 0 1.00 INCH OR MORE: 0
[HDD (BASE 65) ]
TOTAL THIS MO. 637 CLEAR (SCALE 0-3) 22
DPTR FM NORMAL -33 PTCLDY (SCALE 4-7) 9
TOTAL FM JUL 1 4605 CLOUDY (SCALE 8-10) 0
DPTR FM NORMAL -400
[CDD (BASE 65) ]
TOTAL THIS MO. 0
DPTR FM NORMAL 0 [PRESSURE DATA]
TOTAL FM JAN 1 0 HIGHEST SLP 30.56 ON 14
DPTR FM NORMAL 0 LOWEST SLP 29.46 ON 1
[REMARKS]
#FINAL-03-24#