000
CXUS51 KPHI 210800
CF6ILG
PRELIMINARY LOCAL CLIMATOLOGICAL DATA (WS FORM: F-6)

                                          STATION:   WILMINGTON DE
                                          MONTH:     MAY
                                          YEAR:      2018
                                          LATITUDE:   39 40 N
                                          LONGITUDE:  75 36 W

  TEMPERATURE IN F:       :PCPN:    SNOW:  WIND      :SUNSHINE: SKY     :PK WND
================================================================================
1   2   3   4   5  6A  6B    7    8   9   10  11  12  13   14  15   16   17  18
                                     12Z  AVG MX 2MIN
DY MAX MIN AVG DEP HDD CDD  WTR  SNW DPTH SPD SPD DIR MIN PSBL S-S WX    SPD DR
================================================================================

 1  80  39  60   2   5   0 0.00  0.0    0  7.7 18 270   M    M   0        27 280
 2  88  51  70  12   0   5 0.00  0.0    0  6.5 20 230   M    M   0        29 230
 3  90  63  77  18   0  12 0.00  0.0    0 10.3 21 220   M    M   0        29 210
 4  88  67  78  19   0  13    T  0.0    0  9.0 18 310   M    M   2        25 210
 5  74  61  68   9   0   3    T  0.0    0  7.4 21 320   M    M   5        29 320
 6  71  55  63   3   2   0 0.01  0.0    0  8.5 17  70   M    M  10 13     22  60
 7  75  51  63   3   2   0 0.00  0.0    0  7.2 16 170   M    M   3        19 170
 8  77  51  64   4   1   0 0.00  0.0    0  7.0 17 160   M    M   M        21 160
 9  78  48  63   2   2   0 0.00  0.0    0  6.1 20 160   M    M   M        25 140
10  77  51  64   3   1   0 0.19  0.0    M  7.0 31 280   M    M   2 123    40 290
11  79  57  68   7   0   3    T  0.0    0  7.1 16 180   M    M   4 1      23 330
12  75  55  65   3   0   0 0.90  0.0    0  8.9 29 340   M    M   6 13     39 340
13  60  55  58  -4   7   0 1.27  0.0    0  8.8 15 280   M    M  10 13     19 280
14  72  55  64   2   1   0 0.01  0.0    0  6.0 18 160   M    M   6 1      23 170
15  86  62  74  12   0   9 0.66  0.0    0  8.2 25 310   M    M   3 13     31 310
16  71  61  66   3   0   1 0.32  0.0    0  8.0 14  50   M    M  10 1      18  50
17  68  59  64   1   1   0 0.68  0.0    0  5.9 18  60   M    M   9 1      22  60
18  67  51  59  -4   6   0 0.09  0.0    0 13.4 26  80   M    M  10 1      37  80
19  70  51  61  -3   4   0 0.74  0.0    0  7.7 17  60   M    M  10 1      22  60
20  84  66  75  11   0  10 0.01  0.0    0  9.4 21 250   M    M   6 1      26 250
================================================================================
SM 1530 1109        32  56  4.88     0.0 160.1          M       96
================================================================================
AV 76.5 55.5                               8.0 FASTST   M    M   5    MAX(MPH)
                                 MISC ---->  # 31 280               # 40  290
================================================================================
NOTES:
# LAST OF SEVERAL OCCURRENCES

COLUMN 17 PEAK WIND IN M.P.H.

PRELIMINARY LOCAL CLIMATOLOGICAL DATA (WS FORM: F-6) , PAGE 2

                                          STATION:  WILMINGTON DE
                                          MONTH:    MAY
                                          YEAR:     2018
                                          LATITUDE:   39 40 N
                                          LONGITUDE:  75 36 W

[TEMPERATURE DATA]      [PRECIPITATION DATA]       SYMBOLS USED IN COLUMN 16

AVERAGE MONTHLY: 66.0   TOTAL FOR MONTH:   4.88    1 = FOG OR MIST
DPTR FM NORMAL:   4.9   DPTR FM NORMAL:    2.39    2 = FOG REDUCING VISIBILITY
HIGHEST:    90 ON  3    GRTST 24HR  1.27 ON 13-13      TO 1/4 MILE OR LESS
LOWEST:     39 ON  1                               3 = THUNDER
                        SNOW, ICE PELLETS, HAIL    4 = ICE PELLETS
                        TOTAL MONTH:   0.0 INCH    5 = HAIL
                        GRTST 24HR     0.0         6 = FREEZING RAIN OR DRIZZLE
                        GRTST DEPTH:   0           7 = DUSTSTORM OR SANDSTORM:
                                                       VSBY 1/2 MILE OR LESS
                                                   8 = SMOKE OR HAZE
[NO. OF DAYS WITH]      [WEATHER - DAYS WITH]      9 = BLOWING SNOW
                                                   X = TORNADO
MAX 32 OR BELOW:   0    0.01 INCH OR MORE:  11
MAX 90 OR ABOVE:   1    0.10 INCH OR MORE:   7
MIN 32 OR BELOW:   0    0.50 INCH OR MORE:   5
MIN  0 OR BELOW:   0    1.00 INCH OR MORE:   1

[HDD (BASE 65) ]
TOTAL THIS MO.    32    CLEAR  (SCALE 0-3)   5
DPTR FM NORMAL   -74    PTCLDY (SCALE 4-7)   7
TOTAL FM JUL 1  4620    CLOUDY (SCALE 8-10)  6
DPTR FM NORMAL  -155

[CDD (BASE 65) ]
TOTAL THIS MO.    56
DPTR FM NORMAL    27    [PRESSURE DATA]
TOTAL FM JAN 1    64    HIGHEST SLP M ON M
DPTR FM NORMAL    23    LOWEST  SLP 29.80 ON 15

[REMARKS]
