000
CXUS54 KMEG 012246
CLMMEM


CLIMATE REPORT
NATIONAL WEATHER SERVICE MEMPHIS TN
543 PM CDT SUN APR 1 2018

...................................

...THE MEMPHIS CLIMATE SUMMARY FOR THE MONTH OF MARCH 2018...

CLIMATE NORMAL PERIOD 1981 TO 2010
CLIMATE RECORD PERIOD 1872 TO 2018

WEATHER         OBSERVED          NORMAL  DEPART  LAST YEAR`S
                 VALUE   DATE(S)  VALUE   FROM    VALUE  DATE(S)
                                          NORMAL
................................................................
TEMPERATURE (F)
RECORD
 HIGH              87   03/09/1911
                        03/28/1895
 LOW               12   03/03/1943
HIGHEST            78   03/27        63      15       85  03/20
LOWEST             31   03/13        43     -12       25  03/15
AVG. MAXIMUM     63.6              63.9    -0.3     66.9
AVG. MINIMUM     44.6              44.1     0.5     47.1
MEAN             54.1              54.0     0.1     57.0
DAYS MAX >= 90      0               0.0     0.0        0
DAYS MAX <= 32      0               0.1    -0.1        0
DAYS MIN <= 32      1               3.0    -2.0        3
DAYS MIN <= 0       0               0.0     0.0        0

PRECIPITATION (INCHES)
RECORD
 MAXIMUM        16.20   2016
 MINIMUM         0.70   1918
TOTALS           4.44              5.16   -0.72     3.61
DAILY AVG.       0.14              0.17   -0.03     0.12
DAYS >= .01        12              10.5     1.5       12
DAYS >= .10         7               7.1    -0.1        9
DAYS >= .50         2               3.4    -1.4        2
DAYS >= 1.00        1               1.6    -0.6        1
GREATEST
 24 HR. TOTAL    2.12   03/28 TO 03/28

SNOWFALL (INCHES)
RECORDS
 TOTAL           18.5   1892
TOTALS            0.0               0.4    -0.4        T
SINCE 7/1         2.5               3.8    -1.3      2.0
SNOWDEPTH AVG.      0                MM      MM        0
DAYS >= 1.0         0               0.2    -0.2        0
GREATEST
 SNOW DEPTH         0   MM                            -1  03/11
 24 HR TOTAL      0.0   03/31 TO 03/31

DEGREE_DAYS
HEATING TOTAL     333               358     -25      280
 SINCE 7/1       2752              2808     -56     1979
COOLING TOTAL       4                17     -13       38
 SINCE 1/1         18                20      -2       60
.................................................................

WIND (MPH)
AVERAGE WIND SPEED              9.7
HIGHEST WIND SPEED/DIRECTION    29/180    DATE  03/27
HIGHEST GUST SPEED/DIRECTION    38/170    DATE  03/27

SKY COVER
POSSIBLE SUNSHINE (PERCENT)   MM
AVERAGE SKY COVER           0.60
NUMBER OF DAYS FAIR           10
NUMBER OF DAYS PC              7
NUMBER OF DAYS CLOUDY         14

AVERAGE RH (PERCENT)     64

WEATHER CONDITIONS. NUMBER OF DAYS WITH
  0
  5
  0
  0
  0
  0
  0
HAZE                      2

-  INDICATES NEGATIVE NUMBERS.
R  INDICATES RECORD WAS SET OR TIED.
MM INDICATES DATA IS MISSING.
T  INDICATES TRACE AMOUNT.

$$
