000
CXUS53 KGLD 021356
CF6MCK
PRELIMINARY LOCAL CLIMATOLOGICAL DATA (WS FORM: F-6)

                                          STATION:   MCCOOK NE
                                          MONTH:     MARCH
                                          YEAR:      2018
                                          LATITUDE:   40 13 N
                                          LONGITUDE: 100 35 W

  TEMPERATURE IN F:       :PCPN:    SNOW:  WIND      :SUNSHINE: SKY     :PK WND
================================================================================
1   2   3   4   5  6A  6B    7    8   9   10  11  12  13   14  15   16   17  18
                                     12Z  AVG MX 2MIN
DY MAX MIN AVG DEP HDD CDD  WTR  SNW DPTH SPD SPD DIR MIN PSBL S-S WX    SPD DR
================================================================================

 1  52  20  36   1  29   0 0.00    M    M  9.2 17 140   M    M   0        25 150
 2  67  31  49  14  16   0 0.00    M    M 10.8 22 130   M    M   0        30 150
 3  75  27  51  16  14   0 0.00    M    M  7.9 21 170   M    M   0 8      32 170
 4  78  34  56  20   9   0 0.00    M    M 13.8 37 340   M    M   0 12     49 350
 5  49  30  40   4  25   0    T    M    M 22.2 47 310   M    M   3 1      63 320
 6  44  24  34  -2  31   0 0.00    M    M 29.1 49 350   M    M   0        65 340
 7  52  15  34  -3  31   0 0.00    M    M  9.1 24 320   M    M   1        29 320
 8  61  17  39   2  26   0 0.00    M    M  6.2 18 190   M    M   0        24 210
 9  66  22  44   7  21   0 0.00    M    M 10.1 25 320   M    M   0        33 310
10  60  28  44   6  21   0 0.00    M    M 16.8 32 330   M    M   3        47 310
11  49  21  35  -3  30   0 0.00    M    M 10.6 23 330   M    M   3        27 320
12  51  15  33  -5  32   0 0.00    M    M  4.1 12  70   M    M   1        15  80
13  53  17  35  -3  30   0 0.00    M    M  5.2 12 160   M    M   1        17 150
14  70  27  49  10  16   0 0.00    M    M  6.6 16 180   M    M   0        21 210
15  71  30  51  12  14   0 0.00    M    M 14.5 37  80   M    M   0        49  80
16  54  29  42   3  23   0 0.10    M    M 16.1 28  70   M    M   7 1      36  70
17  56  23  40   0  25   0 0.00    M    M  9.0 14 100   M    M   0        20 110
18  50  25  38  -2  27   0 0.01    M    M 14.7 25  40   M    M   5 18     34  40
19  39  28  34  -6  31   0 0.23    M    M 15.7 26 350   M    M   8 1      32 350
20  53  26  40   0  25   0    T    M    M  8.2 36 330   M    M   4        48 330
21  65  24  45   4  20   0 0.00    M    M 10.3 24 210   M    M   2        33 180
22  75  31  53  12  12   0 0.00    M    M  5.0 20 210   M    M   0 1      29 210
23  76  40  58  16   7   0 0.02    M    M 12.8 32 340   M    M   1 138    43 340
24  57  34  46   4  19   0 0.00    M    M 12.5 21 110   M    M   3 1      29 120
25  38  31  35  -7  30   0 0.00    M    M 11.8 20 120   M    M  10 1      24 120
26  48  34  41  -1  24   0 0.01    M    M  9.1 15 360   M    M  10 128    20  40
27  57  30  44   1  21   0 0.00    M    M  8.2 16 340   M    M   2        24  10
28  62  27  45   2  20   0 0.00    M    M 10.3 32  10   M    M   4        41  10
29  47  27  37  -6  28   0 0.00    M    M  6.1 14  40   M    M   5 1      18  40
30  67  20  44   0  21   0 0.00    M    M 13.2 30 210   M    M   1        40 210
31  54  25  40  -4  25   0 0.00    M    M 15.6 32 360   M    M   3        42 360
================================================================================
SM 1796  812       703   0  0.37    M    354.8          M       77
================================================================================
AV 57.9 26.2                              11.4 FASTST   M    M   2    MAX(MPH)
                                 MISC ---->  # 49 350               # 65  340
================================================================================
NOTES:
# LAST OF SEVERAL OCCURRENCES

COLUMN 17 PEAK WIND IN M.P.H.

PRELIMINARY LOCAL CLIMATOLOGICAL DATA (WS FORM: F-6) , PAGE 2

                                          STATION:  MCCOOK NE
                                          MONTH:    MARCH
                                          YEAR:     2018
                                          LATITUDE:   40 13 N
                                          LONGITUDE: 100 35 W

[TEMPERATURE DATA]      [PRECIPITATION DATA]       SYMBOLS USED IN COLUMN 16

AVERAGE MONTHLY: 42.1   TOTAL FOR MONTH:   0.37    1 = FOG OR MIST
DPTR FM NORMAL:   2.7   DPTR FM NORMAL:   -0.99    2 = FOG REDUCING VISIBILITY
HIGHEST:    78 ON  4    GRTST 24HR  0.23 ON 19-19      TO 1/4 MILE OR LESS
LOWEST:     15 ON 12, 7                            3 = THUNDER
                        SNOW, ICE PELLETS, HAIL    4 = ICE PELLETS
                        TOTAL MONTH:    M          5 = HAIL
                        GRTST 24HR    M  ON   M    6 = FREEZING RAIN OR DRIZZLE
                        GRTST DEPTH:  M  ON   M    7 = DUSTSTORM OR SANDSTORM:
                                                       VSBY 1/2 MILE OR LESS
                                                   8 = SMOKE OR HAZE
[NO. OF DAYS WITH]      [WEATHER - DAYS WITH]      9 = BLOWING SNOW
                                                   X = TORNADO
MAX 32 OR BELOW:   0    0.01 INCH OR MORE:   5
MAX 90 OR ABOVE:   0    0.10 INCH OR MORE:   2
MIN 32 OR BELOW:  27    0.50 INCH OR MORE:   0
MIN  0 OR BELOW:   0    1.00 INCH OR MORE:   0

[HDD (BASE 65) ]
TOTAL THIS MO.   703    CLEAR  (SCALE 0-3)  21
DPTR FM NORMAL   -92    PTCLDY (SCALE 4-7)   7
TOTAL FM JUL 1  5229    CLOUDY (SCALE 8-10)  3
DPTR FM NORMAL  -202

[CDD (BASE 65) ]
TOTAL THIS MO.     0
DPTR FM NORMAL     0    [PRESSURE DATA]
TOTAL FM JAN 1     0    HIGHEST SLP 30.52 ON 13
DPTR FM NORMAL     0    LOWEST  SLP 29.26 ON 16

[REMARKS]
#FINAL-03-18#
