000
CXUS55 KBOU 011337
CF620V
PRELIMINARY LOCAL CLIMATOLOGICAL DATA (WS FORM: F-6)
STATION: KREMMLING
MONTH: AUGUST
YEAR: 2021
LATITUDE: 40 3 N
LONGITUDE: 106 22 W
TEMPERATURE IN F: :PCPN: SNOW: WIND :SUNSHINE: SKY :PK WND
================================================================================
1 2 3 4 5 6A 6B 7 8 9 10 11 12 13 14 15 16 17 18
12Z AVG MX 2MIN
DY MAX MIN AVG DEP HDD CDD WTR SNW DPTH SPD SPD DIR MIN PSBL S-S WX SPD DR
================================================================================
1 79 50 65 M 0 0 0.00 M M 3.1 15 270 M M 6 3 23 270
2 79 50 65 M 0 0 0.00 M M 3.9 17 200 M M 5 21 190
3 68 54 61 M 4 0 0.56 M M 2.9 12 260 M M 9 22 270
4 75 50 63 M 2 0 0.00 M M 3.0 10 320 M M 3 1 16 40
5 84 41 63 M 2 0 0.00 M M 1.7 8 250 M M 0 M M
6 88 43 66 M 0 1 0.00 M M 7.7 25 220 M M 2 37 220
7 72 45 59 M 6 0 0.00 M M 3.0 10 360 M M 5 8 17 360
8 82 37 60 M 5 0 0.00 M M 3.6 13 250 M M 1 18 20 220
9 86 39 63 M 2 0 0.00 M M 3.3 12 270 M M 0 23 230
10 81 39 60 M 5 0 0.00 M M 3.8 20 230 M M 1 27 230
11 88 37 63 M 2 0 0.00 M M 3.5 12 220 M M 0 20 220
12 90 36 63 M 2 0 0.00 M M 3.2 13 100 M M 0 18 140
13 88 48 68 M 0 3 0.00 M M 3.3 18 70 M M 2 31 300
14 88 43 66 M 0 1 0.00 M M 4.4 18 40 M M 0 3 33 30
15 86 45 66 M 0 1 0.00 M M 3.9 15 140 M M 2 45 260
16 86 41 64 M 1 0 0.00 M M 3.5 14 140 M M 1 26 110
17 88 41 65 M 0 0 0.10 M M 3.1 12 10 M M 1 18 230
18 81 45 63 M 2 0 0.01 M M 5.7 24 150 M M 4 39 150
19 68 46 57 M 8 0 0.06 M M 5.3 22 260 M M 8 28 260
20 68 39 54 M 11 0 0.06 M M 6.2 15 250 M M 5 21 260
21 73 37 55 M 10 0 0.00 M M 4.8 22 260 M M 4 28 260
22 79 41 60 M 5 0 0.00 M M 6.4 20 230 M M 2 30 230
23 81 36 59 M 6 0 0.00 M M 5.0 17 230 M M 3 28 230
24 81 39 60 M 5 0 0.00 M M 3.8 15 230 M M 1 23 230
25 82 34 58 M 7 0 0.00 M M 4.2 17 260 M M 0 26 270
26 77 37 57 M 8 0 0.12 M M 5.8 18 320 M M 4 3 38 320
27 82 39 61 M 4 0 0.00 M M 5.4 17 240 M M 0 26 240
28 88 37 63 M 2 0 0.00 M M 2.9 20 220 M M 0 27 200
29 88 37 63 M 2 0 0.00 M M 3.5 17 350 M M 0 26 240
30 86 34 60 M 5 0 0.00 M M 2.1 10 300 M M 0 16 300
31 86 36 61 M 4 0 0.00 M M 0.9 7 210 M M 0 M M
================================================================================
SM 2528 1276 110 6 0.91 M 122.9 M 69
================================================================================
AV 81.5 41.2 4.0 FASTST M M 2 MAX(MPH)
MISC ----> 25 220 45 260
================================================================================
NOTES:
# LAST OF SEVERAL OCCURRENCES
COLUMN 17 PEAK WIND IN M.P.H.
PRELIMINARY LOCAL CLIMATOLOGICAL DATA (WS FORM: F-6) , PAGE 2
STATION: KREMMLING
MONTH: AUGUST
YEAR: 2021
LATITUDE: 40 3 N
LONGITUDE: 106 22 W
[TEMPERATURE DATA] [PRECIPITATION DATA] SYMBOLS USED IN COLUMN 16
AVERAGE MONTHLY: 61.4 TOTAL FOR MONTH: 0.91 1 = FOG OR MIST
DPTR FM NORMAL: M DPTR FM NORMAL: M 2 = FOG REDUCING VISIBILITY
HIGHEST: 90 ON 12 GRTST 24HR 0.56 ON 3- 3 TO 1/4 MILE OR LESS
LOWEST: 34 ON 30,25 3 = THUNDER
SNOW, ICE PELLETS, HAIL 4 = ICE PELLETS
TOTAL MONTH: M 5 = HAIL
GRTST 24HR M ON M 6 = FREEZING RAIN OR DRIZZLE
GRTST DEPTH: M ON M 7 = DUSTSTORM OR SANDSTORM:
VSBY 1/2 MILE OR LESS
8 = SMOKE OR HAZE
[NO. OF DAYS WITH] [WEATHER - DAYS WITH] 9 = BLOWING SNOW
X = TORNADO
MAX 32 OR BELOW: 0 0.01 INCH OR MORE: 6
MAX 90 OR ABOVE: 1 0.10 INCH OR MORE: 2
MIN 32 OR BELOW: 0 0.50 INCH OR MORE: 1
MIN 0 OR BELOW: 0 1.00 INCH OR MORE: 0
[HDD (BASE 65) ]
TOTAL THIS MO. 110 CLEAR (SCALE 0-3) 21
DPTR FM NORMAL M PTCLDY (SCALE 4-7) 8
TOTAL FM JUL 1 138 CLOUDY (SCALE 8-10) 2
DPTR FM NORMAL M
[CDD (BASE 65) ]
TOTAL THIS MO. 6
DPTR FM NORMAL M [PRESSURE DATA]
TOTAL FM JAN 1 79 HIGHEST SLP M ON M
DPTR FM NORMAL M LOWEST SLP M ON M
[REMARKS]
#FINAL-08-21#