000
CXUS52 KCAE 011500
CF6AGS
PRELIMINARY LOCAL CLIMATOLOGICAL DATA (WS FORM: F-6)
STATION: AUGUSTA BUSH FIELD GA
MONTH: JANUARY
YEAR: 2024
LATITUDE: 33 22 N
LONGITUDE: 81 58 W
TEMPERATURE IN F: :PCPN: SNOW: WIND :SUNSHINE: SKY :PK WND
================================================================================
1 2 3 4 5 6A 6B 7 8 9 10 11 12 13 14 15 16 17 18
12Z AVG MX 2MIN
DY MAX MIN AVG DEP HDD CDD WTR SNW DPTH SPD SPD DIR MIN PSBL S-S WX SPD DR
================================================================================
1 61 33 47 -1 18 0 0.00 0.0 0 6.5 14 310 M M 0 23 20
2 53 26 40 -8 25 0 0.00 0.0 0 3.2 9 240 M M 0 14 250
3 50 24 37 -11 28 0 T 0.0 0 2.3 12 190 M M 3 128 16 230
4 56 26 41 -6 24 0 0.00 0.0 0 3.8 14 350 M M 1 1 19 10
5 57 24 41 -6 24 0 0.00 0.0 0 6.0 13 110 M M 3 17 100
6 56 43 50 3 15 0 0.71 0.0 0 6.1 12 340 M M 9 1 17 100
7 54 33 44 -3 21 0 0.00 0.0 0 9.2 21 290 M M 0 29 270
8 52 27 40 -7 25 0 0.01 0.0 0 6.0 18 90 M M 2 8 25 80
9 67 44 56 9 9 0 1.05 0.0 0 13.9 28 240 M M 9 13 45 260
10 53 35 44 -3 21 0 0.00 0.0 M 9.8 28 250 M M 2 46 250
11 58 28 43 -4 22 0 0.00 0.0 0 2.2 10 190 M M 0 1 13 200
12 67 29 48 1 17 0 0.60 0.0 0 5.9 23 320 M M 9 123 31 210
13 59 30 45 -2 20 0 0.00 0.0 0 10.3 23 310 M M 1 32 300
14 60 26 43 -4 22 0 0.00 0.0 0 4.2 17 280 M M 0 23 240
15 66 30 48 1 17 0 0.00 0.0 0 2.5 15 200 M M 1 20 200
16 49 30 40 -7 25 0 0.03 0.0 0 7.8 20 300 M M 5 1 24 280
17 46 21 34 -13 31 0 0.00 0.0 0 4.5 12 310 M M 0 15 320
18 57 21 39 -8 26 0 0.00 0.0 0 2.3 14 250 M M 1 18 19 260
19 54 31 43 -4 22 0 0.03 0.0 0 12.1 30 280 M M 4 18 46 290
20 40 24 32 -15 33 0 0.00 0.0 0 8.0 20 350 M M 0 26 350
21 44 16 30 -17 35 0 0.00 0.0 0 4.8 15 10 M M 0 20 350
22 57 20 39 -8 26 0 0.00 0.0 0 2.0 9 70 M M 2 1 15 60
23 59 44 52 4 13 0 0.01 0.0 0 2.4 7 360 M M 9 1 8 330
24 68 53 61 13 4 0 0.14 0.0 0 4.6 13 160 M M 10 12 19 140
25 79 64 72 24 0 7 0.01 0.0 0 7.9 18 190 M M 9 1 24 190
26 77 54 66 18 0 1 T 0.0 0 4.7 15 190 M M 2 12 20 190
27 75 55 65 17 0 0 0.06 0.0 0 3.0 14 170 M M 5 18 21 170
28 67 46 57 9 8 0 0.05 0.0 0 14.9 25 290 M M 4 1 36 290
29 61 36 49 1 16 0 0.00 0.0 0 8.7 17 330 M M 0 27 310
30 61 29 45 -3 20 0 T 0.0 0 3.0 12 230 M M 1 18 17 180
31 57 33 45 -3 20 0 T 0.0 0 5.9 21 20 M M 5 1 28 40
================================================================================
SM 1820 1035 587 8 2.70 0.0 188.5 M 97
================================================================================
AV 58.7 33.4 6.1 FASTST M M 3 MAX(MPH)
MISC ----> 30 280 # 46 250
================================================================================
NOTES:
# LAST OF SEVERAL OCCURRENCES
COLUMN 17 PEAK WIND IN M.P.H.
PRELIMINARY LOCAL CLIMATOLOGICAL DATA (WS FORM: F-6) , PAGE 2
STATION: AUGUSTA BUSH FIELD GA
MONTH: JANUARY
YEAR: 2024
LATITUDE: 33 22 N
LONGITUDE: 81 58 W
[TEMPERATURE DATA] [PRECIPITATION DATA] SYMBOLS USED IN COLUMN 16
AVERAGE MONTHLY: 46.0 TOTAL FOR MONTH: 2.70 1 = FOG OR MIST
DPTR FM NORMAL: -1.4 DPTR FM NORMAL: -1.14 2 = FOG REDUCING VISIBILITY
HIGHEST: 79 ON 25 GRTST 24HR 1.05 ON 9- 9 TO 1/4 MILE OR LESS
LOWEST: 16 ON 21 3 = THUNDER
SNOW, ICE PELLETS, HAIL 4 = ICE PELLETS
TOTAL MONTH: 0.0 INCH 5 = HAIL
GRTST 24HR 0.0 6 = FREEZING RAIN OR DRIZZLE
GRTST DEPTH: 0 7 = DUSTSTORM OR SANDSTORM:
VSBY 1/2 MILE OR LESS
8 = SMOKE OR HAZE
[NO. OF DAYS WITH] [WEATHER - DAYS WITH] 9 = BLOWING SNOW
X = TORNADO
MAX 32 OR BELOW: 0 0.01 INCH OR MORE: 11
MAX 90 OR ABOVE: 0 0.10 INCH OR MORE: 4
MIN 32 OR BELOW: 18 0.50 INCH OR MORE: 3
MIN 0 OR BELOW: 0 1.00 INCH OR MORE: 1
[HDD (BASE 65) ]
TOTAL THIS MO. 587 CLEAR (SCALE 0-3) 20
DPTR FM NORMAL 39 PTCLDY (SCALE 4-7) 5
TOTAL FM JUL 1 1472 CLOUDY (SCALE 8-10) 6
DPTR FM NORMAL 51
[CDD (BASE 65) ]
TOTAL THIS MO. 8
DPTR FM NORMAL 4 [PRESSURE DATA]
TOTAL FM JAN 1 8 HIGHEST SLP 30.66 ON 21
DPTR FM NORMAL 4 LOWEST SLP 29.36 ON 9
[REMARKS]
#FINAL-01-24#