000
CXUS55 KGJT 010910
CF6ASE
PRELIMINARY LOCAL CLIMATOLOGICAL DATA (WS FORM: F-6)
STATION: ASPEN CO
MONTH: JUNE
YEAR: 2023
LATITUDE: 39 13 N
LONGITUDE: 106 52 W
TEMPERATURE IN F: :PCPN: SNOW: WIND :SUNSHINE: SKY :PK WND
================================================================================
1 2 3 4 5 6A 6B 7 8 9 10 11 12 13 14 15 16 17 18
12Z AVG MX 2MIN
DY MAX MIN AVG DEP HDD CDD WTR SNW DPTH SPD SPD DIR MIN PSBL S-S WX SPD DR
================================================================================
1 63 40 52 -3 13 0 0.21 M M 5.3 18 240 M M 7 18 27 120
2 45 39 42 -14 23 0 0.71 M M 3.3 9 340 M M 10 1 13 350
3 60 42 51 -5 14 0 0.02 M M 3.3 12 330 M M 8 18 330
4 65 38 52 -4 13 0 0.00 M M 6.1 20 190 M M 4 3 27 180
5 72 37 55 -1 10 0 0.00 M M 5.6 18 330 M M 0 32 340
6 72 38 55 -2 10 0 T M M 5.9 18 260 M M 2 3 25 260
7 69 43 56 -1 9 0 0.08 M M 6.5 23 290 M M 6 38 31 280
8 72 40 56 -1 9 0 0.00 M M 5.8 20 260 M M 0 26 260
9 71 39 55 -3 10 0 0.00 M M 8.0 29 180 M M 2 38 170
10 72 39 56 -2 9 0 0.00 M M 6.7 21 310 M M 1 32 330
11 71 39 55 -3 10 0 T M M 5.4 23 200 M M 2 3 35 210
12 61 38 50 -9 15 0 0.05 M M 6.0 33 200 M M 5 3 47 220
13 63 35 49 -10 16 0 T M M 7.6 16 320 M M 5 31 250
14 69 39 54 -5 11 0 T M M 6.1 20 130 M M 5 29 170
15 68 39 54 -6 11 0 0.19 M M 5.1 23 320 M M 7 18 37 320
16 61 40 51 -9 14 0 0.02 M M 4.6 23 310 M M 7 31 300
17 57 38 48 -12 17 0 0.08 M M 4.4 13 220 M M 6 3 24 310
18 72 37 55 -5 10 0 0.00 M M 6.5 23 220 M M 2 32 230
19 78 42 60 -1 5 0 0.00 M M 7.9 23 170 M M 0 30 170
20 76 41 59 -2 6 0 0.00 M M 7.2 21 190 M M 0 32 150
21 80 41 61 0 4 0 0.00 M M 6.3 17 240 M M 1 26 350
22 80 45 63 1 2 0 0.00 M M 7.6 16 170 M M 1 24 160
23 76 44 60 -2 5 0 0.00 M M 9.5 26 170 M M 0 39 210
24 73 36 55 -7 10 0 0.00 M M 6.9 15 350 M M 0 25 320
25 80 36 58 -4 7 0 0.00 M M 6.7 16 230 M M 0 26 280
26 81 43 62 -1 3 0 0.00 M M 7.5 26 230 M M 0 40 230
27 79 48 64 1 1 0 0.00 M M 8.4 25 240 M M 1 40 200
28 79 40 60 -3 5 0 0.00 M M 6.5 20 250 M M 0 29 250
29 79 41 60 -3 5 0 0.00 M M 7.4 24 220 M M 0 35 240
30 70 39 55 -9 10 0 0.03 M M 5.9 25 350 M M 3 3 35 330
================================================================================
SM 2114 1196 287 0 1.39 M 190.0 M 85
================================================================================
AV 70.5 39.9 6.3 FASTST M M 3 MAX(MPH)
MISC ----> 33 200 47 220
================================================================================
NOTES:
# LAST OF SEVERAL OCCURRENCES
COLUMN 17 PEAK WIND IN M.P.H.
PRELIMINARY LOCAL CLIMATOLOGICAL DATA (WS FORM: F-6) , PAGE 2
STATION: ASPEN CO
MONTH: JUNE
YEAR: 2023
LATITUDE: 39 13 N
LONGITUDE: 106 52 W
[TEMPERATURE DATA] [PRECIPITATION DATA] SYMBOLS USED IN COLUMN 16
AVERAGE MONTHLY: 55.2 TOTAL FOR MONTH: 1.39 1 = FOG OR MIST
DPTR FM NORMAL: -4.4 DPTR FM NORMAL: 0.51 2 = FOG REDUCING VISIBILITY
HIGHEST: 81 ON 26 GRTST 24HR 0.72 ON 2- 3 TO 1/4 MILE OR LESS
LOWEST: 35 ON 13 3 = THUNDER
SNOW, ICE PELLETS, HAIL 4 = ICE PELLETS
TOTAL MONTH: M 5 = HAIL
GRTST 24HR M ON M 6 = FREEZING RAIN OR DRIZZLE
GRTST DEPTH: M ON M 7 = DUSTSTORM OR SANDSTORM:
VSBY 1/2 MILE OR LESS
8 = SMOKE OR HAZE
[NO. OF DAYS WITH] [WEATHER - DAYS WITH] 9 = BLOWING SNOW
X = TORNADO
MAX 32 OR BELOW: 0 0.01 INCH OR MORE: 9
MAX 90 OR ABOVE: 0 0.10 INCH OR MORE: 3
MIN 32 OR BELOW: 0 0.50 INCH OR MORE: 1
MIN 0 OR BELOW: 0 1.00 INCH OR MORE: 0
[HDD (BASE 65) ]
TOTAL THIS MO. 287 CLEAR (SCALE 0-3) 18
DPTR FM NORMAL 112 PTCLDY (SCALE 4-7) 11
TOTAL FM JUL 1 8835 CLOUDY (SCALE 8-10) 1
DPTR FM NORMAL 691
[CDD (BASE 65) ]
TOTAL THIS MO. 0
DPTR FM NORMAL -13 [PRESSURE DATA]
TOTAL FM JAN 1 0 HIGHEST SLP M ON M
DPTR FM NORMAL -13 LOWEST SLP 29.63 ON 27
[REMARKS]
#FINAL-06-23#