000
CXUS54 KMAF 011210
CF6BPG
PRELIMINARY LOCAL CLIMATOLOGICAL DATA (WS FORM: F-6)
STATION: BIG SPRING MCMAHON-WRINKLE FI
MONTH: NOVEMBER
YEAR: 2020
LATITUDE: 32 12 N
LONGITUDE: 101 31 W
TEMPERATURE IN F: :PCPN: SNOW: WIND :SUNSHINE: SKY :PK WND
================================================================================
1 2 3 4 5 6A 6B 7 8 9 10 11 12 13 14 15 16 17 18
12Z AVG MX 2MIN
DY MAX MIN AVG DEP HDD CDD WTR SNW DPTH SPD SPD DIR MIN PSBL S-S WX SPD DR
================================================================================
1 71 51 61 M 4 0 M M M 13.4 24 50 M M 0 29 40
2 74 40 57 M 8 0 M M M 7.2 15 190 M M 0 21 190
3 77 46 62 M 3 0 M M M 12.4 18 210 M M 0 23 200
4 82 51 67 M 0 2 M M M 13.3 18 180 M M 0 22 200
5 84 46 65 M 0 0 M M M 5.7 13 40 M M 0 17 40
6 80 44 62 M 3 0 M M M 5.2 12 160 M M 0 M M
7 73 55 64 M 1 0 M M M 15.2 21 170 M M 1 26 160
8 80 59 70 M 0 5 M M M 21.7 30 170 M M 2 36 170
9 81 62 72 M 0 7 M M M 19.0 26 160 M M 0 31 160
10 70 47 59 M 6 0 M M M 9.6 20 330 M M 1 24 340
11 73 38 56 M 9 0 M M M 4.2 9 160 M M 0 M M
12 77 44 61 M 4 0 M M M 5.9 12 80 M M 0 1 31 80
13 58 47 53 M 12 0 M M M 11.4 25 60 M M 8 35 60
14 81 51 66 M 0 1 M M M 14.1 29 260 M M 7 8 36 240
15 62 39 51 M 14 0 M M M 9.4 30 30 M M 0 33 30
16 77 36 57 M 8 0 M M M 7.9 14 210 M M 0 M M
17 74 41 58 M 7 0 M M M 8.1 18 150 M M 0 20 180
18 75 49 62 M 3 0 M M M 16.4 23 180 M M 0 29 180
19 80 55 68 M 0 3 M M M 17.3 24 190 M M 0 29 180
20 80 55 68 M 0 3 M M M 9.8 15 180 M M 0 M M
21 74 52 63 M 2 0 M M M 8.8 15 170 M M 3 21 170
22 59 47 53 M 12 0 M M M 16.4 26 60 M M 8 1 32 60
23 71 46 59 M 6 0 M M M 15.0 26 160 M M 8 1 33 180
24 79 46 63 M 2 0 M M M 22.3 35 260 M M 4 8 43 260
25 66 32 49 M 16 0 M M M 7.5 14 350 M M 0 M M
26 79 42 61 M 4 0 M M M 10.2 16 250 M M 0 22 230
27 58 44 51 M 14 0 M M M 19.4 29 50 M M 5 37 40
28 53 37 45 M 20 0 0.12 M M 9.6 18 60 M M 6 1 24 60
29 51 36 44 M 21 0 M M M 9.5 18 360 M M 8 12 23 20
30 51 25 38 M 27 0 M M M 7.2 12 170 M M 0 M M
================================================================================
SM 2150 1363 206 21 0.12 M 353.5 M 61
================================================================================
AV 71.7 45.4 11.8 FASTST M M 2 MAX(MPH)
MISC ----> 35 260 43 260
================================================================================
NOTES:
# LAST OF SEVERAL OCCURRENCES
COLUMN 17 PEAK WIND IN M.P.H.
PRELIMINARY LOCAL CLIMATOLOGICAL DATA (WS FORM: F-6) , PAGE 2
STATION: BIG SPRING MCMAHON-WRINKLE FI
MONTH: NOVEMBER
YEAR: 2020
LATITUDE: 32 12 N
LONGITUDE: 101 31 W
[TEMPERATURE DATA] [PRECIPITATION DATA] SYMBOLS USED IN COLUMN 16
AVERAGE MONTHLY: 58.6 TOTAL FOR MONTH: 0.12 1 = FOG OR MIST
DPTR FM NORMAL: 0.0 DPTR FM NORMAL: M 2 = FOG REDUCING VISIBILITY
HIGHEST: 84 ON 5 GRTST 24HR 0.12 ON 28-28 TO 1/4 MILE OR LESS
LOWEST: 25 ON 30 3 = THUNDER
SNOW, ICE PELLETS, HAIL 4 = ICE PELLETS
TOTAL MONTH: M 5 = HAIL
GRTST 24HR M ON M 6 = FREEZING RAIN OR DRIZZLE
GRTST DEPTH: M ON M 7 = DUSTSTORM OR SANDSTORM:
VSBY 1/2 MILE OR LESS
8 = SMOKE OR HAZE
[NO. OF DAYS WITH] [WEATHER - DAYS WITH] 9 = BLOWING SNOW
X = TORNADO
MAX 32 OR BELOW: 0 0.01 INCH OR MORE: 1
MAX 90 OR ABOVE: 0 0.10 INCH OR MORE: 1
MIN 32 OR BELOW: 2 0.50 INCH OR MORE: 0
MIN 0 OR BELOW: 0 1.00 INCH OR MORE: 0
[HDD (BASE 65) ]
TOTAL THIS MO. 206 CLEAR (SCALE 0-3) 22
DPTR FM NORMAL M PTCLDY (SCALE 4-7) 6
TOTAL FM JUL 1 389 CLOUDY (SCALE 8-10) 2
DPTR FM NORMAL M
[CDD (BASE 65) ]
TOTAL THIS MO. 21
DPTR FM NORMAL M [PRESSURE DATA]
TOTAL FM JAN 1 2818 HIGHEST SLP M ON M
DPTR FM NORMAL M LOWEST SLP M ON M
[REMARKS]
#FINAL-11-20#