000
CXUS56 KEKA 011230
CF6CEC
PRELIMINARY LOCAL CLIMATOLOGICAL DATA (WS FORM: F-6)
STATION: CRESCENT CITY CA
MONTH: MAY
YEAR: 2023
LATITUDE: 41 46 N
LONGITUDE: 124 14 W
TEMPERATURE IN F: :PCPN: SNOW: WIND :SUNSHINE: SKY :PK WND
================================================================================
1 2 3 4 5 6A 6B 7 8 9 10 11 12 13 14 15 16 17 18
12Z AVG MX 2MIN
DY MAX MIN AVG DEP HDD CDD WTR SNW DPTH SPD SPD DIR MIN PSBL S-S WX SPD DR
================================================================================
1 57 49 53 1 12 0 T M M 12.0 24 320 M M 8 18 34 320
2 57 44 51 -1 14 0 0.54 M M 3.6 12 170 M M 6 138 14 180
3 56 47 52 0 13 0 0.03 M M 4.6 12 320 M M 7 18 17 350
4 55 48 52 0 13 0 T M M 5.5 9 180 M M 10 18 14 200
5 57 50 54 2 11 0 0.29 M M 10.9 20 180 M M 10 18 27 200
6 56 45 51 -1 14 0 0.04 M M 6.0 13 170 M M 6 1 17 180
7 56 43 50 -2 15 0 0.41 M M 7.9 18 180 M M 8 1 24 190
8 57 44 51 -1 14 0 0.13 M M 8.7 22 180 M M 5 1 27 180
9 57 43 50 -3 15 0 0.00 M M 6.1 13 320 M M 2 18 17 310
10 55 49 52 -1 13 0 0.00 M M 6.4 14 320 M M 10 18 17 310
11 59 51 55 2 10 0 0.00 M M 7.1 14 310 M M 9 1 19 320
12 57 51 54 1 11 0 0.00 M M 5.7 13 150 M M 10 18 18 340
13 62 50 56 3 9 0 0.00 M M 6.0 15 150 M M 6 128 20 160
14 83 48 66 13 0 1 T M M 6.1 21 160 M M 1 128 29 180
15 58 53 56 3 9 0 0.00 M M 6.3 15 190 M M 10 1 21 200
16 57 52 55 2 10 0 0.00 M M 5.5 13 330 M M 10 1 17 320
17 56 51 54 1 11 0 0.00 M M 3.1 10 220 M M 10 1 14 210
18 56 51 54 0 11 0 0.00 M M 5.0 12 320 M M 10 1 15 320
19 57 51 54 0 11 0 T M M 5.1 12 320 M M 10 1 16 320
20 59 52 56 2 9 0 0.00 M M 5.5 16 320 M M 10 1 23 320
21 58 50 54 0 11 0 0.00 M M 13.6 26 340 M M 4 18 45 340
22 57 49 53 -1 12 0 0.00 M M 21.5 31 330 M M 0 18 50 320
23 55 48 52 -2 13 0 0.00 M M 21.5 33 330 M M 0 18 53 330
24 57 43 50 -4 15 0 0.00 M M 10.7 21 170 M M 0 18 35 340
25 53 45 49 -5 16 0 0.00 0.0 M 7.0 22 180 M M 10 1 29 180
26 54 50 52 -2 13 0 0.00 M M 5.0 12 220 M M 10 1 15 220
27 57 50 54 0 11 0 0.00 M M 7.7 17 320 M M 10 1 25 330
28 57 49 53 -1 12 0 0.00 M M 8.2 23 170 M M 7 1 34 180
29 55 47 51 -3 14 0 0.00 M M 7.9 17 180 M M 10 1 24 160
30 56 49 53 -1 12 0 0.00 M M 6.1 15 180 M M 6 1 20 170
31 56 46 51 -4 14 0 0.00 M M 14.6 33 330 M M 4 1 52 320
================================================================================
SM 1782 1498 368 1 1.44 0.0 250.9 M 219
================================================================================
AV 57.5 48.3 8.1 FASTST M M 7 MAX(MPH)
MISC ----> # 33 330 53 330
================================================================================
NOTES:
# LAST OF SEVERAL OCCURRENCES
COLUMN 17 PEAK WIND IN M.P.H.
PRELIMINARY LOCAL CLIMATOLOGICAL DATA (WS FORM: F-6) , PAGE 2
STATION: CRESCENT CITY CA
MONTH: MAY
YEAR: 2023
LATITUDE: 41 46 N
LONGITUDE: 124 14 W
[TEMPERATURE DATA] [PRECIPITATION DATA] SYMBOLS USED IN COLUMN 16
AVERAGE MONTHLY: 52.9 TOTAL FOR MONTH: 1.44 1 = FOG OR MIST
DPTR FM NORMAL: -0.4 DPTR FM NORMAL: -1.04 2 = FOG REDUCING VISIBILITY
HIGHEST: 83 ON 14 GRTST 24HR 0.55 ON 2- 3 TO 1/4 MILE OR LESS
LOWEST: 43 ON 24, 9 3 = THUNDER
SNOW, ICE PELLETS, HAIL 4 = ICE PELLETS
TOTAL MONTH: 0.0 INCH 5 = HAIL
GRTST 24HR 0.0 6 = FREEZING RAIN OR DRIZZLE
GRTST DEPTH: M ON M 7 = DUSTSTORM OR SANDSTORM:
VSBY 1/2 MILE OR LESS
8 = SMOKE OR HAZE
[NO. OF DAYS WITH] [WEATHER - DAYS WITH] 9 = BLOWING SNOW
X = TORNADO
MAX 32 OR BELOW: 0 0.01 INCH OR MORE: 6
MAX 90 OR ABOVE: 0 0.10 INCH OR MORE: 4
MIN 32 OR BELOW: 0 0.50 INCH OR MORE: 1
MIN 0 OR BELOW: 0 1.00 INCH OR MORE: 0
[HDD (BASE 65) ]
TOTAL THIS MO. 368 CLEAR (SCALE 0-3) 5
DPTR FM NORMAL 3 PTCLDY (SCALE 4-7) 11
TOTAL FM JUL 1 4460 CLOUDY (SCALE 8-10) 15
DPTR FM NORMAL 323
[CDD (BASE 65) ]
TOTAL THIS MO. 1
DPTR FM NORMAL 1 [PRESSURE DATA]
TOTAL FM JAN 1 1 HIGHEST SLP 30.20 ON 21
DPTR FM NORMAL 1 LOWEST SLP 29.73 ON 2
[REMARKS]
#FINAL-05-23#