000
CXUS52 KCAE 011855
CLMCUB
CLIMATE REPORT
NATIONAL WEATHER SERVICE COLUMBIA SC
255 PM EDT MON MAY 01 2023
...................................
...THE HAMILTON - OWENS AIRPORT SC CLIMATE SUMMARY FOR THE MONTH OF APRIL 2023...
CLIMATE NORMAL PERIOD: 1991 TO 2020
CLIMATE RECORD PERIOD: 9999 TO 9999
WEATHER OBSERVED NORMAL DEPART LAST YEAR`S
VALUE DATE(S) VALUE FROM VALUE
NORMAL
..............................................................
TEMPERATURE (F)
HIGHEST 87 04/05 MM MM
04/19
LOWEST 37 04/11 MM MM
AVG. MAXIMUM 76.8 77.2 -0.4
AVG. MINIMUM 52.9 53.4 -0.5
MEAN 64.9 65.3 -0.4
DAYS MAX >= 90 0 1.1 -1.1
DAYS MAX <= 32 0 0.0 0.0
DAYS MIN <= 32 0 0.0 0.0
DAYS MIN <= 0 0 0.0 0.0
PRECIPITATION (INCHES)
TOTALS 4.37 2.70 1.67
DAYS >= .01 14 7.7 6.3
DAYS >= .10 9 4.9 4.1
DAYS >= .50 3 2.1 0.9
DAYS >= 1.00 1 0.5 0.5
GREATEST
24 HR. TOTAL 1.90 04/08 TO 04/09
DAYS >= TRACE MM
DEGREE DAYS
HEATING TOTAL 79 86 -7
SINCE 7/1 1829 2197 -368
COOLING TOTAL 83 96 -13
SINCE 1/1 139 129 10
..............................................................
WIND (MPH)
AVERAGE WIND SPEED 4.5
RESULTANT WIND SPEED/DIRECTION 1/190
HIGHEST WIND SPEED/DIRECTION 26/280 DATE 04/30
HIGHEST GUST SPEED/DIRECTION 40/300 DATE 04/30
SKY COVER
POSSIBLE SUNSHINE (PERCENT) MM
AVERAGE SKY COVER 0.39
NUMBER OF DAYS FAIR 12
NUMBER OF DAYS PC 10
NUMBER OF DAYS CLOUDY 5
AVERAGE RH (PERCENT) 65
WEATHER CONDITIONS. NUMBER OF DAYS WITH
THUNDERSTORM 6 MIXED PRECIP 0
HEAVY RAIN 7 RAIN 8
LIGHT RAIN 14 FREEZING RAIN 0
LT FREEZING RAIN 0 HAIL 0
HEAVY SNOW 0 SNOW 0
LIGHT SNOW 0 SLEET 0
FOG 15 FOG W/VIS <= 1/4 MILE 2
HAZE 3
- INDICATES NEGATIVE NUMBERS.
R INDICATES RECORD WAS SET OR TIED.
MM INDICATES DATA IS MISSING.
T INDICATES TRACE AMOUNT.
$$