000
CXUS51 KPBZ 010730
CF6DUJ
PRELIMINARY LOCAL CLIMATOLOGICAL DATA (WS FORM: F-6)
STATION: DUBOIS PA
MONTH: MARCH
YEAR: 2023
LATITUDE: 41 10 N
LONGITUDE: 78 54 W
TEMPERATURE IN F: :PCPN: SNOW: WIND :SUNSHINE: SKY :PK WND
================================================================================
1 2 3 4 5 6A 6B 7 8 9 10 11 12 13 14 15 16 17 18
12Z AVG MX 2MIN
DY MAX MIN AVG DEP HDD CDD WTR SNW DPTH SPD SPD DIR MIN PSBL S-S WX SPD DR
================================================================================
1 66 28 47 17 18 0 T M M 9.1 21 240 M M 4 33 250
2 54 32 43 12 22 0 0.01 M M 10.1 21 320 M M 4 27 290
3 40 28 34 3 31 0 0.41 M M 14.0 29 120 M M 5 1268 44 100
4 41 30 36 5 29 0 0.19 M M 12.5 36 260 M M 8 18 49 260
5 48 30 39 7 26 0 T M M 7.8 21 280 M M 5 8 28 270
6 45 26 36 4 29 0 0.16 M M 8.4 18 20 M M 7 12 24 80
7 37 26 32 0 33 0 0.03 M M 12.0 23 320 M M 5 18 31 320
8 43 24 34 2 31 0 0.00 M M 9.4 16 310 M M 0 23 330
9 46 21 34 1 31 0 0.00 M M 5.2 12 10 M M 1 16 350
10 36 29 33 0 32 0 0.16 M M 11.5 21 280 M M 9 1 29 270
11 34 27 31 -2 34 0 0.00 M M 8.9 20 320 M M 10 8 26 320
12 34 25 30 -4 35 0 0.00 M M 7.3 15 110 M M 8 18 19 110
13 35 28 32 -2 33 0 0.05 M M 6.4 18 270 M M 10 18 25 280
14 28 24 26 -8 39 0 0.02 M M 16.0 25 310 M M 10 18 35 320
15 39 21 30 -5 35 0 T M M 10.5 23 310 M M 3 8 31 320
16 56 26 41 6 24 0 0.03 M M 7.8 17 260 M M 1 22 260
17 50 33 42 7 23 0 0.40 M M 9.7 25 260 M M 10 18 35 250
18 38 18 28 -8 37 0 T M M 17.1 30 270 M M 9 8 40 270
19 30 16 23 -13 42 0 T M M 15.2 23 260 M M 6 8 31 270
20 46 21 34 -2 31 0 0.00 M M 10.9 20 240 M M 0 27 230
21 57 28 43 6 22 0 0.00 M M 7.8 17 240 M M 0 24 250
22 56 37 47 10 18 0 0.00 M M 7.6 16 220 M M 8 23 230
23 58 43 51 14 14 0 0.62 M M 11.3 22 340 M M 10 13 29 350
24 50 35 43 5 22 0 0.00 M M 5.5 17 120 M M 4 23 110
25 57 38 48 10 17 0 0.32 M M 17.1 37 250 M M 9 138 49 280
26 55 34 45 6 20 0 0.00 M M 13.5 32 260 M M 2 42 260
27 57 36 47 8 18 0 0.04 M M 7.5 15 310 M M 7 8 20 120
28 49 35 42 3 23 0 0.00 M M 6.3 13 350 M M 9 1 17 360
29 50 26 38 -2 27 0 0.05 M M 9.2 38 270 M M 4 12 52 270
30 43 18 31 -9 34 0 0.00 M M 3.5 14 230 M M 1 18 220
31 55 30 43 2 22 0 0.56 M M 9.9 17 230 M M 8 13 28 210
================================================================================
SM 1433 873 852 0 3.05 M 309.0 M 177
================================================================================
AV 46.2 28.2 10.0 FASTST M M 6 MAX(MPH)
MISC ----> 38 270 52 270
================================================================================
NOTES:
# LAST OF SEVERAL OCCURRENCES
COLUMN 17 PEAK WIND IN M.P.H.
PRELIMINARY LOCAL CLIMATOLOGICAL DATA (WS FORM: F-6) , PAGE 2
STATION: DUBOIS PA
MONTH: MARCH
YEAR: 2023
LATITUDE: 41 10 N
LONGITUDE: 78 54 W
[TEMPERATURE DATA] [PRECIPITATION DATA] SYMBOLS USED IN COLUMN 16
AVERAGE MONTHLY: 37.2 TOTAL FOR MONTH: 3.05 1 = FOG OR MIST
DPTR FM NORMAL: 2.0 DPTR FM NORMAL: -0.21 2 = FOG REDUCING VISIBILITY
HIGHEST: 66 ON 1 GRTST 24HR 0.62 ON 23-23 TO 1/4 MILE OR LESS
LOWEST: 16 ON 19 3 = THUNDER
SNOW, ICE PELLETS, HAIL 4 = ICE PELLETS
TOTAL MONTH: M 5 = HAIL
GRTST 24HR M ON M 6 = FREEZING RAIN OR DRIZZLE
GRTST DEPTH: M ON M 7 = DUSTSTORM OR SANDSTORM:
VSBY 1/2 MILE OR LESS
8 = SMOKE OR HAZE
[NO. OF DAYS WITH] [WEATHER - DAYS WITH] 9 = BLOWING SNOW
X = TORNADO
MAX 32 OR BELOW: 2 0.01 INCH OR MORE: 15
MAX 90 OR ABOVE: 0 0.10 INCH OR MORE: 8
MIN 32 OR BELOW: 23 0.50 INCH OR MORE: 2
MIN 0 OR BELOW: 0 1.00 INCH OR MORE: 0
[HDD (BASE 65) ]
TOTAL THIS MO. 852 CLEAR (SCALE 0-3) 8
DPTR FM NORMAL -74 PTCLDY (SCALE 4-7) 13
TOTAL FM JUL 1 4846 CLOUDY (SCALE 8-10) 10
DPTR FM NORMAL -952
[CDD (BASE 65) ]
TOTAL THIS MO. 0
DPTR FM NORMAL 0 [PRESSURE DATA]
TOTAL FM JAN 1 0 HIGHEST SLP 30.39 ON 30
DPTR FM NORMAL 0 LOWEST SLP 29.23 ON 3
[REMARKS]
#FINAL-03-23#