000
CXUS53 KFGF 010815
CF6DVL
PRELIMINARY LOCAL CLIMATOLOGICAL DATA (WS FORM: F-6)
STATION: DEVILS LAKE ND
MONTH: APRIL
YEAR: 2020
LATITUDE: 48 7 N
LONGITUDE: 98 54 W
TEMPERATURE IN F: :PCPN: SNOW: WIND :SUNSHINE: SKY :PK WND
================================================================================
1 2 3 4 5 6A 6B 7 8 9 10 11 12 13 14 15 16 17 18
12Z AVG MX 2MIN
DY MAX MIN AVG DEP HDD CDD WTR SNW DPTH SPD SPD DIR MIN PSBL S-S WX SPD DR
================================================================================
1 41 20 31 -4 34 0 0.20 M M 13.3 26 290 M M 10 1 31 290
2 20 12 16 -20 49 0 T M M 22.6 30 330 M M 10 12 36 330
3 17 3 10 -26 55 0 M M M 15.6 25 320 M M 4 1 31 320
4 26 2 14 -23 51 0 T M M 9.8 20 120 M M 3 M M
5 40 13 27 -10 38 0 M M M 7.1 14 100 M M 5 12 M M
6 49 34 42 4 23 0 M M M 10.6 16 100 M M 5 12 M M
7 48 30 39 0 26 0 T M M 8.5 16 300 M M 5 12 M M
8 39 29 34 -5 31 0 M M M 18.9 32 310 M M 4 18 43 300
9 39 21 30 -10 35 0 T M M 16.3 25 340 M M 4 12 33 340
10 51 28 40 0 25 0 0.00 M M 8.5 14 220 M M 3 M M
11 41 27 34 -7 31 0 T M M 14.5 25 350 M M 6 35 350
12 31 21 26 -16 39 0 T M M 15.5 21 320 M M 6 25 340
13 23 15 19 -23 46 0 T M M 14.3 23 310 M M 7 12 24 340
14 26 9 18 -25 47 0 T M M 8.5 14 310 M M 6 16 330
15 36 14 25 -18 40 0 M M M 6.9 15 310 M M 2 20 350
16 39 19 29 -15 36 0 0.00 0.0 0 8.8 15 290 M M 4 21 300
17 52 25 39 -5 26 0 0.00 0.0 0 13.0 23 240 M M 4 30 250
18 51 31 41 -4 24 0 T M 0 17.3 27 320 M M 8 35 320
19 51 21 36 -10 29 0 0.00 M M 13.7 24 260 M M 1 31 240
20 48 26 37 -9 28 0 T M M 16.1 29 340 M M 6 38 330
21 43 23 33 -14 32 0 T M M 11.6 21 120 M M 6 1 24 120
22 60 31 46 -1 19 0 T M M 6.8 10 170 M M 3 8 M M
23 63 36 50 2 15 0 T M M 6.7 16 360 M M 5 M M
24 63 42 53 5 12 0 0.01 M M 8.2 23 350 M M 6 25 20
25 54 43 49 1 16 0 0.14 M M 5.5 9 20 M M 9 M M
26 64 31 48 -1 17 0 T M M 10.0 22 270 M M 6 12 35 270
27 66 36 51 2 14 0 T M M 8.3 13 290 M M 2 M M
28 57 44 51 1 14 0 0.51 M M 11.6 20 360 M M 8 1 25 360
29 61 40 51 1 14 0 0.00 M M 9.3 18 360 M M 3 M M
30 70 37 54 3 11 0 M M M 9.6 16 170 M M 2 M M
================================================================================
SM 1369 763 877 0 0.86 0.0 347.5 M 153
================================================================================
AV 45.6 25.4 11.6 FASTST M M 5 MAX(MPH)
MISC ----> 32 310 43 300
================================================================================
NOTES:
# LAST OF SEVERAL OCCURRENCES
COLUMN 17 PEAK WIND IN M.P.H.
PRELIMINARY LOCAL CLIMATOLOGICAL DATA (WS FORM: F-6) , PAGE 2
STATION: DEVILS LAKE ND
MONTH: APRIL
YEAR: 2020
LATITUDE: 48 7 N
LONGITUDE: 98 54 W
[TEMPERATURE DATA] [PRECIPITATION DATA] SYMBOLS USED IN COLUMN 16
AVERAGE MONTHLY: 35.5 TOTAL FOR MONTH: 0.86 1 = FOG OR MIST
DPTR FM NORMAL: -7.8 DPTR FM NORMAL: -0.10 2 = FOG REDUCING VISIBILITY
HIGHEST: 70 ON 30 GRTST 24HR 0.51 ON 28-28 TO 1/4 MILE OR LESS
LOWEST: 2 ON 4 3 = THUNDER
SNOW, ICE PELLETS, HAIL 4 = ICE PELLETS
TOTAL MONTH: 0.0 INCH 5 = HAIL
GRTST 24HR 0.0 6 = FREEZING RAIN OR DRIZZLE
GRTST DEPTH: 0 7 = DUSTSTORM OR SANDSTORM:
VSBY 1/2 MILE OR LESS
8 = SMOKE OR HAZE
[NO. OF DAYS WITH] [WEATHER - DAYS WITH] 9 = BLOWING SNOW
X = TORNADO
MAX 32 OR BELOW: 6 0.01 INCH OR MORE: 4
MAX 90 OR ABOVE: 0 0.10 INCH OR MORE: 3
MIN 32 OR BELOW: 22 0.50 INCH OR MORE: 1
MIN 0 OR BELOW: 0 1.00 INCH OR MORE: 0
[HDD (BASE 65) ]
TOTAL THIS MO. 877 CLEAR (SCALE 0-3) 7
DPTR FM NORMAL 224 PTCLDY (SCALE 4-7) 20
TOTAL FM JUL 1 9260 CLOUDY (SCALE 8-10) 3
DPTR FM NORMAL 412
[CDD (BASE 65) ]
TOTAL THIS MO. 0
DPTR FM NORMAL -2 [PRESSURE DATA]
TOTAL FM JAN 1 0 HIGHEST SLP M ON M
DPTR FM NORMAL -2 LOWEST SLP M ON M
[REMARKS]
#FINAL-04-20#