000
CXUS55 KGJT 011010
CF6GJT
PRELIMINARY LOCAL CLIMATOLOGICAL DATA (WS FORM: F-6)
STATION: GRAND JUNCTION CO
MONTH: NOVEMBER
YEAR: 2020
LATITUDE: 39 7 N
LONGITUDE: 108 32 W
TEMPERATURE IN F: :PCPN: SNOW: WIND :SUNSHINE: SKY :PK WND
================================================================================
1 2 3 4 5 6A 6B 7 8 9 10 11 12 13 14 15 16 17 18
12Z AVG MX 2MIN
DY MAX MIN AVG DEP HDD CDD WTR SNW DPTH SPD SPD DIR MIN PSBL S-S WX SPD DR
================================================================================
1 65 31 48 2 17 0 0.00 0.0 0 6.0 16 120 M M 0 18 110
2 67 33 50 4 15 0 0.00 0.0 0 4.2 15 120 M M 0 17 110
3 66 35 51 6 14 0 0.00 0.0 0 4.9 14 310 M M 1 18 290
4 68 36 52 7 13 0 0.00 0.0 0 4.2 13 310 M M 0 15 320
5 71 40 56 12 9 0 0.00 0.0 0 6.1 15 120 M M 0 18 150
6 65 41 53 9 12 0 0.00 0.0 0 11.5 26 110 M M 2 34 120
7 68 43 56 13 9 0 0.04 0.0 0 16.4 36 240 M M 6 8 54 140
8 50 32 41 -2 24 0 0.04 T 0 11.3 28 240 M M 5 1 37 230
9 40 30 35 -7 30 0 0.03 0.2 0 12.0 25 120 M M 7 18 30 140
10 40 26 33 -9 32 0 0.00 0.0 T 5.8 17 270 M M 5 24 260
11 45 25 35 -6 30 0 0.00 0.0 0 9.6 24 130 M M 1 29 120
12 46 22 34 -7 31 0 0.00 0.0 0 4.8 15 110 M M 0 18 100
13 48 18 33 -7 32 0 0.00 0.0 0 4.7 22 200 M M 2 29 210
14 48 24 36 -4 29 0 T 0.0 0 15.0 39 320 M M 4 51 330
15 51 30 41 2 24 0 0.00 0.0 0 6.9 17 100 M M 3 22 90
16 58 23 41 2 24 0 0.00 0.0 0 4.5 10 130 M M 0 13 120
17 60 30 45 7 20 0 0.00 0.0 0 4.4 15 90 M M 0 18 100
18 72 33 53 15 12 0 0.00 0.0 0 7.0 22 150 M M 1 28 150
19 65 36 51 14 14 0 0.00 0.0 0 7.1 21 280 M M 1 28 290
20 59 34 47 10 18 0 0.00 0.0 0 3.0 8 10 M M 0 10 360
21 59 31 45 9 20 0 0.00 0.0 0 4.2 12 300 M M 2 14 300
22 54 26 40 4 25 0 0.00 0.0 0 8.1 21 130 M M 2 25 130
23 56 28 42 7 23 0 0.00 0.0 0 4.6 16 270 M M 4 21 270
24 50 24 37 2 28 0 T 0.0 0 6.3 16 270 M M 4 22 270
25 50 25 38 4 27 0 0.00 0.0 0 10.3 25 130 M M 0 33 130
26 43 27 35 1 30 0 0.00 0.0 0 6.5 18 300 M M 7 24 300
27 46 18 32 -2 33 0 0.00 0.0 0 3.3 10 160 M M 1 16 180
28 46 16 31 -2 34 0 0.00 0.0 0 4.7 12 140 M M 0 15 140
29 48 17 33 0 32 0 0.00 0.0 0 6.1 14 100 M M 0 19 160
30 47 17 32 0 33 0 0.00 0.0 0 4.2 15 110 M M 0 16 110
================================================================================
SM 1651 851 694 0 0.11 0.2 207.7 M 58
================================================================================
AV 55.0 28.4 6.9 FASTST M M 2 MAX(MPH)
MISC ----> 39 320 54 140
================================================================================
NOTES:
# LAST OF SEVERAL OCCURRENCES
COLUMN 17 PEAK WIND IN M.P.H.
PRELIMINARY LOCAL CLIMATOLOGICAL DATA (WS FORM: F-6) , PAGE 2
STATION: GRAND JUNCTION CO
MONTH: NOVEMBER
YEAR: 2020
LATITUDE: 39 7 N
LONGITUDE: 108 32 W
[TEMPERATURE DATA] [PRECIPITATION DATA] SYMBOLS USED IN COLUMN 16
AVERAGE MONTHLY: 41.7 TOTAL FOR MONTH: 0.11 1 = FOG OR MIST
DPTR FM NORMAL: 2.7 DPTR FM NORMAL: -0.62 2 = FOG REDUCING VISIBILITY
HIGHEST: 72 ON 18 GRTST 24HR 0.06 ON 7- 8 TO 1/4 MILE OR LESS
LOWEST: 16 ON 28 3 = THUNDER
SNOW, ICE PELLETS, HAIL 4 = ICE PELLETS
TOTAL MONTH: 0.2 INCH 5 = HAIL
GRTST 24HR 0.2 ON 9- 9 6 = FREEZING RAIN OR DRIZZLE
GRTST DEPTH: T 7 = DUSTSTORM OR SANDSTORM:
VSBY 1/2 MILE OR LESS
8 = SMOKE OR HAZE
[NO. OF DAYS WITH] [WEATHER - DAYS WITH] 9 = BLOWING SNOW
X = TORNADO
MAX 32 OR BELOW: 0 0.01 INCH OR MORE: 3
MAX 90 OR ABOVE: 0 0.10 INCH OR MORE: 0
MIN 32 OR BELOW: 21 0.50 INCH OR MORE: 0
MIN 0 OR BELOW: 0 1.00 INCH OR MORE: 0
[HDD (BASE 65) ]
TOTAL THIS MO. 694 CLEAR (SCALE 0-3) 21
DPTR FM NORMAL -86 PTCLDY (SCALE 4-7) 9
TOTAL FM JUL 1 1110 CLOUDY (SCALE 8-10) 0
DPTR FM NORMAL -116
[CDD (BASE 65) ]
TOTAL THIS MO. 0
DPTR FM NORMAL 0 [PRESSURE DATA]
TOTAL FM JAN 1 1497 HIGHEST SLP 30.55 ON 30
DPTR FM NORMAL 372 LOWEST SLP 29.22 ON 7
[REMARKS]
#FINAL-11-20#