000
CXUS55 KGJT 010910
CF6GJT
PRELIMINARY LOCAL CLIMATOLOGICAL DATA (WS FORM: F-6)
STATION: GRAND JUNCTION CO
MONTH: AUGUST
YEAR: 2023
LATITUDE: 39 7 N
LONGITUDE: 108 32 W
TEMPERATURE IN F: :PCPN: SNOW: WIND :SUNSHINE: SKY :PK WND
================================================================================
1 2 3 4 5 6A 6B 7 8 9 10 11 12 13 14 15 16 17 18
12Z AVG MX 2MIN
DY MAX MIN AVG DEP HDD CDD WTR SNW DPTH SPD SPD DIR MIN PSBL S-S WX SPD DR
================================================================================
1 89 65 77 -2 0 12 0.20 0.0 0 8.4 26 120 M M 3 3 35 130
2 92 64 78 -1 0 13 0.02 0.0 0 7.4 28 300 M M 1 3 40 270
3 92 61 77 -2 0 12 0.00 0.0 0 7.5 31 260 M M 1 8 42 260
4 93 59 76 -3 0 11 0.00 0.0 0 6.6 22 290 M M 0 29 270
5 97 64 81 3 0 16 0.00 0.0 0 7.9 20 40 M M 0 28 40
6 99 61 80 2 0 15 0.00 0.0 0 7.9 26 250 M M 0 37 240
7 97 61 79 1 0 14 0.00 0.0 0 6.5 24 260 M M 0 31 290
8 94 63 79 1 0 14 0.00 0.0 0 9.4 22 270 M M 0 8 29 260
9 94 57 76 -2 0 11 0.00 0.0 0 4.4 16 310 M M 0 23 250
10 94 65 80 2 0 15 T 0.0 0 9.2 22 130 M M 1 3 32 150
11 92 65 79 2 0 14 0.00 0.0 0 8.5 21 120 M M 0 27 110
12 93 66 80 3 0 15 0.00 0.0 0 6.4 17 130 M M 1 24 130
13 96 66 81 4 0 16 0.00 0.0 0 8.8 23 40 M M 1 29 40
14 97 66 82 5 0 17 0.00 0.0 0 7.0 23 110 M M 0 8 27 110
15 96 66 81 4 0 16 0.00 0.0 0 6.8 14 350 M M 0 19 160
16 97 69 83 7 0 18 0.00 0.0 0 9.2 17 270 M M 1 3 25 290
17 101 70 86 10 0 21 0.06 0.0 0 9.4 25 130 M M 1 3 43 110
18 90 65 78 2 0 13 0.88 0.0 0 9.3 38 180 M M 3 3 51 180
19 94 63 79 3 0 14 0.01 0.0 0 4.9 15 270 M M 0 3 19 270
20 99 69 84 8 0 19 0.00 0.0 0 11.7 20 150 M M 0 29 120
21 98 71 85 10 0 20 T 0.0 0 11.3 24 170 M M 0 3 36 160
22 88 65 77 2 0 12 0.03 0.0 0 8.8 24 270 M M 1 3 32 270
23 90 61 76 1 0 11 T 0.0 0 8.9 20 260 M M 2 3 26 260
24 84 65 75 0 0 10 0.07 0.0 0 8.3 17 330 M M 7 22 290
25 85 64 75 1 0 10 0.00 0.0 0 5.2 10 200 M M 5 16 220
26 93 63 78 4 0 13 T 0.0 0 6.9 25 160 M M 1 3 32 160
27 94 70 82 8 0 17 T 0.0 0 9.4 25 20 M M 3 3 33 340
28 94 67 81 7 0 16 T 0.0 0 6.7 18 10 M M 1 28 20
29 94 63 79 6 0 14 0.00 0.0 0 7.9 18 100 M M 0 22 110
30 99 64 82 9 0 17 0.00 0.0 0 8.6 24 130 M M 0 31 130
31 98 61 80 7 0 15 0.00 0.0 0 7.7 16 110 M M 0 8 30 250
================================================================================
SM 2913 1999 0 451 1.27 0.0 246.9 M 33
================================================================================
AV 94.0 64.5 8.0 FASTST M M 1 MAX(MPH)
MISC ----> 38 180 51 180
================================================================================
NOTES:
# LAST OF SEVERAL OCCURRENCES
COLUMN 17 PEAK WIND IN M.P.H.
PRELIMINARY LOCAL CLIMATOLOGICAL DATA (WS FORM: F-6) , PAGE 2
STATION: GRAND JUNCTION CO
MONTH: AUGUST
YEAR: 2023
LATITUDE: 39 7 N
LONGITUDE: 108 32 W
[TEMPERATURE DATA] [PRECIPITATION DATA] SYMBOLS USED IN COLUMN 16
AVERAGE MONTHLY: 79.2 TOTAL FOR MONTH: 1.27 1 = FOG OR MIST
DPTR FM NORMAL: 2.9 DPTR FM NORMAL: 0.35 2 = FOG REDUCING VISIBILITY
HIGHEST: 101 ON 17 GRTST 24HR 0.88 ON 17-18 TO 1/4 MILE OR LESS
LOWEST: 57 ON 9 3 = THUNDER
SNOW, ICE PELLETS, HAIL 4 = ICE PELLETS
TOTAL MONTH: 0.0 INCH 5 = HAIL
GRTST 24HR 0.0 6 = FREEZING RAIN OR DRIZZLE
GRTST DEPTH: 0 7 = DUSTSTORM OR SANDSTORM:
VSBY 1/2 MILE OR LESS
8 = SMOKE OR HAZE
[NO. OF DAYS WITH] [WEATHER - DAYS WITH] 9 = BLOWING SNOW
X = TORNADO
MAX 32 OR BELOW: 0 0.01 INCH OR MORE: 7
MAX 90 OR ABOVE: 27 0.10 INCH OR MORE: 2
MIN 32 OR BELOW: 0 0.50 INCH OR MORE: 1
MIN 0 OR BELOW: 0 1.00 INCH OR MORE: 0
[HDD (BASE 65) ]
TOTAL THIS MO. 0 CLEAR (SCALE 0-3) 28
DPTR FM NORMAL -1 PTCLDY (SCALE 4-7) 3
TOTAL FM JUL 1 0 CLOUDY (SCALE 8-10) 0
DPTR FM NORMAL 0
[CDD (BASE 65) ]
TOTAL THIS MO. 451
DPTR FM NORMAL 101 [PRESSURE DATA]
TOTAL FM JAN 1 1291 HIGHEST SLP M ON M
DPTR FM NORMAL 185 LOWEST SLP 29.67 ON 31
[REMARKS]
#FINAL-08-23#