383
CXUS54 KEWX 011010
CF6GYB
PRELIMINARY LOCAL CLIMATOLOGICAL DATA (WS FORM: F-6)
STATION: Giddings-Lee County Airport
MONTH: JULY
YEAR: 2020
LATITUDE: 30 10 N
LONGITUDE: 96 59 W
TEMPERATURE IN F: :PCPN: SNOW: WIND :SUNSHINE: SKY :PK WND
================================================================================
1 2 3 4 5 6A 6B 7 8 9 10 11 12 13 14 15 16 17 18
12Z AVG MX 2MIN
DY MAX MIN AVG DEP HDD CDD WTR SNW DPTH SPD SPD DIR MIN PSBL S-S WX SPD DR
================================================================================
1 96 79 88 M 0 23 0.00 M M 9.5 14 200 M M 5 8 22 200
2 98 76 87 M 0 22 0.00 M M 6.8 13 220 M M 3 18 17 200
3 98 76 87 M 0 22 0.00 M M 5.4 12 240 M M 2 1 M M
4 101 74 88 M 0 23 0.00 M M 3.9 8 230 M M 1 M M
5 100 74 87 M 0 22 0.00 M M 5.9 10 220 M M 1 17 200
6 98 80 89 M 0 24 0.00 M M 7.3 10 210 M M 3 17 190
7 99 81 90 M 0 25 0.00 M M 6.9 13 230 M M 3 17 230
8 99 78 89 M 0 24 0.00 M M 8.0 13 210 M M 4 18 20 170
9 101 81 91 M 0 26 0.00 M M 9.4 14 210 M M 3 21 210
10 102 80 91 M 0 26 0.00 M M 7.5 14 210 M M 4 18 210
11 103 77 90 M 0 25 0.00 M M 6.0 10 200 M M 2 M M
12 103 80 92 M 0 27 0.00 M M 5.4 12 230 M M 3 16 230
13 106 76 91 M 0 26 0.00 M M 6.9 10 160 M M 1 20 170
14 103 79 91 M 0 26 0.00 M M 9.5 13 170 M M 2 18 170
15 102 80 91 M 0 26 0.00 M M 9.1 16 180 M M 3 20 200
16 102 77 90 M 0 25 0.00 M M 5.7 8 190 M M 3 1 16 190
17 102 78 90 M 0 25 0.00 M M 4.4 9 180 M M 2 17 180
18 99 73 86 M 0 21 0.00 M M 4.5 9 130 M M 3 M M
19 101 74 88 M 0 23 0.00 M M 3.5 12 170 M M 2 18 170
20 99 74 87 M 0 22 0.00 M M 5.6 14 90 M M 1 18 90
21 95 77 86 M 0 21 0.01 M M 5.4 10 100 M M 6 M M
22 98 76 87 M 0 22 0.00 M M 3.8 14 130 M M 3 16 120
23 101 74 88 M 0 23 0.00 M M 3.8 9 100 M M 1 18 90
24 100 79 90 M 0 25 0.00 M M 7.8 18 80 M M 2 25 80
25 94 76 85 M 0 20 0.22 M M 8.0 16 180 M M 4 28 180
26 91 75 83 M 0 18 0.53 M M 5.8 12 100 M M 5 16 90
27 95 71 83 M 0 18 0.00 M M 2.5 7 190 M M 5 1 M M
28 95 71 83 M 0 18 0.00 M M 2.6 8 170 M M 4 1 16 180
29 93 69 81 M 0 16 0.07 M M 7.1 15 210 M M 2 24 200
30 97 72 85 M 0 20 0.00 M M 8.5 15 200 M M 2 22 200
31 99 77 88 M 0 23 0.02 M M 5.6 12 210 M M 4 18 230
================================================================================
SM 3070 2364 0 707 0.85 M 192.1 M 89
================================================================================
AV 99.0 76.3 6.2 FASTST M M 3 MAX(MPH)
MISC ----> # 18 80 # 28 180
================================================================================
NOTES:
# LAST OF SEVERAL OCCURRENCES
COLUMN 17 PEAK WIND IN M.P.H.
PRELIMINARY LOCAL CLIMATOLOGICAL DATA (WS FORM: F-6) , PAGE 2
STATION: Giddings-Lee County Airport
MONTH: JULY
YEAR: 2020
LATITUDE: 30 10 N
LONGITUDE: 96 59 W
[TEMPERATURE DATA] [PRECIPITATION DATA] SYMBOLS USED IN COLUMN 16
AVERAGE MONTHLY: 87.7 TOTAL FOR MONTH: 0.85 1 = FOG OR MIST
DPTR FM NORMAL: M DPTR FM NORMAL: M 2 = FOG REDUCING VISIBILITY
HIGHEST: 106 ON 13 GRTST 24HR 0.53 ON 26-26 TO 1/4 MILE OR LESS
LOWEST: 69 ON 29 3 = THUNDER
SNOW, ICE PELLETS, HAIL 4 = ICE PELLETS
TOTAL MONTH: M 5 = HAIL
GRTST 24HR M ON M 6 = FREEZING RAIN OR DRIZZLE
GRTST DEPTH: M ON M 7 = DUSTSTORM OR SANDSTORM:
VSBY 1/2 MILE OR LESS
8 = SMOKE OR HAZE
[NO. OF DAYS WITH] [WEATHER - DAYS WITH] 9 = BLOWING SNOW
X = TORNADO
MAX 32 OR BELOW: 0 0.01 INCH OR MORE: 5
MAX 90 OR ABOVE: 31 0.10 INCH OR MORE: 2
MIN 32 OR BELOW: 0 0.50 INCH OR MORE: 1
MIN 0 OR BELOW: 0 1.00 INCH OR MORE: 0
[HDD (BASE 65) ]
TOTAL THIS MO. 0 CLEAR (SCALE 0-3) 19
DPTR FM NORMAL M PTCLDY (SCALE 4-7) 12
TOTAL FM JUL 1 0 CLOUDY (SCALE 8-10) 0
DPTR FM NORMAL M
[CDD (BASE 65) ]
TOTAL THIS MO. 707
DPTR FM NORMAL M [PRESSURE DATA]
TOTAL FM JAN 1 1874 HIGHEST SLP M ON M
DPTR FM NORMAL M LOWEST SLP M ON M
[REMARKS]
#FINAL-07-20#