000
CXUS53 KGID 011024
CF6HDE
PRELIMINARY LOCAL CLIMATOLOGICAL DATA (WS FORM: F-6)
STATION: HOLDREGE NE
MONTH: NOVEMBER
YEAR: 2022
LATITUDE: 40 27 N
LONGITUDE: 99 20 W
TEMPERATURE IN F: :PCPN: SNOW: WIND :SUNSHINE: SKY :PK WND
================================================================================
1 2 3 4 5 6A 6B 7 8 9 10 11 12 13 14 15 16 17 18
12Z AVG MX 2MIN
DY MAX MIN AVG DEP HDD CDD WTR SNW DPTH SPD SPD DIR MIN PSBL S-S WX SPD DR
================================================================================
1 76 34 55 M 10 0 0.00 M M 10.3 24 190 M M 0 31 190
2 78 51 65 M 0 0 0.00 M M 20.0 29 180 M M 0 38 190
3 59 36 48 M 17 0 T M M 16.1 23 360 M M 4 29 360
4 43 27 35 M 30 0 M M M 11.1 21 360 M M 5 29 360
5 67 22 45 M 20 0 0.00 M M 9.9 23 240 M M 1 28 240
6 56 39 48 M 17 0 0.00 M M 7.8 13 10 M M 2 20 360
7 54 31 43 M 22 0 0.00 M M 14.0 27 120 M M 4 32 120
8 69 46 58 M 7 0 0.00 M M 19.8 28 170 M M 8 1 41 170
9 75 61 68 M 0 3 0.00 M M 24.2 33 180 M M 8 43 190
10 67 21 44 M 21 0 0.11 M M 16.9 28 180 M M 2 38 220
11 34 14 24 M 41 0 0.00 M M 12.0 20 340 M M 0 28 330
12 35 10 23 M 42 0 0.00 M M 7.3 12 350 M M 0 M M
13 45 16 31 M 34 0 0.00 M M 13.0 22 160 M M 0 29 160
14 36 19 28 M 37 0 0.00 M M 12.2 23 360 M M 5 30 360
15 38 18 28 M 37 0 0.00 M M 11.7 23 340 M M 7 29 340
16 34 11 23 M 42 0 0.00 M M 10.5 21 330 M M 3 29 320
17 32 17 25 M 40 0 T M M 13.1 23 340 M M 9 31 340
18 27 9 18 M 47 0 0.00 M M 12.4 18 340 M M 0 25 260
19 34 15 25 M 40 0 0.00 M M 10.9 20 340 M M 0 27 330
20 52 19 36 M 29 0 0.00 M M 8.2 13 230 M M 0 M M
21 54 20 37 M 28 0 0.00 M M 4.5 9 310 M M 0 M M
22 58 22 40 M 25 0 0.00 M M 3.9 10 220 M M 0 M M
23 56 22 39 M 26 0 0.00 M M 3.5 13 320 M M 0 22 320
24 51 27 39 M 26 0 0.00 M M 13.5 28 350 M M 0 33 350
25 55 21 38 M 27 0 0.00 M M 7.9 13 200 M M 0 18 320
26 60 26 43 M 22 0 0.00 M M 12.7 29 360 M M 2 37 360
27 42 26 34 M 31 0 0.00 M M 12.6 23 350 M M 1 29 350
28 52 26 39 M 26 0 0.00 M M 10.6 15 30 M M 1 25 30
29 37 13 25 M 40 0 M M M 19.4 31 20 M M 7 43 30
30 32 8 20 M 45 0 0.00 M M 7.3 16 160 M M 0 20 160
================================================================================
SM 1508 727 829 3 M M 357.3 M 69
================================================================================
AV 50.3 24.2 11.9 FASTST M M 2 MAX(MPH)
MISC ----> 33 180 # M M
================================================================================
NOTES:
# LAST OF SEVERAL OCCURRENCES
COLUMN 17 PEAK WIND IN M.P.H.
PRELIMINARY LOCAL CLIMATOLOGICAL DATA (WS FORM: F-6) , PAGE 2
STATION: HOLDREGE NE
MONTH: NOVEMBER
YEAR: 2022
LATITUDE: 40 27 N
LONGITUDE: 99 20 W
[TEMPERATURE DATA] [PRECIPITATION DATA] SYMBOLS USED IN COLUMN 16
AVERAGE MONTHLY: 37.3 TOTAL FOR MONTH: M 1 = FOG OR MIST
DPTR FM NORMAL: M DPTR FM NORMAL: M 2 = FOG REDUCING VISIBILITY
HIGHEST: 78 ON 2 GRTST 24HR M ON M TO 1/4 MILE OR LESS
LOWEST: 8 ON 30 3 = THUNDER
SNOW, ICE PELLETS, HAIL 4 = ICE PELLETS
TOTAL MONTH: M 5 = HAIL
GRTST 24HR M ON M 6 = FREEZING RAIN OR DRIZZLE
GRTST DEPTH: M ON M 7 = DUSTSTORM OR SANDSTORM:
VSBY 1/2 MILE OR LESS
8 = SMOKE OR HAZE
[NO. OF DAYS WITH] [WEATHER - DAYS WITH] 9 = BLOWING SNOW
X = TORNADO
MAX 32 OR BELOW: 3 0.01 INCH OR MORE: M
MAX 90 OR ABOVE: 0 0.10 INCH OR MORE: M
MIN 32 OR BELOW: 24 0.50 INCH OR MORE: M
MIN 0 OR BELOW: 0 1.00 INCH OR MORE: M
[HDD (BASE 65) ]
TOTAL THIS MO. 829 CLEAR (SCALE 0-3) 21
DPTR FM NORMAL M PTCLDY (SCALE 4-7) 8
TOTAL FM JUL 1 1230 CLOUDY (SCALE 8-10) 1
DPTR FM NORMAL M
[CDD (BASE 65) ]
TOTAL THIS MO. 3
DPTR FM NORMAL M [PRESSURE DATA]
TOTAL FM JAN 1 1133 HIGHEST SLP M ON M
DPTR FM NORMAL M LOWEST SLP M ON M
[REMARKS]
#FINAL-11-22#