000
CXUS54 KEWX 011010
CF6HDO
PRELIMINARY LOCAL CLIMATOLOGICAL DATA (WS FORM: F-6)
STATION: HONDO
MONTH: APRIL
YEAR: 2021
LATITUDE: 29 21 N
LONGITUDE: 99 10 W
TEMPERATURE IN F: :PCPN: SNOW: WIND :SUNSHINE: SKY :PK WND
================================================================================
1 2 3 4 5 6A 6B 7 8 9 10 11 12 13 14 15 16 17 18
12Z AVG MX 2MIN
DY MAX MIN AVG DEP HDD CDD WTR SNW DPTH SPD SPD DIR MIN PSBL S-S WX SPD DR
================================================================================
1 72 48 60 -5 5 0 0.00 M M 10.6 21 50 M M 7 28 60
2 76 55 66 0 0 1 0.00 M M 13.7 24 130 M M 5 32 150
3 74 55 65 -1 0 0 T M M 12.5 29 140 M M 8 39 140
4 75 58 67 1 0 2 0.00 M M 10.0 18 150 M M 10 23 160
5 82 62 72 6 0 7 0.00 M M 11.9 22 150 M M 8 29 140
6 92 67 80 14 0 15 T M M 17.6 26 140 M M 5 37 140
7 96 58 77 10 0 12 T M M 8.0 21 340 M M 5 29 350
8 96 52 74 7 0 9 0.00 M M 8.4 20 140 M M 3 128 27 190
9 101 65 83 16 0 18 0.00 M M 9.7 26 320 M M 4 8 36 260
10 88 59 74 7 0 9 0.00 M M 14.2 26 30 M M 0 37 40
11 89 48 69 1 0 4 0.00 M M 7.5 16 200 M M 0 22 210
12 94 66 80 12 0 15 0.00 M M 10.4 26 120 M M 3 8 34 110
13 85 68 77 9 0 12 0.00 M M 8.3 17 10 M M 7 20 110
14 88 68 78 10 0 13 0.00 M M 7.4 18 110 M M 9 8 23 80
15 76 65 71 2 0 6 T M M 12.2 18 80 M M 10 18 27 70
16 78 61 70 1 0 5 0.00 M M 10.7 31 20 M M 9 18 40 20
17 74 53 64 -5 1 0 0.00 M M 16.4 26 30 M M 7 37 30
18 75 47 61 -8 4 0 0.00 M M 8.1 18 30 M M 3 26 40
19 76 50 63 -7 2 0 T M M 4.0 15 230 M M 7 20 210
20 87 43 65 -5 0 0 0.00 M M 8.5 25 30 M M 1 33 30
21 72 47 60 -10 5 0 0.00 M M 12.7 23 70 M M 4 30 40
22 67 54 61 -9 4 0 T M M 10.8 17 110 M M 10 18 24 120
23 90 64 77 6 0 12 T M M 9.2 18 200 M M 7 1 25 170
24 94 50 72 1 0 7 0.00 M M 10.0 22 310 M M 0 30 330
25 92 51 72 1 0 7 0.00 M M 9.8 24 150 M M 0 32 140
26 89 64 77 5 0 12 0.00 M M 13.5 24 140 M M 4 30 150
27 82 71 77 5 0 12 0.01 M M 12.4 28 120 M M 10 18 37 140
28 95 74 85 13 0 20 M M M 13.3 25 100 M M 8 38 35 90
29 M M M M M M M M M M M M M M M M M
30 M M M M M M M M M M M M M M M M M
================================================================================
SM 2355 1623 21 198 0.01 M 301.8 M 154
================================================================================
AV 84.1 58.0 10.8 FASTST M M 6 MAX(MPH)
MISC ----> 31 20 40 20
================================================================================
NOTES:
# LAST OF SEVERAL OCCURRENCES
COLUMN 17 PEAK WIND IN M.P.H.
PRELIMINARY LOCAL CLIMATOLOGICAL DATA (WS FORM: F-6) , PAGE 2
STATION: HONDO
MONTH: APRIL
YEAR: 2021
LATITUDE: 29 21 N
LONGITUDE: 99 10 W
[TEMPERATURE DATA] [PRECIPITATION DATA] SYMBOLS USED IN COLUMN 16
AVERAGE MONTHLY: 71.0 TOTAL FOR MONTH: 0.01 1 = FOG OR MIST
DPTR FM NORMAL: 2.2 DPTR FM NORMAL: -1.97 2 = FOG REDUCING VISIBILITY
HIGHEST: 101 ON 9 GRTST 24HR 0.43 ON 27-28 TO 1/4 MILE OR LESS
LOWEST: 43 ON 20 3 = THUNDER
SNOW, ICE PELLETS, HAIL 4 = ICE PELLETS
TOTAL MONTH: M 5 = HAIL
GRTST 24HR M ON M 6 = FREEZING RAIN OR DRIZZLE
GRTST DEPTH: M ON M 7 = DUSTSTORM OR SANDSTORM:
VSBY 1/2 MILE OR LESS
8 = SMOKE OR HAZE
[NO. OF DAYS WITH] [WEATHER - DAYS WITH] 9 = BLOWING SNOW
X = TORNADO
MAX 32 OR BELOW: 0 0.01 INCH OR MORE: 1
MAX 90 OR ABOVE: 9 0.10 INCH OR MORE: 0
MIN 32 OR BELOW: 0 0.50 INCH OR MORE: 0
MIN 0 OR BELOW: 0 1.00 INCH OR MORE: 0
[HDD (BASE 65) ]
TOTAL THIS MO. 21 CLEAR (SCALE 0-3) 6
DPTR FM NORMAL -22 PTCLDY (SCALE 4-7) 15
TOTAL FM JUL 1 1413 CLOUDY (SCALE 8-10) 9
DPTR FM NORMAL -171
[CDD (BASE 65) ]
TOTAL THIS MO. 198
DPTR FM NORMAL 41 [PRESSURE DATA]
TOTAL FM JAN 1 307 HIGHEST SLP M ON M
DPTR FM NORMAL 72 LOWEST SLP 29.49 ON 9
[REMARKS]
#FINAL-04-21#