000
CXUS55 KRIW 011010
CF6JAC
PRELIMINARY LOCAL CLIMATOLOGICAL DATA (WS FORM: F-6)
STATION: JACKSON WY
MONTH: SEPTEMBER
YEAR: 2023
LATITUDE: 43 35 N
LONGITUDE: 110 44 W
TEMPERATURE IN F: :PCPN: SNOW: WIND :SUNSHINE: SKY :PK WND
================================================================================
1 2 3 4 5 6A 6B 7 8 9 10 11 12 13 14 15 16 17 18
12Z AVG MX 2MIN
DY MAX MIN AVG DEP HDD CDD WTR SNW DPTH SPD SPD DIR MIN PSBL S-S WX SPD DR
================================================================================
1 79 44 62 6 3 0 T M M 6.2 18 150 M M 1 25 200
2 73 42 58 2 7 0 0.00 M M 4.1 9 260 M M 3 M M
3 66 43 55 -1 10 0 M M M 3.4 14 250 M M 7 3 M M
4 56 46 51 -5 14 0 M M M 5.8 16 190 M M 9 1 21 200
5 64 44 54 -1 11 0 M M M 3.2 12 220 M M 8 1 M M
6 73 37 55 0 10 0 0.00 M M 7.0 17 200 M M 0 1 23 200
7 73 40 57 2 8 0 T M M 4.9 12 230 M M 3 16 230
8 76 39 58 4 7 0 T M M 5.1 14 250 M M 2 32 270
9 76 38 57 3 8 0 0.00 M M 6.3 15 230 M M 0 21 200
10 73 39 56 2 9 0 T M M 4.3 17 200 M M 4 23 200
11 73 36 55 2 10 0 T M M 3.5 7 360 M M 1 M M
12 75 37 56 3 9 0 T M M 5.2 22 290 M M 3 33 290
13 71 37 54 2 11 0 T M M 5.2 14 30 M M 5 3 16 210
14 69 35 52 0 13 0 0.00 M M 5.2 13 30 M M 2 M M
15 72 33 53 1 12 0 0.00 M M 3.6 8 270 M M 0 M M
16 74 30 52 1 13 0 0.00 M M 4.5 9 190 M M 0 M M
17 75 31 53 2 12 0 0.00 M M 6.0 18 220 M M 2 23 220
18 75 33 54 3 11 0 0.00 M M 6.1 18 270 M M 2 43 260
19 71 35 53 3 12 0 0.00 M M 7.7 20 230 M M 1 8 30 230
20 70 39 55 5 10 0 0.00 M M 7.5 21 300 M M 5 3 30 330
21 56 38 47 -2 18 0 M M M 6.5 13 20 M M 9 1 20 200
22 52 37 45 -4 20 0 M M M 7.0 18 200 M M 10 1 22 200
23 58 33 46 -3 19 0 M M M 7.0 14 180 M M 5 M M
24 67 27 47 -1 18 0 0.00 M M 3.9 13 200 M M 1 128 M M
25 74 31 53 5 12 0 M M M 5.0 10 220 M M 0 16 220
26 75 31 53 6 12 0 0.00 M M 5.6 18 230 M M 0 23 230
27 74 32 53 6 12 0 0.00 M M 9.5 23 210 M M 0 36 220
28 64 33 49 2 16 0 M M M 7.1 14 220 M M 2 21 280
29 68 29 49 3 16 0 M M M 6.6 16 220 M M 2 23 210
30 72 33 53 7 12 0 M M M 6.6 14 230 M M 4 21 230
================================================================================
SM 2094 1082 355 0 T M 169.6 M 91
================================================================================
AV 69.8 36.1 5.7 FASTST M M 3 MAX(MPH)
MISC ----> 23 210 43 260
================================================================================
NOTES:
# LAST OF SEVERAL OCCURRENCES
COLUMN 17 PEAK WIND IN M.P.H.
PRELIMINARY LOCAL CLIMATOLOGICAL DATA (WS FORM: F-6) , PAGE 2
STATION: JACKSON WY
MONTH: SEPTEMBER
YEAR: 2023
LATITUDE: 43 35 N
LONGITUDE: 110 44 W
[TEMPERATURE DATA] [PRECIPITATION DATA] SYMBOLS USED IN COLUMN 16
AVERAGE MONTHLY: 52.9 TOTAL FOR MONTH: T 1 = FOG OR MIST
DPTR FM NORMAL: 1.5 DPTR FM NORMAL: -1.44 2 = FOG REDUCING VISIBILITY
HIGHEST: 79 ON 1 GRTST 24HR 0.15 ON 3- 4 TO 1/4 MILE OR LESS
LOWEST: 27 ON 24 3 = THUNDER
SNOW, ICE PELLETS, HAIL 4 = ICE PELLETS
TOTAL MONTH: M 5 = HAIL
GRTST 24HR M ON M 6 = FREEZING RAIN OR DRIZZLE
GRTST DEPTH: M ON M 7 = DUSTSTORM OR SANDSTORM:
VSBY 1/2 MILE OR LESS
8 = SMOKE OR HAZE
[NO. OF DAYS WITH] [WEATHER - DAYS WITH] 9 = BLOWING SNOW
X = TORNADO
MAX 32 OR BELOW: 0 0.01 INCH OR MORE: 0
MAX 90 OR ABOVE: 0 0.10 INCH OR MORE: 0
MIN 32 OR BELOW: 7 0.50 INCH OR MORE: 0
MIN 0 OR BELOW: 0 1.00 INCH OR MORE: 0
[HDD (BASE 65) ]
TOTAL THIS MO. 355 CLEAR (SCALE 0-3) 19
DPTR FM NORMAL -53 PTCLDY (SCALE 4-7) 8
TOTAL FM JUL 1 560 CLOUDY (SCALE 8-10) 3
DPTR FM NORMAL -131
[CDD (BASE 65) ]
TOTAL THIS MO. 0
DPTR FM NORMAL 0 [PRESSURE DATA]
TOTAL FM JAN 1 23 HIGHEST SLP 30.37 ON 25
DPTR FM NORMAL -20 LOWEST SLP 29.81 ON 29
[REMARKS]
#FINAL-09-23#