000
CXUS53 KGRR 010910
CF6LAN
PRELIMINARY LOCAL CLIMATOLOGICAL DATA (WS FORM: F-6)
STATION: LANSING
MONTH: JUNE
YEAR: 2022
LATITUDE: 42 46 N
LONGITUDE: 84 36 W
TEMPERATURE IN F: :PCPN: SNOW: WIND :SUNSHINE: SKY :PK WND
================================================================================
1 2 3 4 5 6A 6B 7 8 9 10 11 12 13 14 15 16 17 18
12Z AVG MX 2MIN
DY MAX MIN AVG DEP HDD CDD WTR SNW DPTH SPD SPD DIR MIN PSBL S-S WX SPD DR
================================================================================
1 80 60 70 6 0 5 0.03 0.0 0 8.1 16 250 M M 4 20 260
2 77 57 67 3 0 2 0.00 0.0 0 5.8 17 270 M M 3 23 270
3 78 53 66 1 0 1 0.00 0.0 0 9.6 28 270 M M 1 35 300
4 73 48 61 -4 4 0 0.00 0.0 0 3.3 15 250 M M 1 21 260
5 70 57 64 -1 1 0 0.04 0.0 0 5.8 14 100 M M 8 19 60
6 77 63 70 4 0 5 0.01 0.0 0 7.0 15 200 M M 6 20 200
7 76 55 66 0 0 1 0.15 0.0 0 6.9 17 290 M M 7 138 22 270
8 72 50 61 -5 4 0 0.29 0.0 0 3.7 13 120 M M 5 17 120
9 78 56 67 1 0 2 0.00 0.0 0 8.7 21 260 M M 4 35 260
10 81 52 67 0 0 2 T 0.0 0 4.9 16 280 M M 3 8 22 260
11 79 57 68 1 0 3 0.00 0.0 0 8.0 20 230 M M 3 29 250
12 83 63 73 6 0 8 0.00 0.0 0 5.8 14 310 M M 4 18 21 300
13 86 60 73 5 0 8 0.43 0.0 0 7.7 20 110 M M 2 13 25 100
14 86 65 76 8 0 11 0.01 0.0 0 9.1 16 140 M M 6 13 22 140
15 95 72 84 16 0 19 0.00 0.0 0 10.0 22 210 M M 0 1 29 210
16 92 73 83 15 0 18 0.04 0.0 0 13.5 30 260 M M 1 3 42 270
17 83 61 72 3 0 7 0.00 0.0 0 12.8 23 300 M M 0 33 280
18 76 51 64 -5 1 0 0.00 0.0 0 6.0 14 360 M M 0 22 340
19 82 50 66 -3 0 1 0.00 0.0 0 3.4 12 230 M M 0 15 230
20 90 63 77 8 0 12 0.05 0.0 0 9.0 20 240 M M 2 26 250
21 98 67 83 13 0 18 0.00 0.0 0 12.6 24 250 M M 0 33 250
22 89 68 79 9 0 14 0.00 0.0 0 10.5 20 300 M M 0 26 290
23 84 57 71 1 0 6 0.00 0.0 0 4.4 12 350 M M 0 18 40
24 91 58 75 5 0 10 0.00 0.0 0 2.6 10 260 M M 0 16 190
25 90 66 78 8 0 13 0.17 0.0 0 6.3 16 250 M M 2 1 22 220
26 83 64 74 3 0 9 T 0.0 0 11.2 25 280 M M 5 34 270
27 76 53 65 -6 0 0 0.00 0.0 0 9.9 22 290 M M 2 33 290
28 84 50 67 -4 0 2 0.00 0.0 0 7.6 17 200 M M 0 23 220
29 84 61 73 2 0 8 0.34 0.0 M 5.4 16 220 M M 6 13 23 270
30 90 66 78 7 0 13 0.00 0.0 0 11.0 21 210 M M 0 31 230
================================================================================
SM 2483 1776 10 198 1.56 0.0 230.6 M 75
================================================================================
AV 82.8 59.2 7.7 FASTST M M 3 MAX(MPH)
MISC ----> 30 260 42 270
================================================================================
NOTES:
# LAST OF SEVERAL OCCURRENCES
COLUMN 17 PEAK WIND IN M.P.H.
PRELIMINARY LOCAL CLIMATOLOGICAL DATA (WS FORM: F-6) , PAGE 2
STATION: LANSING
MONTH: JUNE
YEAR: 2022
LATITUDE: 42 46 N
LONGITUDE: 84 36 W
[TEMPERATURE DATA] [PRECIPITATION DATA] SYMBOLS USED IN COLUMN 16
AVERAGE MONTHLY: 71.0 TOTAL FOR MONTH: 1.56 1 = FOG OR MIST
DPTR FM NORMAL: 3.0 DPTR FM NORMAL: -2.20 2 = FOG REDUCING VISIBILITY
HIGHEST: 98 ON 21 GRTST 24HR 0.44 ON 13-14 TO 1/4 MILE OR LESS
LOWEST: 48 ON 4 3 = THUNDER
SNOW, ICE PELLETS, HAIL 4 = ICE PELLETS
TOTAL MONTH: 0.0 INCH 5 = HAIL
GRTST 24HR 0.0 6 = FREEZING RAIN OR DRIZZLE
GRTST DEPTH: 0 7 = DUSTSTORM OR SANDSTORM:
VSBY 1/2 MILE OR LESS
8 = SMOKE OR HAZE
[NO. OF DAYS WITH] [WEATHER - DAYS WITH] 9 = BLOWING SNOW
X = TORNADO
MAX 32 OR BELOW: 0 0.01 INCH OR MORE: 11
MAX 90 OR ABOVE: 7 0.10 INCH OR MORE: 5
MIN 32 OR BELOW: 0 0.50 INCH OR MORE: 0
MIN 0 OR BELOW: 0 1.00 INCH OR MORE: 0
[HDD (BASE 65) ]
TOTAL THIS MO. 10 CLEAR (SCALE 0-3) 19
DPTR FM NORMAL -38 PTCLDY (SCALE 4-7) 10
TOTAL FM JUL 1 6007 CLOUDY (SCALE 8-10) 1
DPTR FM NORMAL -606
[CDD (BASE 65) ]
TOTAL THIS MO. 198
DPTR FM NORMAL 60 [PRESSURE DATA]
TOTAL FM JAN 1 315 HIGHEST SLP 30.31 ON 19
DPTR FM NORMAL 131 LOWEST SLP 29.68 ON 7
[REMARKS]
#FINAL-06-22#