000
CXUS53 KGRR 011017
CF6LAN
PRELIMINARY LOCAL CLIMATOLOGICAL DATA (WS FORM: F-6)
STATION: LANSING
MONTH: MAY
YEAR: 2020
LATITUDE: 42 46 N
LONGITUDE: 84 36 W
TEMPERATURE IN F: :PCPN: SNOW: WIND :SUNSHINE: SKY :PK WND
================================================================================
1 2 3 4 5 6A 6B 7 8 9 10 11 12 13 14 15 16 17 18
12Z AVG MX 2MIN
DY MAX MIN AVG DEP HDD CDD WTR SNW DPTH SPD SPD DIR MIN PSBL S-S WX SPD DR
================================================================================
1 65 38 52 -1 13 0 0.00 0.0 0 5.5 14 10 M M 1 20 30
2 75 53 64 11 1 0 T 0.0 0 11.0 25 260 M M 4 36 230
3 71 45 58 4 7 0 0.00 0.0 0 11.3 24 280 M M 0 33 280
4 58 36 47 -7 18 0 0.00 0.0 0 7.3 15 30 M M 3 22 340
5 52 37 45 -9 20 0 0.00 0.0 0 10.6 18 30 M M 2 28 80
6 61 33 47 -7 18 0 0.00 0.0 0 7.3 16 260 M M 0 25 330
7 62 38 50 -5 15 0 0.00 0.0 0 11.5 26 290 M M 1 37 270
8 44 27 36 -19 29 0 T T 0 12.7 23 320 M M 7 36 310
9 51 25 38 -18 27 0 0.00 0.0 0 13.2 28 260 M M 5 45 260
10 56 37 47 -9 18 0 0.04 0.0 0 10.4 21 210 M M 10 1 27 230
11 48 33 41 -15 24 0 T T 0 11.0 17 290 M M 8 25 320
12 58 30 44 -12 21 0 T T 0 8.4 21 270 M M 1 32 270
13 62 29 46 -11 19 0 0.00 0.0 0 5.4 16 120 M M 1 23 130
14 64 44 54 -3 11 0 1.30 0.0 0 8.8 17 140 M M 10 13 22 140
15 74 54 64 7 1 0 0.85 0.0 0 8.8 17 270 M M 7 138 23 270
16 69 48 59 1 6 0 0.00 0.0 0 8.7 15 30 M M 6 20 20
17 57 51 54 -4 11 0 1.14 0.0 0 10.5 17 90 M M 7 1 26 100
18 60 53 57 -1 8 0 1.50 0.0 0 11.8 18 70 M M 10 13 30 100
19 65 55 60 1 5 0 0.02 0.0 0 11.7 22 90 M M 8 1 30 110
20 69 49 59 0 6 0 0.00 0.0 0 9.0 20 100 M M 0 26 70
21 74 49 62 3 3 0 0.00 0.0 0 8.0 17 150 M M 6 23 140
22 71 58 65 5 0 0 0.01 0.0 0 3.9 10 130 M M 8 18 14 140
23 76 59 68 8 0 3 0.00 0.0 0 7.3 16 140 M M 6 1 22 120
24 86 62 74 14 0 9 0.22 0.0 0 9.2 22 240 M M 3 18 28 240
25 87 61 74 13 0 9 0.71 0.0 0 4.8 33 240 M M 2 13 41 240
26 88 65 77 16 0 12 0.02 0.0 0 6.1 16 210 M M 1 22 220
27 85 66 76 15 0 11 0.00 0.0 0 6.2 23 190 M M 2 30 190
28 76 68 72 10 0 7 0.05 0.0 0 8.2 16 170 M M 9 1 23 160
29 72 56 64 2 1 0 0.19 0.0 0 8.1 23 330 M M 6 1 30 320
30 68 49 59 -3 6 0 0.00 0.0 0 10.4 18 320 M M 5 29 290
31 64 40 52 -11 13 0 0.00 0.0 0 6.0 13 350 M M 0 18 350
================================================================================
SM 2068 1448 301 51 6.05 T 273.1 M 139
================================================================================
AV 66.7 46.7 8.8 FASTST M M 4 MAX(MPH)
MISC ----> # 33 240 # 45 260
================================================================================
NOTES:
# LAST OF SEVERAL OCCURRENCES
COLUMN 17 PEAK WIND IN M.P.H.
PRELIMINARY LOCAL CLIMATOLOGICAL DATA (WS FORM: F-6) , PAGE 2
STATION: LANSING
MONTH: MAY
YEAR: 2020
LATITUDE: 42 46 N
LONGITUDE: 84 36 W
[TEMPERATURE DATA] [PRECIPITATION DATA] SYMBOLS USED IN COLUMN 16
AVERAGE MONTHLY: 56.7 TOTAL FOR MONTH: 6.05 1 = FOG OR MIST
DPTR FM NORMAL: -1.0 DPTR FM NORMAL: 2.69 2 = FOG REDUCING VISIBILITY
HIGHEST: 88 ON 26 GRTST 24HR 1.50 ON 18-18 TO 1/4 MILE OR LESS
LOWEST: 25 ON 9 3 = THUNDER
SNOW, ICE PELLETS, HAIL 4 = ICE PELLETS
TOTAL MONTH: T 5 = HAIL
GRTST 24HR T ON 12-12 6 = FREEZING RAIN OR DRIZZLE
GRTST DEPTH: 0 7 = DUSTSTORM OR SANDSTORM:
VSBY 1/2 MILE OR LESS
8 = SMOKE OR HAZE
[NO. OF DAYS WITH] [WEATHER - DAYS WITH] 9 = BLOWING SNOW
X = TORNADO
MAX 32 OR BELOW: 0 0.01 INCH OR MORE: 12
MAX 90 OR ABOVE: 0 0.10 INCH OR MORE: 7
MIN 32 OR BELOW: 4 0.50 INCH OR MORE: 5
MIN 0 OR BELOW: 0 1.00 INCH OR MORE: 3
[HDD (BASE 65) ]
TOTAL THIS MO. 301 CLEAR (SCALE 0-3) 14
DPTR FM NORMAL 42 PTCLDY (SCALE 4-7) 12
TOTAL FM JUL 1 6327 CLOUDY (SCALE 8-10) 5
DPTR FM NORMAL -330
[CDD (BASE 65) ]
TOTAL THIS MO. 51
DPTR FM NORMAL 17 [PRESSURE DATA]
TOTAL FM JAN 1 51 HIGHEST SLP 30.38 ON 13
DPTR FM NORMAL 10 LOWEST SLP 29.76 ON 2
[REMARKS]
#FINAL-05-20#