000
CXUS54 KLZK 011330
CF6MWT
PRELIMINARY LOCAL CLIMATOLOGICAL DATA (WS FORM: F-6)
STATION: MOUNT IDA
MONTH: NOVEMBER
YEAR: 2022
LATITUDE: 34 32 N
LONGITUDE: 93 35 W
TEMPERATURE IN F: :PCPN: SNOW: WIND :SUNSHINE: SKY :PK WND
================================================================================
1 2 3 4 5 6A 6B 7 8 9 10 11 12 13 14 15 16 17 18
12Z AVG MX 2MIN
DY MAX MIN AVG DEP HDD CDD WTR SNW DPTH SPD SPD DIR MIN PSBL S-S WX SPD DR
================================================================================
1 77 43 60 4 5 0 0.00 0.0 0 0.8 5 110 M M 0 1 M M
2 76 45 61 5 4 0 0.00 0.0 0 1.2 9 110 M M 2 12 13 120
3 78 50 64 8 1 0 0.00 0.0 0 4.3 14 120 M M 4 21 110
4 74 59 67 12 0 2 1.03 0.0 0 7.0 23 120 M M 7 1 37 100
5 61 42 52 -3 13 0 0.00 0.0 M 1.5 9 280 M M 3 15 270
6 76 41 59 4 6 0 0.00 0.0 M 2.0 9 110 M M 1 15 120
7 67 61 64 10 1 0 0.01 0.0 M 2.0 9 80 M M 10 12 16 60
8 79 58 69 15 0 4 0.00 0.0 M 0.4 6 110 M M 5 1 8 60
9 83 56 70 16 0 5 0.00 0.0 0 1.9 10 120 M M 2 12 19 100
10 78 51 65 12 0 0 0.00 0.0 0 2.7 9 120 M M 1 15 140
11 58 36 47 -6 18 0 0.36 T 0 4.6 12 290 M M 8 18 20 270
12 49 27 38 -15 27 0 T T 0 4.6 14 270 M M 3 1 21 310
13 49 22 36 -16 29 0 0.00 0.0 0 0.9 7 110 M M 0 10 50
14 45 27 36 -16 29 0 0.48 T 0 2.0 12 120 M M 7 14 16 100
15 45 34 40 -12 25 0 0.00 0.0 0 4.1 12 320 M M 9 1 19 320
16 54 28 41 -10 24 0 0.00 0.0 0 3.5 14 290 M M 0 1 23 270
17 54 22 38 -13 27 0 0.00 0.0 0 0.7 8 250 M M 0 11 360
18 46 28 37 -14 28 0 0.00 0.0 M 2.7 9 320 M M 8 16 350
19 50 28 39 -11 26 0 0.00 0.0 M 1.7 8 240 M M 5 13 240
20 50 21 36 -14 29 0 0.00 0.0 M 1.0 8 100 M M 0 8 11 110
21 57 22 40 -10 25 0 0.00 0.0 0 0.1 7 280 M M 5 9 280
22 65 29 47 -2 18 0 0.00 0.0 0 0.8 7 130 M M 0 11 140
23 60 30 45 -4 20 0 0.08 0.0 0 0.4 9 110 M M 4 1 13 110
24 55 46 51 2 14 0 1.53 0.0 0 2.3 10 110 M M 10 1 13 120
25 57 53 55 7 10 0 0.03 0.0 M 1.0 7 340 M M 10 1 12 360
26 55 49 52 4 13 0 1.02 0.0 0 2.6 12 210 M M 10 1 21 220
27 61 45 53 5 12 0 T 0.0 0 3.4 12 220 M M 7 20 290
28 62 36 49 1 16 0 T M M 2.3 9 120 M M 3 12 16 110
29 72 42 57 10 8 0 0.11 M M 4.8 16 320 M M 5 12 27 330
30 53 28 41 -6 24 0 0.00 0.0 M 3.0 16 300 M M 0 25 300
================================================================================
SM 1846 1159 452 11 4.65 T 70.3 M 129
================================================================================
AV 61.5 38.6 2.3 FASTST M M 4 MAX(MPH)
MISC ----> 23 120 37 100
================================================================================
NOTES:
# LAST OF SEVERAL OCCURRENCES
COLUMN 17 PEAK WIND IN M.P.H.
PRELIMINARY LOCAL CLIMATOLOGICAL DATA (WS FORM: F-6) , PAGE 2
STATION: MOUNT IDA
MONTH: NOVEMBER
YEAR: 2022
LATITUDE: 34 32 N
LONGITUDE: 93 35 W
[TEMPERATURE DATA] [PRECIPITATION DATA] SYMBOLS USED IN COLUMN 16
AVERAGE MONTHLY: 50.1 TOTAL FOR MONTH: 4.65 1 = FOG OR MIST
DPTR FM NORMAL: -1.4 DPTR FM NORMAL: -0.60 2 = FOG REDUCING VISIBILITY
HIGHEST: 83 ON 9 GRTST 24HR 1.59 ON 23-24 TO 1/4 MILE OR LESS
LOWEST: 21 ON 20 3 = THUNDER
SNOW, ICE PELLETS, HAIL 4 = ICE PELLETS
TOTAL MONTH: T 5 = HAIL
GRTST 24HR T ON 11-11 6 = FREEZING RAIN OR DRIZZLE
GRTST DEPTH: 0 7 = DUSTSTORM OR SANDSTORM:
VSBY 1/2 MILE OR LESS
8 = SMOKE OR HAZE
[NO. OF DAYS WITH] [WEATHER - DAYS WITH] 9 = BLOWING SNOW
X = TORNADO
MAX 32 OR BELOW: 0 0.01 INCH OR MORE: 9
MAX 90 OR ABOVE: 0 0.10 INCH OR MORE: 6
MIN 32 OR BELOW: 12 0.50 INCH OR MORE: 3
MIN 0 OR BELOW: 0 1.00 INCH OR MORE: 3
[HDD (BASE 65) ]
TOTAL THIS MO. 452 CLEAR (SCALE 0-3) 13
DPTR FM NORMAL 40 PTCLDY (SCALE 4-7) 11
TOTAL FM JUL 1 595 CLOUDY (SCALE 8-10) 6
DPTR FM NORMAL 15
[CDD (BASE 65) ]
TOTAL THIS MO. 11
DPTR FM NORMAL 3 [PRESSURE DATA]
TOTAL FM JAN 1 2283 HIGHEST SLP 30.53 ON 20
DPTR FM NORMAL 356 LOWEST SLP 29.54 ON 26
[REMARKS]
#FINAL-11-22#