000
CXUS51 KAKQ 012202
CF6RIC
PRELIMINARY LOCAL CLIMATOLOGICAL DATA (WS FORM: F-6)
STATION: RICHMOND VA
MONTH: FEBRUARY
YEAR: 2023
LATITUDE: 37 30 N
LONGITUDE: 77 20 W
TEMPERATURE IN F: :PCPN: SNOW: WIND :SUNSHINE: SKY :PK WND
================================================================================
1 2 3 4 5 6A 6B 7 8 9 10 11 12 13 14 15 16 17 18
12Z AVG MX 2MIN
DY MAX MIN AVG DEP HDD CDD WTR SNW DPTH SPD SPD DIR MIN PSBL S-S WX SPD DR
================================================================================
1 43 30 37 -2 28 0 0.25 0.0 0 7.9 15 360 M M 9 1 19 350
2 41 30 36 -3 29 0 0.01 T 0 3.6 10 230 M M 10 8 12 220
3 43 22 33 -6 32 0 0.00 0.0 0 12.5 25 350 M M 6 30 340
4 36 16 26 -13 39 0 0.00 0.0 0 8.3 17 210 M M 3 23 210
5 59 27 43 4 22 0 0.00 0.0 0 10.5 28 220 M M 7 34 210
6 59 36 48 9 17 0 0.00 0.0 0 10.3 24 320 M M 3 31 340
7 58 27 43 3 22 0 0.00 0.0 0 5.3 14 180 M M 6 17 200
8 73 46 60 20 5 0 0.00 0.0 0 7.1 13 120 M M 7 17 230
9 74 48 61 21 4 0 0.00 0.0 0 12.7 25 200 M M 9 32 200
10 71 48 60 20 5 0 0.00 0.0 0 10.9 17 210 M M 7 27 270
11 54 42 48 8 17 0 0.00 0.0 0 6.3 20 20 M M 9 24 30
12 42 38 40 0 25 0 1.00 0.0 0 12.8 23 30 M M 10 1 33 20
13 62 37 50 9 15 0 0.09 0.0 0 10.8 24 340 M M 5 1 28 340
14 63 32 48 7 17 0 0.00 0.0 0 5.7 14 150 M M 5 17 150
15 72 43 58 17 7 0 T 0.0 0 11.8 24 220 M M 8 31 220
16 77 54 66 25 0 1 0.00 0.0 0 11.8 35 210 M M 9 45 220
17 67 35 51 10 14 0 0.21 0.0 0 14.1 25 330 M M 8 1 33 350
18 49 27 38 -4 27 0 0.00 0.0 0 6.8 16 350 M M 0 20 350
19 64 33 49 7 16 0 0.00 0.0 0 12.5 30 190 M M 6 36 190
20 61 48 55 13 10 0 T 0.0 0 9.1 17 220 M M 10 24 220
21 73 44 59 17 6 0 0.00 0.0 0 8.3 24 270 M M 4 34 230
22 67 42 55 13 10 0 T 0.0 0 5.6 18 140 M M 7 22 140
23 83 48 66 23 0 1 0.00 0.0 0 14.6 25 240 M M 7 32 240
24 70 45 58 15 7 0 0.00 0.0 0 12.8 26 310 M M 5 34 310
25 45 32 39 -4 26 0 0.40 0.0 0 4.4 12 340 M M 8 1 14 60
26 54 38 46 3 19 0 0.00 0.0 0 6.8 20 220 M M 7 1 24 210
27 57 33 45 1 20 0 0.14 0.0 0 6.6 22 130 M M 8 12 26 130
28 68 45 57 13 8 0 0.00 0.0 0 4.9 14 30 M M 7 12 15 30
================================================================================
SM 1685 1046 447 2 2.10 T 254.8 M 190
================================================================================
AV 60.2 37.4 9.1 FASTST M M 7 MAX(MPH)
MISC ----> 35 210 45 220
================================================================================
NOTES:
# LAST OF SEVERAL OCCURRENCES
COLUMN 17 PEAK WIND IN M.P.H.
PRELIMINARY LOCAL CLIMATOLOGICAL DATA (WS FORM: F-6) , PAGE 2
STATION: RICHMOND VA
MONTH: FEBRUARY
YEAR: 2023
LATITUDE: 37 30 N
LONGITUDE: 77 20 W
[TEMPERATURE DATA] [PRECIPITATION DATA] SYMBOLS USED IN COLUMN 16
AVERAGE MONTHLY: 48.8 TOTAL FOR MONTH: 2.10 1 = FOG OR MIST
DPTR FM NORMAL: 7.8 DPTR FM NORMAL: -0.51 2 = FOG REDUCING VISIBILITY
HIGHEST: 83 ON 23 GRTST 24HR 1.08 ON 12-13 TO 1/4 MILE OR LESS
LOWEST: 16 ON 4 3 = THUNDER
SNOW, ICE PELLETS, HAIL 4 = ICE PELLETS
TOTAL MONTH: T 5 = HAIL
GRTST 24HR T ON 2- 2 6 = FREEZING RAIN OR DRIZZLE
GRTST DEPTH: 0 7 = DUSTSTORM OR SANDSTORM:
VSBY 1/2 MILE OR LESS
8 = SMOKE OR HAZE
[NO. OF DAYS WITH] [WEATHER - DAYS WITH] 9 = BLOWING SNOW
X = TORNADO
MAX 32 OR BELOW: 0 0.01 INCH OR MORE: 7
MAX 90 OR ABOVE: 0 0.10 INCH OR MORE: 5
MIN 32 OR BELOW: 9 0.50 INCH OR MORE: 1
MIN 0 OR BELOW: 0 1.00 INCH OR MORE: 1
[HDD (BASE 65) ]
TOTAL THIS MO. 447 CLEAR (SCALE 0-3) 3
DPTR FM NORMAL -225 PTCLDY (SCALE 4-7) 15
TOTAL FM JUL 1 2396 CLOUDY (SCALE 8-10) 10
DPTR FM NORMAL -509
[CDD (BASE 65) ]
TOTAL THIS MO. 2
DPTR FM NORMAL 2 [PRESSURE DATA]
TOTAL FM JAN 1 2 HIGHEST SLP 30.72 ON 4
DPTR FM NORMAL 2 LOWEST SLP 29.46 ON 27
[REMARKS]
#FINAL-02-23#