000
CXUS56 KFGZ 010910
CF6RQE
PRELIMINARY LOCAL CLIMATOLOGICAL DATA (WS FORM: F-6)
STATION: WINDOW ROCK AZ AIRPORT
MONTH: AUGUST
YEAR: 2022
LATITUDE: 35 39 N
LONGITUDE: 109 4 W
TEMPERATURE IN F: :PCPN: SNOW: WIND :SUNSHINE: SKY :PK WND
================================================================================
1 2 3 4 5 6A 6B 7 8 9 10 11 12 13 14 15 16 17 18
12Z AVG MX 2MIN
DY MAX MIN AVG DEP HDD CDD WTR SNW DPTH SPD SPD DIR MIN PSBL S-S WX SPD DR
================================================================================
1 88 59 74 3 0 9 0.00 M M 3.1 13 300 M M 2 17 250
2 89 60 75 4 0 10 0.00 M M 4.2 17 320 M M 1 3 22 340
3 90 56 73 2 0 8 T M M 5.7 21 20 M M 1 27 20
4 89 62 76 5 0 11 0.31 M M 5.7 23 220 M M 4 13 30 210
5 84 59 72 2 0 7 0.00 M M 3.2 15 260 M M 1 19 220
6 88 56 72 2 0 7 0.01 M M 4.5 24 160 M M 2 3 39 160
7 83 59 71 1 0 6 0.22 M M 4.5 24 330 M M 6 3 31 340
8 86 62 74 4 0 9 0.02 M M 4.1 15 360 M M 6 3 18 360
9 85 57 71 1 0 6 T M M 3.3 18 190 M M 3 138 25 160
10 88 57 73 3 0 8 0.34 M M 5.0 21 60 M M 2 3 29 50
11 81 57 69 -1 0 4 0.00 M M 3.9 17 190 M M 2 13 23 190
12 85 56 71 2 0 6 0.00 M M 2.8 13 200 M M 2 3 20 220
13 82 57 70 1 0 5 0.00 M M 4.0 20 350 M M 2 3 24 360
14 84 54 69 0 0 4 T M M 3.5 22 170 M M 1 3 28 170
15 85 58 72 3 0 7 0.08 M M 5.7 23 10 M M 5 3 28 360
16 85 52 69 0 0 4 3.22 M M 4.9 36 130 M M 3 123 51 140
17 83 55 69 1 0 4 T M M 3.7 16 350 M M 4 13 21 350
18 84 58 71 3 0 6 0.02 M M 4.5 14 150 M M 4 21 120
19 71 57 64 -4 1 0 1.45 M M 2.8 18 180 M M 10 13 24 170
20 74 59 67 -1 0 2 T M M 6.0 14 50 M M 6 22 100
21 77 52 65 -3 0 0 0.02 M M 2.0 14 250 M M 3 13 16 260
22 83 53 68 0 0 3 T M M 4.2 15 340 M M 2 3 21 350
23 82 53 68 1 0 3 0.05 M M 2.5 16 270 M M 2 20 270
24 82 56 69 2 0 4 T M M 3.2 18 90 M M 4 3 26 100
25 79 57 68 1 0 3 T M M 3.1 14 310 M M 4 3 17 320
26 80 59 70 3 0 5 0.94 M M 4.5 23 220 M M 6 13 28 270
27 81 53 67 1 0 2 0.00 M M 1.6 10 60 M M 1 1 14 60
28 83 51 67 1 0 2 T M M 2.8 17 360 M M 2 22 340
29 88 50 69 3 0 4 0.00 M M 3.0 14 340 M M 1 17 360
30 87 48 68 2 0 3 0.00 M M 4.6 15 20 M M 1 23 30
31 86 52 69 3 0 4 0.00 M M 3.5 14 70 M M 1 20 70
================================================================================
SM 2592 1734 1 156 6.68 M 120.1 M 94
================================================================================
AV 83.6 55.9 3.9 FASTST M M 3 MAX(MPH)
MISC ----> 36 130 51 140
================================================================================
NOTES:
# LAST OF SEVERAL OCCURRENCES
COLUMN 17 PEAK WIND IN M.P.H.
PRELIMINARY LOCAL CLIMATOLOGICAL DATA (WS FORM: F-6) , PAGE 2
STATION: WINDOW ROCK AZ AIRPORT
MONTH: AUGUST
YEAR: 2022
LATITUDE: 35 39 N
LONGITUDE: 109 4 W
[TEMPERATURE DATA] [PRECIPITATION DATA] SYMBOLS USED IN COLUMN 16
AVERAGE MONTHLY: 69.8 TOTAL FOR MONTH: 6.68 1 = FOG OR MIST
DPTR FM NORMAL: 1.3 DPTR FM NORMAL: 4.83 2 = FOG REDUCING VISIBILITY
HIGHEST: 90 ON 3 GRTST 24HR 3.25 ON 15-16 TO 1/4 MILE OR LESS
LOWEST: 48 ON 30 3 = THUNDER
SNOW, ICE PELLETS, HAIL 4 = ICE PELLETS
TOTAL MONTH: M 5 = HAIL
GRTST 24HR M ON M 6 = FREEZING RAIN OR DRIZZLE
GRTST DEPTH: M ON M 7 = DUSTSTORM OR SANDSTORM:
VSBY 1/2 MILE OR LESS
8 = SMOKE OR HAZE
[NO. OF DAYS WITH] [WEATHER - DAYS WITH] 9 = BLOWING SNOW
X = TORNADO
MAX 32 OR BELOW: 0 0.01 INCH OR MORE: 12
MAX 90 OR ABOVE: 1 0.10 INCH OR MORE: 6
MIN 32 OR BELOW: 0 0.50 INCH OR MORE: 3
MIN 0 OR BELOW: 0 1.00 INCH OR MORE: 2
[HDD (BASE 65) ]
TOTAL THIS MO. 1 CLEAR (SCALE 0-3) 20
DPTR FM NORMAL -10 PTCLDY (SCALE 4-7) 10
TOTAL FM JUL 1 1 CLOUDY (SCALE 8-10) 1
DPTR FM NORMAL -8
[CDD (BASE 65) ]
TOTAL THIS MO. 156
DPTR FM NORMAL 36 [PRESSURE DATA]
TOTAL FM JAN 1 531 HIGHEST SLP M ON M
DPTR FM NORMAL 134 LOWEST SLP 29.72 ON 27
[REMARKS]
#FINAL-08-22#