000
CXUS52 KTBW 281023
CF6TBW
PRELIMINARY LOCAL CLIMATOLOGICAL DATA (WS FORM: F-6)
STATION: RUSKIN WFO
MONTH: APRIL
YEAR: 2024
LATITUDE: 27 42 N
LONGITUDE: 82 24 W
TEMPERATURE IN F: :PCPN: SNOW: WIND :SUNSHINE: SKY :PK WND
================================================================================
1 2 3 4 5 6A 6B 7 8 9 10 11 12 13 14 15 16 17 18
12Z AVG MX 2MIN
DY MAX MIN AVG DEP HDD CDD WTR SNW DPTH SPD SPD DIR MIN PSBL S-S WX SPD DR
================================================================================
1 85 60 73 3 0 8 0.00 0.0 0 M M M M M M M M
2 86 64 75 5 0 10 0.00 0.0 0 M M M M M M M M
3 83 66 75 5 0 10 1.12 0.0 0 M M M M M M 13 M M
4 77 65 71 1 0 6 0.00 0.0 0 M M M M M M M M
5 78 57 68 -2 0 3 0.00 0.0 0 M M M M M M M M
6 78 60 69 -2 0 4 0.00 0.0 0 M M M M M M M M
7 82 56 69 -2 0 4 0.00 0.0 0 M M M M M M M M
8 83 59 71 0 0 6 0.00 0.0 0 M M M M M M M M
9 86 62 74 3 0 9 0.00 0.0 0 M M M M M M M M
10 88 65 77 6 0 12 0.00 0.0 0 M M M M M M M M
11 82 71 77 5 0 12 0.62 0.0 0 M M M M M M 13 M M
12 79 61 70 -2 0 5 0.00 0.0 0 M M M M M M M M
13 82 58 70 -2 0 5 0.00 0.0 0 M M M M M M M M
14 86 54 70 -2 0 5 0.00 0.0 0 M M M M M M M M
15 88 59 74 2 0 9 0.00 0.0 0 M M M M M M M M
16 90 60 75 3 0 10 0.00 0.0 0 M M M M M M M M
17 90 65 78 6 0 13 0.00 0.0 0 M M M M M M M M
18 86 66 76 3 0 11 0.00 0.0 0 M M M M M M M M
19 88 66 77 4 0 12 0.00 0.0 0 M M M M M M M M
20 87 66 77 4 0 12 0.00 0.0 0 M M M M M M M M
21 84 68 76 3 0 11 0.00 0.0 0 M M M M M M M M
22 78 66 72 -1 0 7 T 0.0 0 M M M M M M M M
23 84 58 71 -3 0 6 0.00 0.0 0 M M M M M M M M
24 83 60 72 -2 0 7 0.00 0.0 0 M M M M M M M M
25 84 61 73 -1 0 8 0.00 0.0 0 M M M M M M M M
26 89 62 76 2 0 11 0.00 0.0 0 M M M M M M M M
27 88 67 78 4 0 13 0.00 0.0 0 M M M M M M M M
================================================================================
SM 2274 1682 0 229 1.74 0.0 M M M
================================================================================
AV 84.2 62.3 M FASTST M M M MAX(MPH)
MISC ----> M M M M
================================================================================
NOTES:
# LAST OF SEVERAL OCCURRENCES
COLUMN 17 PEAK WIND IN M.P.H.
PRELIMINARY LOCAL CLIMATOLOGICAL DATA (WS FORM: F-6) , PAGE 2
STATION: RUSKIN WFO
MONTH: APRIL
YEAR: 2024
LATITUDE: 27 42 N
LONGITUDE: 82 24 W
[TEMPERATURE DATA] [PRECIPITATION DATA] SYMBOLS USED IN COLUMN 16
AVERAGE MONTHLY: 73.3 TOTAL FOR MONTH: 1.74 1 = FOG OR MIST
DPTR FM NORMAL: 1.3 DPTR FM NORMAL: -0.76 2 = FOG REDUCING VISIBILITY
HIGHEST: 90 ON 16,17 GRTST 24HR 1.12 ON 3- 3 TO 1/4 MILE OR LESS
LOWEST: 54 ON 14 3 = THUNDER
SNOW, ICE PELLETS, HAIL 4 = ICE PELLETS
TOTAL MONTH: 0.0 INCH 5 = HAIL
GRTST 24HR 0.0 6 = FREEZING RAIN OR DRIZZLE
GRTST DEPTH: 0 7 = DUSTSTORM OR SANDSTORM:
VSBY 1/2 MILE OR LESS
8 = SMOKE OR HAZE
[NO. OF DAYS WITH] [WEATHER - DAYS WITH] 9 = BLOWING SNOW
X = TORNADO
MAX 32 OR BELOW: 0 0.01 INCH OR MORE: 2
MAX 90 OR ABOVE: 2 0.10 INCH OR MORE: 2
MIN 32 OR BELOW: 0 0.50 INCH OR MORE: 2
MIN 0 OR BELOW: 0 1.00 INCH OR MORE: 1
[HDD (BASE 65) ]
TOTAL THIS MO. 0 CLEAR (SCALE 0-3) 0
DPTR FM NORMAL -5 PTCLDY (SCALE 4-7) 0
TOTAL FM JUL 1 327 CLOUDY (SCALE 8-10) 27
DPTR FM NORMAL -168
[CDD (BASE 65) ]
TOTAL THIS MO. 229
DPTR FM NORMAL 30 [PRESSURE DATA]
TOTAL FM JAN 1 579 HIGHEST SLP M ON M
DPTR FM NORMAL 127 LOWEST SLP M ON M
[REMARKS]