000
CXUS56 KPQR 011612
CF6TTD
PRELIMINARY LOCAL CLIMATOLOGICAL DATA (WS FORM: F-6)
STATION: TROUTDALE OR
MONTH: MARCH
YEAR: 2022
LATITUDE: 45 33 N
LONGITUDE: 122 25 W
TEMPERATURE IN F: :PCPN: SNOW: WIND :SUNSHINE: SKY :PK WND
================================================================================
1 2 3 4 5 6A 6B 7 8 9 10 11 12 13 14 15 16 17 18
12Z AVG MX 2MIN
DY MAX MIN AVG DEP HDD CDD WTR SNW DPTH SPD SPD DIR MIN PSBL S-S WX SPD DR
================================================================================
1 60 50 55 9 10 0 0.48 M M 5.6 18 220 M M 10 23 220
2 55 50 53 7 12 0 0.60 M M 3.4 13 90 M M 10 1 15 80
3 51 42 47 0 18 0 0.08 M M 4.5 10 320 M M 8 18 17 330
4 53 37 45 -2 20 0 0.07 M M 2.1 10 250 M M 8 8 12 260
5 56 34 45 -2 20 0 0.00 M M 2.7 8 310 M M 5 1 12 320
6 53 35 44 -3 21 0 0.00 M M 2.2 7 310 M M 5 8 9 320
7 55 32 44 -3 21 0 0.00 M M 2.3 10 260 M M 1 8 13 260
8 47 38 43 -4 22 0 0.32 M M M M M M M M M M
9 52 33 43 -5 22 0 0.03 M M 10.7 24 90 M M 3 18 29 90
10 52 32 42 -6 23 0 0.00 M M 2.8 5 230 M M 9 M M
11 62 32 47 -1 18 0 0.00 M M 2.0 7 70 M M 0 8 20
12 63 31 47 -1 18 0 0.23 M M 5.8 20 250 M M 5 28 160
13 53 45 49 1 16 0 0.18 M M 7.1 21 210 M M 10 1 30 200
14 54 46 50 2 15 0 0.16 M M 8.2 21 70 M M 10 26 90
15 60 48 54 6 11 0 0.04 M M M 33 210 M M 10 21 220
16 59 40 50 2 15 0 T M M 3.0 10 210 M M M 13 210
17 52 38 45 -4 20 0 0.02 M M 4.4 13 80 M M 10 1 16 80
18 60 48 54 5 11 0 0.02 M M 5.1 16 230 M M 9 1 22 230
19 54 38 46 -3 19 0 0.19 M M 5.7 17 250 M M 7 18 21 300
20 51 40 46 -3 19 0 0.00 M M 5.0 15 240 M M 9 18 200
21 49 43 46 -3 19 0 0.74 M M 8.1 17 90 M M 10 1 22 90
22 68 49 59 10 6 0 0.02 M M 4.4 20 90 M M 5 18 25 90
23 62 44 53 4 12 0 0.02 M M 6.2 20 250 M M 8 18 23 250
24 66 40 53 4 12 0 0.00 M M 7.9 20 90 M M 3 1 24 90
25 64 45 55 6 10 0 0.00 M M 3.3 13 220 M M 3 17 250
26 67 48 58 8 7 0 T M M 3.2 9 270 M M 5 18 12 260
27 70 48 59 9 6 0 0.00 M M 1.8 7 320 M M 0 12 270
28 64 50 57 7 8 0 0.00 M M 4.2 10 290 M M 7 16 350
29 61 50 56 6 9 0 0.00 M M 2.5 12 300 M M 10 17 310
30 58 43 51 1 14 0 0.04 M M 5.5 15 230 M M 7 20 220
31 58 43 51 1 14 0 0.01 M M 3.5 13 270 M M 8 17 270
================================================================================
SM 1789 1292 468 0 3.25 M 133.2 M 195
================================================================================
AV 57.7 41.7 4.6 FASTST M M 7 MAX(MPH)
MISC ----> 33 210 30 200
================================================================================
NOTES:
# LAST OF SEVERAL OCCURRENCES
COLUMN 17 PEAK WIND IN M.P.H.
PRELIMINARY LOCAL CLIMATOLOGICAL DATA (WS FORM: F-6) , PAGE 2
STATION: TROUTDALE OR
MONTH: MARCH
YEAR: 2022
LATITUDE: 45 33 N
LONGITUDE: 122 25 W
[TEMPERATURE DATA] [PRECIPITATION DATA] SYMBOLS USED IN COLUMN 16
AVERAGE MONTHLY: 49.7 TOTAL FOR MONTH: 3.25 1 = FOG OR MIST
DPTR FM NORMAL: 1.3 DPTR FM NORMAL: -1.16 2 = FOG REDUCING VISIBILITY
HIGHEST: 70 ON 27 GRTST 24HR 0.74 ON 21-21 TO 1/4 MILE OR LESS
LOWEST: 31 ON 12 3 = THUNDER
SNOW, ICE PELLETS, HAIL 4 = ICE PELLETS
TOTAL MONTH: M 5 = HAIL
GRTST 24HR M ON M 6 = FREEZING RAIN OR DRIZZLE
GRTST DEPTH: M ON M 7 = DUSTSTORM OR SANDSTORM:
VSBY 1/2 MILE OR LESS
8 = SMOKE OR HAZE
[NO. OF DAYS WITH] [WEATHER - DAYS WITH] 9 = BLOWING SNOW
X = TORNADO
MAX 32 OR BELOW: 0 0.01 INCH OR MORE: 18
MAX 90 OR ABOVE: 0 0.10 INCH OR MORE: 8
MIN 32 OR BELOW: 4 0.50 INCH OR MORE: 2
MIN 0 OR BELOW: 0 1.00 INCH OR MORE: 0
[HDD (BASE 65) ]
TOTAL THIS MO. 468 CLEAR (SCALE 0-3) 5
DPTR FM NORMAL -48 PTCLDY (SCALE 4-7) 12
TOTAL FM JUL 1 3321 CLOUDY (SCALE 8-10) 14
DPTR FM NORMAL -154
[CDD (BASE 65) ]
TOTAL THIS MO. 0
DPTR FM NORMAL 0 [PRESSURE DATA]
TOTAL FM JAN 1 0 HIGHEST SLP 30.44 ON 22
DPTR FM NORMAL 0 LOWEST SLP 29.60 ON 27
[REMARKS]
#FINAL-03-22#