000
CXUS51 KBOX 010810
CF6BDL
PRELIMINARY LOCAL CLIMATOLOGICAL DATA (WS FORM: F-6)
STATION: HARTFORD CT
MONTH: APRIL
YEAR: 2021
LATITUDE: 41 55 N
LONGITUDE: 72 41 W
TEMPERATURE IN F: :PCPN: SNOW: WIND :SUNSHINE: SKY :PK WND
================================================================================
1 2 3 4 5 6A 6B 7 8 9 10 11 12 13 14 15 16 17 18
12Z AVG MX 2MIN
DY MAX MIN AVG DEP HDD CDD WTR SNW DPTH SPD SPD DIR MIN PSBL S-S WX SPD DR
================================================================================
1 56 34 45 1 20 0 0.07 0.0 0 13.1 25 340 M M 9 1 33 310
2 35 27 31 -13 34 0 T T 0 10.0 22 320 M M 8 27 310
3 53 25 39 -6 26 0 0.00 0.0 0 6.3 17 350 M M 2 22 330
4 61 25 43 -2 22 0 0.00 0.0 0 6.6 23 320 M M 3 30 320
5 65 41 53 8 12 0 0.00 0.0 0 15.0 28 330 M M 2 36 340
6 69 40 55 9 10 0 0.00 0.0 0 9.2 20 10 M M 2 24 20
7 71 38 55 9 10 0 0.00 0.0 0 7.2 21 20 M M 5 27 40
8 74 39 57 10 8 0 0.00 0.0 0 4.9 21 170 M M 3 24 170
9 71 40 56 9 9 0 0.00 0.0 0 7.1 18 180 M M 5 1 22 190
10 76 48 62 15 3 0 0.00 0.0 0 9.6 21 200 M M 7 26 240
11 65 47 56 8 9 0 0.01 0.0 0 8.0 22 80 M M 10 12 27 70
12 54 39 47 -1 18 0 T 0.0 0 9.4 18 30 M M 8 28 70
13 68 40 54 5 11 0 0.00 0.0 0 8.0 18 30 M M 8 34 80
14 71 46 59 10 6 0 0.00 0.0 0 7.8 20 150 M M 7 24 180
15 50 37 44 -5 21 0 1.45 0.0 0 7.0 18 100 M M 10 1 22 100
16 43 34 39 -11 26 0 0.69 T 0 11.2 23 10 M M 10 1 32 10
17 55 41 48 -2 17 0 0.00 0.0 0 6.9 17 300 M M 9 22 10
18 66 42 54 3 11 0 0.00 0.0 0 5.9 18 290 M M 7 23 280
19 67 44 56 5 9 0 T 0.0 0 4.9 24 270 M M 6 31 270
20 74 37 56 5 9 0 0.00 0.0 0 8.3 29 240 M M 5 1 38 230
21 69 34 52 0 13 0 0.13 T 0 12.8 37 240 M M 6 35 48 240
22 49 32 41 -11 24 0 T T 0 17.4 33 290 M M 6 8 42 290
23 62 35 49 -3 16 0 0.00 0.0 0 13.4 29 290 M M 2 36 280
24 73 40 57 4 8 0 0.00 0.0 0 9.2 22 260 M M 5 31 260
25 59 47 53 0 12 0 0.17 0.0 0 7.4 26 310 M M 8 1 34 310
26 57 40 49 -4 16 0 0.00 0.0 0 16.0 31 290 M M 2 37 290
27 74 39 57 3 8 0 0.00 0.0 0 6.2 16 270 M M 7 20 250
28 78 47 63 9 2 0 0.03 0.0 0 4.1 20 30 M M 8 3 25 30
29 65 53 59 5 6 0 0.21 0.0 0 5.8 15 10 M M 10 1 18 20
30 66 44 55 0 10 0 T 0.0 0 16.9 36 310 M M 7 1 49 300
================================================================================
SM 1896 1175 406 0 2.76 T 275.6 M 187
================================================================================
AV 63.2 39.2 9.2 FASTST M M 6 MAX(MPH)
MISC ----> 37 240 49 300
================================================================================
NOTES:
# LAST OF SEVERAL OCCURRENCES
COLUMN 17 PEAK WIND IN M.P.H.
PRELIMINARY LOCAL CLIMATOLOGICAL DATA (WS FORM: F-6) , PAGE 2
STATION: HARTFORD CT
MONTH: APRIL
YEAR: 2021
LATITUDE: 41 55 N
LONGITUDE: 72 41 W
[TEMPERATURE DATA] [PRECIPITATION DATA] SYMBOLS USED IN COLUMN 16
AVERAGE MONTHLY: 51.2 TOTAL FOR MONTH: 2.76 1 = FOG OR MIST
DPTR FM NORMAL: 1.8 DPTR FM NORMAL: -0.96 2 = FOG REDUCING VISIBILITY
HIGHEST: 78 ON 28 GRTST 24HR 1.87 ON 15-16 TO 1/4 MILE OR LESS
LOWEST: 25 ON 4, 3 3 = THUNDER
SNOW, ICE PELLETS, HAIL 4 = ICE PELLETS
TOTAL MONTH: T 5 = HAIL
GRTST 24HR T ON 2- 2 6 = FREEZING RAIN OR DRIZZLE
GRTST DEPTH: 0 7 = DUSTSTORM OR SANDSTORM:
VSBY 1/2 MILE OR LESS
8 = SMOKE OR HAZE
[NO. OF DAYS WITH] [WEATHER - DAYS WITH] 9 = BLOWING SNOW
X = TORNADO
MAX 32 OR BELOW: 0 0.01 INCH OR MORE: 8
MAX 90 OR ABOVE: 0 0.10 INCH OR MORE: 5
MIN 32 OR BELOW: 4 0.50 INCH OR MORE: 2
MIN 0 OR BELOW: 0 1.00 INCH OR MORE: 1
[HDD (BASE 65) ]
TOTAL THIS MO. 406 CLEAR (SCALE 0-3) 6
DPTR FM NORMAL -66 PTCLDY (SCALE 4-7) 15
TOTAL FM JUL 1 5226 CLOUDY (SCALE 8-10) 9
DPTR FM NORMAL -529
[CDD (BASE 65) ]
TOTAL THIS MO. 0
DPTR FM NORMAL -6 [PRESSURE DATA]
TOTAL FM JAN 1 0 HIGHEST SLP 30.34 ON 3
DPTR FM NORMAL -6 LOWEST SLP 29.32 ON 30
[REMARKS]
#FINAL-04-21#