093
CXUS54 KSHV 011400
CF6DEQ
PRELIMINARY LOCAL CLIMATOLOGICAL DATA (WS FORM: F-6)
STATION: DE QUEEN
MONTH: JANUARY
YEAR: 2021
LATITUDE: 34 2 N
LONGITUDE: 94 24 W
TEMPERATURE IN F: :PCPN: SNOW: WIND :SUNSHINE: SKY :PK WND
================================================================================
1 2 3 4 5 6A 6B 7 8 9 10 11 12 13 14 15 16 17 18
12Z AVG MX 2MIN
DY MAX MIN AVG DEP HDD CDD WTR SNW DPTH SPD SPD DIR MIN PSBL S-S WX SPD DR
================================================================================
1 46 37 42 0 23 0 0.02 0.0 0 8.8 14 220 M M 10 1 20 230
2 48 30 39 -3 26 0 0.00 0.0 0 4.2 14 290 M M 6 12 19 280
3 63 28 46 4 19 0 0.00 0.0 0 3.4 14 150 M M 1 12 19 140
4 67 31 49 7 16 0 0.00 0.0 0 2.3 13 270 M M 1 12 18 290
5 61 27 44 2 21 0 0.00 0.0 0 3.3 13 100 M M 1 12 15 100
6 45 41 43 1 22 0 2.26 0.0 0 8.7 17 90 M M 9 1 23 80
7 47 34 41 -1 24 0 T 0.0 0 5.2 14 10 M M 9 1 20 50
8 45 28 37 -5 28 0 0.00 0.0 0 3.4 12 300 M M 6 1 16 310
9 49 25 37 -5 28 0 0.00 0.0 0 1.3 8 40 M M 0 12 70
10 39 28 34 -8 31 0 0.02 T 0 1.4 8 50 M M 5 1 12 40
11 51 28 40 -1 25 0 0.03 0.3 T 1.6 8 270 M M 5 1 11 230
12 52 24 38 -3 27 0 0.00 0.0 0 2.2 12 250 M M 0 1 16 270
13 58 24 41 0 24 0 0.00 0.0 0 2.0 15 240 M M 1 1 18 220
14 62 29 46 5 19 0 0.00 0.0 0 5.8 21 330 M M 0 1 30 340
15 51 30 41 0 24 0 0.00 0.0 0 11.0 24 280 M M 3 34 270
16 52 26 39 -2 26 0 0.00 0.0 0 4.7 15 270 M M 0 19 300
17 58 28 43 2 22 0 0.00 0.0 0 4.7 22 310 M M 1 30 270
18 65 24 45 4 20 0 T 0.0 0 3.1 15 180 M M 4 20 180
19 64 44 54 13 11 0 T 0.0 0 3.5 12 40 M M 8 15 40
20 48 37 43 2 22 0 0.05 0.0 0 2.0 8 110 M M 9 1 11 110
21 50 44 47 6 18 0 T 0.0 0 2.4 8 110 M M 10 1 9 100
22 60 47 54 13 11 0 0.00 0.0 0 6.8 20 90 M M 7 1 24 100
23 48 43 46 4 19 0 T 0.0 0 9.4 16 110 M M 10 23 80
24 56 43 50 8 15 0 0.74 0.0 0 4.7 15 100 M M 10 13 19 110
25 68 40 54 12 11 0 0.24 0.0 0 7.6 30 240 M M 6 13 40 250
26 64 34 49 7 16 0 0.00 0.0 0 1.2 8 70 M M 2 18 11 220
27 50 29 40 -2 25 0 T 0.0 0 7.0 18 290 M M 3 25 290
28 49 28 39 -3 26 0 0.00 0.0 0 2.8 12 70 M M 3 14 80
29 55 30 43 1 22 0 0.00 0.0 0 3.9 10 130 M M 1 17 150
30 66 43 55 13 10 0 0.10 0.0 0 6.2 20 200 M M 7 1 28 200
31 51 40 46 4 19 0 0.00 0.0 0 8.5 22 310 M M 3 28 290
================================================================================
SM 1688 1024 650 0 3.46 0.3 143.1 M 141
================================================================================
AV 54.5 33.0 4.6 FASTST M M 5 MAX(MPH)
MISC ----> 30 240 40 250
================================================================================
NOTES:
# LAST OF SEVERAL OCCURRENCES
COLUMN 17 PEAK WIND IN M.P.H.
PRELIMINARY LOCAL CLIMATOLOGICAL DATA (WS FORM: F-6) , PAGE 2
STATION: DE QUEEN
MONTH: JANUARY
YEAR: 2021
LATITUDE: 34 2 N
LONGITUDE: 94 24 W
[TEMPERATURE DATA] [PRECIPITATION DATA] SYMBOLS USED IN COLUMN 16
AVERAGE MONTHLY: 43.7 TOTAL FOR MONTH: 3.46 1 = FOG OR MIST
DPTR FM NORMAL: 2.1 DPTR FM NORMAL: 0.14 2 = FOG REDUCING VISIBILITY
HIGHEST: 68 ON 25 GRTST 24HR 3.15 ON 6- 7 TO 1/4 MILE OR LESS
LOWEST: 24 ON 18,13 3 = THUNDER
SNOW, ICE PELLETS, HAIL 4 = ICE PELLETS
TOTAL MONTH: 0.3 INCH 5 = HAIL
GRTST 24HR 0.3 ON 11-11 6 = FREEZING RAIN OR DRIZZLE
GRTST DEPTH: T 7 = DUSTSTORM OR SANDSTORM:
VSBY 1/2 MILE OR LESS
8 = SMOKE OR HAZE
[NO. OF DAYS WITH] [WEATHER - DAYS WITH] 9 = BLOWING SNOW
X = TORNADO
MAX 32 OR BELOW: 0 0.01 INCH OR MORE: 8
MAX 90 OR ABOVE: 0 0.10 INCH OR MORE: 4
MIN 32 OR BELOW: 18 0.50 INCH OR MORE: 2
MIN 0 OR BELOW: 0 1.00 INCH OR MORE: 1
[HDD (BASE 65) ]
TOTAL THIS MO. 650 CLEAR (SCALE 0-3) 13
DPTR FM NORMAL -77 PTCLDY (SCALE 4-7) 11
TOTAL FM JUL 1 1698 CLOUDY (SCALE 8-10) 7
DPTR FM NORMAL -241
[CDD (BASE 65) ]
TOTAL THIS MO. 0
DPTR FM NORMAL -1 [PRESSURE DATA]
TOTAL FM JAN 1 0 HIGHEST SLP 30.65 ON 28
DPTR FM NORMAL -1 LOWEST SLP 29.55 ON 25
[REMARKS]
#FINAL-01-21#