000
CXUS52 KJAX 071456
CF6GNV
PRELIMINARY LOCAL CLIMATOLOGICAL DATA (WS FORM: F-6)
STATION: GAINESVILLE
MONTH: DECEMBER
YEAR: 2021
LATITUDE: 29 40 N
LONGITUDE: 82 16 W
TEMPERATURE IN F: :PCPN: SNOW: WIND :SUNSHINE: SKY :PK WND
================================================================================
1 2 3 4 5 6A 6B 7 8 9 10 11 12 13 14 15 16 17 18
12Z AVG MX 2MIN
DY MAX MIN AVG DEP HDD CDD WTR SNW DPTH SPD SPD DIR MIN PSBL S-S WX SPD DR
================================================================================
1 74 39 57 -3 8 0 0.00 0.0 0 2.8 12 140 M M 1 17 120
2 75 41 58 -2 7 0 0.00 0.0 0 3.4 13 320 M M 1 18 320
3 77 44 61 2 4 0 0.00 0.0 0 1.9 10 280 M M 2 1 14 290
4 72 48 60 1 5 0 0.00 0.0 0 1.8 9 190 M M 5 12 13 210
5 76 47 62 3 3 0 0.00 0.0 0 1.2 9 250 M M 3 12 14 180
6 81 50 66 7 0 1 0.00 0.0 0 4.1 16 250 M M 0 1 22 260
7 78 60 69 10 0 4 0.00 0.0 0 3.5 12 250 M M 8 12 20 290
8 80 61 71 12 0 6 0.12 0.0 0 6.8 18 210 M M 8 12 30 240
9 69 57 63 5 2 0 0.00 0.0 0 3.6 13 20 M M 9 12 16 30
10 82 56 69 11 0 4 0.00 0.0 0 2.4 10 170 M M 4 12 14 160
11 84 58 71 13 0 6 0.00 0.0 0 5.4 16 260 M M 4 12 22 250
12 72 61 67 9 0 2 T 0.0 0 6.7 15 50 M M 10 1 19 50
13 75 60 68 10 0 3 0.00 0.0 0 5.0 10 30 M M 9 14 10
14 75 57 66 8 0 1 0.00 0.0 0 6.5 15 30 M M 6 18 30
15 79 60 70 13 0 5 0.06 0.0 0 8.1 18 50 M M 7 1 24 50
16 81 64 73 16 0 8 0.01 0.0 0 4.1 15 150 M M 7 12 19 140
17 81 59 70 13 0 5 0.00 0.0 0 3.6 12 110 M M 3 12 16 150
18 83 55 69 12 0 4 0.07 0.0 0 3.5 13 180 M M 3 12 18 200
19 81 63 72 15 0 7 1.13 0.0 0 5.9 20 250 M M 6 123 26 260
20 64 51 58 1 7 0 0.04 0.0 0 10.5 21 50 M M 9 1 29 40
21 61 47 54 -2 11 0 1.45 0.0 0 9.2 17 20 M M 10 1 23 40
22 63 43 53 -3 12 0 T 0.0 0 7.9 16 280 M M 4 1 21 270
23 68 35 52 -4 13 0 0.00 0.0 0 4.8 13 90 M M 0 19 40
24 74 43 59 3 6 0 0.00 0.0 0 2.2 13 160 M M 0 17 130
25 76 44 60 4 5 0 0.00 0.0 0 5.4 18 220 M M 0 1 25 240
26 79 52 66 10 0 1 0.00 0.0 0 6.0 15 290 M M 3 12 21 250
27 78 54 66 10 0 1 0.00 0.0 0 2.4 14 250 M M 7 12 18 250
28 80 53 67 12 0 2 0.00 0.0 0 2.3 12 250 M M 4 12 18 240
29 82 53 68 13 0 3 0.00 0.0 0 4.6 16 210 M M 1 1 24 230
30 80 63 72 17 0 7 0.00 0.0 0 6.9 14 220 M M 8 12 19 230
31 79 65 72 17 0 7 0.00 0.0 0 6.7 13 270 M M 7 12 17 220
================================================================================
SM 2359 1643 83 77 2.88 0.0 149.2 M 149
================================================================================
AV 76.1 53.0 4.8 FASTST M M 5 MAX(MPH)
MISC ----> 21 50 30 240
================================================================================
NOTES:
# LAST OF SEVERAL OCCURRENCES
COLUMN 17 PEAK WIND IN M.P.H.
PRELIMINARY LOCAL CLIMATOLOGICAL DATA (WS FORM: F-6) , PAGE 2
STATION: GAINESVILLE
MONTH: DECEMBER
YEAR: 2021
LATITUDE: 29 40 N
LONGITUDE: 82 16 W
[TEMPERATURE DATA] [PRECIPITATION DATA] SYMBOLS USED IN COLUMN 16
AVERAGE MONTHLY: 64.5 TOTAL FOR MONTH: 2.88 1 = FOG OR MIST
DPTR FM NORMAL: 7.2 DPTR FM NORMAL: 0.00 2 = FOG REDUCING VISIBILITY
HIGHEST: 84 ON 11 GRTST 24HR 1.49 ON 20-21 TO 1/4 MILE OR LESS
LOWEST: 35 ON 23 3 = THUNDER
SNOW, ICE PELLETS, HAIL 4 = ICE PELLETS
TOTAL MONTH: 0.0 INCH 5 = HAIL
GRTST 24HR 0.0 6 = FREEZING RAIN OR DRIZZLE
GRTST DEPTH: 0 7 = DUSTSTORM OR SANDSTORM:
VSBY 1/2 MILE OR LESS
8 = SMOKE OR HAZE
[NO. OF DAYS WITH] [WEATHER - DAYS WITH] 9 = BLOWING SNOW
X = TORNADO
MAX 32 OR BELOW: 0 0.01 INCH OR MORE: 7
MAX 90 OR ABOVE: 0 0.10 INCH OR MORE: 3
MIN 32 OR BELOW: 0 0.50 INCH OR MORE: 2
MIN 0 OR BELOW: 0 1.00 INCH OR MORE: 2
[HDD (BASE 65) ]
TOTAL THIS MO. 83 CLEAR (SCALE 0-3) 10
DPTR FM NORMAL -185 PTCLDY (SCALE 4-7) 16
TOTAL FM JUL 1 273 CLOUDY (SCALE 8-10) 5
DPTR FM NORMAL -153
[CDD (BASE 65) ]
TOTAL THIS MO. 77
DPTR FM NORMAL 49 [PRESSURE DATA]
TOTAL FM JAN 1 2820 HIGHEST SLP 30.42 ON 14
DPTR FM NORMAL 79 LOWEST SLP 29.73 ON 21
[REMARKS]
#FINAL-12-21#