000
CXUS55 KPUB 011310
CF6LHX
PRELIMINARY LOCAL CLIMATOLOGICAL DATA (WS FORM: F-6)
STATION: LA JUNTA CO
MONTH: DECEMBER
YEAR: 2020
LATITUDE: 38 2 N
LONGITUDE: 103 31 W
TEMPERATURE IN F: :PCPN: SNOW: WIND :SUNSHINE: SKY :PK WND
================================================================================
1 2 3 4 5 6A 6B 7 8 9 10 11 12 13 14 15 16 17 18
12Z AVG MX 2MIN
DY MAX MIN AVG DEP HDD CDD WTR SNW DPTH SPD SPD DIR MIN PSBL S-S WX SPD DR
================================================================================
1 47 23 35 1 30 0 T M M 17.4 36 360 M M 5 45 360
2 34 18 26 -7 39 0 T M M 18.0 31 340 M M 9 1 40 360
3 46 16 31 -2 34 0 0.00 M M 10.8 16 270 M M 0 21 280
4 62 24 43 10 22 0 0.00 M M 12.2 18 270 M M 0 23 270
5 60 29 45 13 20 0 0.00 M M 11.3 16 270 M M 0 21 10
6 60 25 43 11 22 0 0.00 M M 8.1 17 270 M M 0 22 280
7 64 27 46 14 19 0 0.00 M M 11.6 18 260 M M 0 23 240
8 65 19 42 10 23 0 0.00 M M 9.1 16 270 M M 0 21 280
9 66 27 47 16 18 0 0.00 M M 7.4 18 270 M M 0 23 270
10 49 23 36 5 29 0 T M M 10.4 18 40 M M 3 1 22 40
11 35 22 29 -2 36 0 0.02 M M 7.9 17 10 M M 9 1 21 10
12 33 16 25 -6 40 0 T M M 10.7 21 130 M M 5 1 26 110
13 30 3 17 -13 48 0 T M M 7.6 21 20 M M 4 12 26 30
14 24 1 13 -17 52 0 T M M 7.6 20 10 M M 5 18 25 10
15 32 7 20 -10 45 0 0.13 M M 12.7 23 350 M M 8 18 29 350
16 30 2 16 -14 49 0 0.00 M M 10.4 20 270 M M 0 22 270
17 27 8 18 -12 47 0 0.00 M M 7.8 18 230 M M 0 19 230
18 42 20 31 1 34 0 0.00 M M 11.2 22 350 M M 6 28 350
19 35 15 25 -5 40 0 0.00 M M 7.5 16 250 M M 0 18 260
20 42 20 31 1 34 0 0.00 M M 8.5 21 220 M M 0 23 220
21 50 22 36 6 29 0 0.00 M M 6.5 18 240 M M 0 22 240
22 57 25 41 11 24 0 0.00 M M 12.8 28 240 M M 0 37 240
23 44 19 32 2 33 0 0.00 M M 18.5 39 350 M M 1 49 360
24 53 16 35 5 30 0 0.00 M M 11.4 18 270 M M 0 24 240
25 55 26 41 11 24 0 0.00 M M 6.3 16 260 M M 0 20 250
26 60 23 42 12 23 0 0.00 M M 7.7 18 260 M M 0 24 290
27 52 33 43 13 22 0 0.00 M M 8.4 16 350 M M 2 20 300
28 40 30 35 5 30 0 T M M 11.8 32 130 M M 6 41 130
29 47 26 37 7 28 0 0.00 M M 12.2 26 10 M M 3 12 34 350
30 44 20 32 2 33 0 0.00 M M 7.6 13 210 M M 0 16 280
31 44 17 31 1 34 0 0.00 M M 6.9 15 100 M M 0 19 110
================================================================================
SM 1429 602 991 0 0.15 M 318.3 M 66
================================================================================
AV 46.1 19.4 10.3 FASTST M M 2 MAX(MPH)
MISC ----> 39 350 49 360
================================================================================
NOTES:
# LAST OF SEVERAL OCCURRENCES
COLUMN 17 PEAK WIND IN M.P.H.
PRELIMINARY LOCAL CLIMATOLOGICAL DATA (WS FORM: F-6) , PAGE 2
STATION: LA JUNTA CO
MONTH: DECEMBER
YEAR: 2020
LATITUDE: 38 2 N
LONGITUDE: 103 31 W
[TEMPERATURE DATA] [PRECIPITATION DATA] SYMBOLS USED IN COLUMN 16
AVERAGE MONTHLY: 32.8 TOTAL FOR MONTH: 0.15 1 = FOG OR MIST
DPTR FM NORMAL: 1.9 DPTR FM NORMAL: -0.13 2 = FOG REDUCING VISIBILITY
HIGHEST: 66 ON 9 GRTST 24HR 0.13 ON 14-15 TO 1/4 MILE OR LESS
LOWEST: 1 ON 14 3 = THUNDER
SNOW, ICE PELLETS, HAIL 4 = ICE PELLETS
TOTAL MONTH: M 5 = HAIL
GRTST 24HR M ON M 6 = FREEZING RAIN OR DRIZZLE
GRTST DEPTH: M ON M 7 = DUSTSTORM OR SANDSTORM:
VSBY 1/2 MILE OR LESS
8 = SMOKE OR HAZE
[NO. OF DAYS WITH] [WEATHER - DAYS WITH] 9 = BLOWING SNOW
X = TORNADO
MAX 32 OR BELOW: 5 0.01 INCH OR MORE: 2
MAX 90 OR ABOVE: 0 0.10 INCH OR MORE: 1
MIN 32 OR BELOW: 30 0.50 INCH OR MORE: 0
MIN 0 OR BELOW: 0 1.00 INCH OR MORE: 0
[HDD (BASE 65) ]
TOTAL THIS MO. 991 CLEAR (SCALE 0-3) 22
DPTR FM NORMAL -67 PTCLDY (SCALE 4-7) 7
TOTAL FM JUL 1 1984 CLOUDY (SCALE 8-10) 2
DPTR FM NORMAL -220
[CDD (BASE 65) ]
TOTAL THIS MO. 0
DPTR FM NORMAL 0 [PRESSURE DATA]
TOTAL FM JAN 1 1690 HIGHEST SLP 30.51 ON 2
DPTR FM NORMAL 464 LOWEST SLP 29.49 ON 22
[REMARKS]
#FINAL-12-20#