000
CXUS54 KMAF 011614
CF6MAF
PRELIMINARY LOCAL CLIMATOLOGICAL DATA (WS FORM: F-6)
STATION: MIDLAND INTERNATIONAL AIRPORT
MONTH: OCTOBER
YEAR: 2022
LATITUDE: 31 57 N
LONGITUDE: 102 11 W
TEMPERATURE IN F: :PCPN: SNOW: WIND :SUNSHINE: SKY :PK WND
================================================================================
1 2 3 4 5 6A 6B 7 8 9 10 11 12 13 14 15 16 17 18
12Z AVG MX 2MIN
DY MAX MIN AVG DEP HDD CDD WTR SNW DPTH SPD SPD DIR MIN PSBL S-S WX SPD DR
================================================================================
1 86 59 73 1 0 8 0.00 0.0 0 11.6 23 140 M M 0 28 140
2 84 61 73 1 0 8 0.00 0.0 0 7.3 17 140 M M 0 25 120
3 81 54 68 -3 0 3 0.00 0.0 0 7.6 18 170 M M 0 8 25 140
4 83 58 71 0 0 6 0.00 0.0 0 9.2 20 160 M M 0 29 160
5 83 61 72 1 0 7 0.01 0.0 0 9.1 20 10 M M 3 26 10
6 78 60 69 -1 0 4 0.02 0.0 0 6.4 26 200 M M 5 38 32 200
7 79 58 69 -1 0 4 0.25 0.0 0 7.4 20 50 M M 7 13 28 50
8 71 55 63 -7 2 0 T 0.0 0 12.3 18 70 M M 6 8 25 60
9 77 54 66 -3 0 1 0.01 0.0 0 8.0 16 150 M M 6 3 22 120
10 75 58 67 -2 0 2 0.13 0.0 0 8.5 36 220 M M 5 1 53 210
11 80 56 68 -1 0 3 0.00 0.0 0 10.3 17 210 M M 0 24 210
12 82 57 70 2 0 5 0.00 0.0 0 8.1 16 340 M M 0 21 340
13 79 51 65 -3 0 0 0.00 0.0 0 6.8 16 100 M M 0 21 110
14 83 51 67 -1 0 2 0.00 0.0 0 8.5 17 180 M M 0 25 170
15 87 63 75 8 0 10 0.09 0.0 0 9.3 22 350 M M 1 13 30 350
16 68 53 61 -6 4 0 0.40 0.0 0 12.3 25 50 M M 8 13 33 40
17 61 50 56 -10 9 0 0.43 0.0 0 11.8 23 50 M M 10 13 31 60
18 64 48 56 -10 9 0 0.02 0.0 0 4.0 10 210 M M 7 8 13 210
19 70 44 57 -9 8 0 0.00 0.0 0 7.1 14 240 M M 1 20 260
20 81 46 64 -1 1 0 0.00 0.0 0 5.8 12 290 M M 0 16 230
21 82 49 66 1 0 1 0.00 0.0 0 9.8 20 250 M M 0 26 220
22 86 58 72 8 0 7 0.00 0.0 0 12.1 21 230 M M 0 28 230
23 84 62 73 9 0 8 0.00 0.0 0 17.5 28 160 M M 0 35 170
24 75 43 59 -5 6 0 0.01 0.0 0 17.9 40 290 M M 4 55 290
25 68 36 52 -11 13 0 0.00 0.0 0 6.5 12 240 M M 0 19 270
26 75 42 59 -4 6 0 0.00 0.0 0 8.5 18 180 M M 0 27 180
27 79 50 65 3 0 0 0.14 0.0 0 12.3 22 330 M M 2 38 29 330
28 60 45 53 -9 12 0 0.00 0.0 0 15.3 26 10 M M 7 37 330
29 66 39 53 -8 12 0 0.00 0.0 0 5.2 13 20 M M 1 1 16 350
30 71 40 56 -5 9 0 0.00 0.0 0 4.6 12 140 M M 0 18 14 140
31 71 43 57 -3 8 0 0.00 0.0 0 6.4 20 160 M M 0 26 140
================================================================================
SM 2369 1604 99 79 1.51 0.0 287.5 M 73
================================================================================
AV 76.4 51.7 9.3 FASTST M M 2 MAX(MPH)
MISC ----> 40 290 55 290
================================================================================
NOTES:
# LAST OF SEVERAL OCCURRENCES
COLUMN 17 PEAK WIND IN M.P.H.
PRELIMINARY LOCAL CLIMATOLOGICAL DATA (WS FORM: F-6) , PAGE 2
STATION: MIDLAND INTERNATIONAL AIRPORT
MONTH: OCTOBER
YEAR: 2022
LATITUDE: 31 57 N
LONGITUDE: 102 11 W
[TEMPERATURE DATA] [PRECIPITATION DATA] SYMBOLS USED IN COLUMN 16
AVERAGE MONTHLY: 64.1 TOTAL FOR MONTH: 1.51 1 = FOG OR MIST
DPTR FM NORMAL: -2.4 DPTR FM NORMAL: 0.30 2 = FOG REDUCING VISIBILITY
HIGHEST: 87 ON 15 GRTST 24HR 0.82 ON 16-17 TO 1/4 MILE OR LESS
LOWEST: 36 ON 25 3 = THUNDER
SNOW, ICE PELLETS, HAIL 4 = ICE PELLETS
TOTAL MONTH: 0.0 INCH 5 = HAIL
GRTST 24HR 0.0 6 = FREEZING RAIN OR DRIZZLE
GRTST DEPTH: 0 7 = DUSTSTORM OR SANDSTORM:
VSBY 1/2 MILE OR LESS
8 = SMOKE OR HAZE
[NO. OF DAYS WITH] [WEATHER - DAYS WITH] 9 = BLOWING SNOW
X = TORNADO
MAX 32 OR BELOW: 0 0.01 INCH OR MORE: 11
MAX 90 OR ABOVE: 0 0.10 INCH OR MORE: 5
MIN 32 OR BELOW: 0 0.50 INCH OR MORE: 0
MIN 0 OR BELOW: 0 1.00 INCH OR MORE: 0
[HDD (BASE 65) ]
TOTAL THIS MO. 99 CLEAR (SCALE 0-3) 21
DPTR FM NORMAL 16 PTCLDY (SCALE 4-7) 8
TOTAL FM JUL 1 99 CLOUDY (SCALE 8-10) 2
DPTR FM NORMAL 6
[CDD (BASE 65) ]
TOTAL THIS MO. 79
DPTR FM NORMAL -50 [PRESSURE DATA]
TOTAL FM JAN 1 2867 HIGHEST SLP 30.35 ON 8
DPTR FM NORMAL 208 LOWEST SLP 29.54 ON 23
[REMARKS]
#FINAL-10-22#