000
CXUS53 KOAX 011000
CF6OMA
PRELIMINARY LOCAL CLIMATOLOGICAL DATA (WS FORM: F-6)
STATION: OMAHA NE
MONTH: MARCH
YEAR: 2022
LATITUDE: 41 17 N
LONGITUDE: 95 54 W
TEMPERATURE IN F: :PCPN: SNOW: WIND :SUNSHINE: SKY :PK WND
================================================================================
1 2 3 4 5 6A 6B 7 8 9 10 11 12 13 14 15 16 17 18
12Z AVG MX 2MIN
DY MAX MIN AVG DEP HDD CDD WTR SNW DPTH SPD SPD DIR MIN PSBL S-S WX SPD DR
================================================================================
1 74 31 53 19 12 0 0.00 0.0 0 4.9 22 310 M M 4 28 300
2 79 33 56 21 9 0 0.00 0.0 0 7.5 24 40 M M 6 32 50
3 50 28 39 4 26 0 0.00 0.0 0 11.8 20 100 M M 4 27 100
4 63 31 47 11 18 0 0.48 0.0 0 16.0 37 160 M M 10 13 48 160
5 55 28 42 6 23 0 0.24 T 0 15.0 30 300 M M 9 138 40 310
6 36 24 30 -7 35 0 0.01 0.2 0 17.0 26 350 M M 9 1 35 310
7 38 23 31 -6 34 0 0.09 1.5 2 10.8 22 330 M M 5 12 28 330
8 51 19 35 -3 30 0 0.00 0.0 T 10.6 23 340 M M 3 31 350
9 28 20 24 -14 41 0 T T 0 12.9 23 340 M M 6 29 340
10 30 19 25 -13 40 0 0.01 0.2 T 6.2 14 200 M M 9 18 50
11 28 8 18 -21 47 0 0.00 0.0 0 14.9 31 310 M M 1 39 320
12 36 7 22 -17 43 0 0.00 0.0 0 11.0 24 190 M M 5 35 200
13 65 27 46 6 19 0 0.00 0.0 0 9.0 23 160 M M 2 30 160
14 61 31 46 6 19 0 0.00 0.0 0 10.1 20 360 M M 6 27 360
15 60 26 43 2 22 0 0.00 0.0 0 7.7 14 170 M M 4 12 18 170
16 75 35 55 14 10 0 0.00 0.0 0 9.9 18 230 M M 6 27 240
17 55 42 49 7 16 0 0.20 0.0 0 15.3 30 40 M M 10 39 40
18 51 31 41 -1 24 0 0.51 0.0 0 13.4 24 30 M M 9 1 32 360
19 66 26 46 4 19 0 0.00 0.0 0 4.8 17 210 M M 2 18 23 230
20 77 34 56 13 9 0 0.00 0.0 0 13.9 33 160 M M 6 42 150
21 71 45 58 15 7 0 0.36 0.0 0 15.6 28 180 M M 10 18 34 170
22 45 37 41 -3 24 0 0.74 T 0 26.0 36 340 M M 10 1 49 350
23 40 36 38 -6 27 0 T T 0 24.6 35 340 M M 10 49 350
24 44 31 38 -7 27 0 T T 0 10.5 20 350 M M 9 26 330
25 56 31 44 -1 21 0 0.00 0.0 0 18.4 39 320 M M 1 54 320
26 48 25 37 -9 28 0 0.00 0.0 0 10.6 21 340 M M 4 27 350
27 42 23 33 -13 32 0 0.00 0.0 0 6.4 16 30 M M 8 22 30
28 55 27 41 -5 24 0 0.00 0.0 0 15.2 28 140 M M 7 34 110
29 67 39 53 6 12 0 0.00 0.0 0 21.2 36 140 M M 6 45 140
30 59 32 46 -1 19 0 0.03 0.3 0 21.4 32 340 M M 10 1 42 350
31 43 26 35 -12 30 0 0.01 0.3 1 11.5 22 330 M M 8 1 30 330
================================================================================
SM 1648 875 747 0 2.68 2.5 404.1 M 199
================================================================================
AV 53.2 28.2 13.0 FASTST M M 6 MAX(MPH)
MISC ----> 39 320 54 320
================================================================================
NOTES:
# LAST OF SEVERAL OCCURRENCES
COLUMN 17 PEAK WIND IN M.P.H.
PRELIMINARY LOCAL CLIMATOLOGICAL DATA (WS FORM: F-6) , PAGE 2
STATION: OMAHA NE
MONTH: MARCH
YEAR: 2022
LATITUDE: 41 17 N
LONGITUDE: 95 54 W
[TEMPERATURE DATA] [PRECIPITATION DATA] SYMBOLS USED IN COLUMN 16
AVERAGE MONTHLY: 40.7 TOTAL FOR MONTH: 2.68 1 = FOG OR MIST
DPTR FM NORMAL: -0.3 DPTR FM NORMAL: 0.89 2 = FOG REDUCING VISIBILITY
HIGHEST: 79 ON 2 GRTST 24HR 1.10 ON 21-22 TO 1/4 MILE OR LESS
LOWEST: 7 ON 12 3 = THUNDER
SNOW, ICE PELLETS, HAIL 4 = ICE PELLETS
TOTAL MONTH: 2.5 INCHES 5 = HAIL
GRTST 24HR 1.7 ON 6- 7 6 = FREEZING RAIN OR DRIZZLE
GRTST DEPTH: 2 ON 7 7 = DUSTSTORM OR SANDSTORM:
VSBY 1/2 MILE OR LESS
8 = SMOKE OR HAZE
[NO. OF DAYS WITH] [WEATHER - DAYS WITH] 9 = BLOWING SNOW
X = TORNADO
MAX 32 OR BELOW: 3 0.01 INCH OR MORE: 11
MAX 90 OR ABOVE: 0 0.10 INCH OR MORE: 6
MIN 32 OR BELOW: 23 0.50 INCH OR MORE: 2
MIN 0 OR BELOW: 0 1.00 INCH OR MORE: 0
[HDD (BASE 65) ]
TOTAL THIS MO. 747 CLEAR (SCALE 0-3) 5
DPTR FM NORMAL 2 PTCLDY (SCALE 4-7) 15
TOTAL FM JUL 1 4832 CLOUDY (SCALE 8-10) 11
DPTR FM NORMAL -471
[CDD (BASE 65) ]
TOTAL THIS MO. 0
DPTR FM NORMAL -2 [PRESSURE DATA]
TOTAL FM JAN 1 0 HIGHEST SLP 30.44 ON 11
DPTR FM NORMAL -2 LOWEST SLP 29.21 ON 30
[REMARKS]
#FINAL-03-22#