000
CXUS53 KOAX 162241 CCA
CF6OMA
PRELIMINARY LOCAL CLIMATOLOGICAL DATA (WS FORM: F-6)
STATION: OMAHA NE
MONTH: DECEMBER
YEAR: 2021
LATITUDE: 41 17 N
LONGITUDE: 95 54 W
TEMPERATURE IN F: :PCPN: SNOW: WIND :SUNSHINE: SKY :PK WND
================================================================================
1 2 3 4 5 6A 6B 7 8 9 10 11 12 13 14 15 16 17 18
12Z AVG MX 2MIN
DY MAX MIN AVG DEP HDD CDD WTR SNW DPTH SPD SPD DIR MIN PSBL S-S WX SPD DR
================================================================================
1 65 36 51 17 14 0 0.00 0.0 0 6.8 16 220 M M 6 25 220
2 68 40 54 21 11 0 0.00 0.0 0 5.7 16 120 M M 5 22 140
3 58 34 46 13 19 0 0.00 0.0 0 10.4 21 340 M M 3 26 330
4 47 32 40 8 25 0 0.00 0.0 0 10.2 22 150 M M 8 27 140
5 53 31 42 10 23 0 0.00 0.0 0 16.9 39 320 M M 8 51 330
6 32 16 24 -8 41 0 0.00 0.0 0 13.0 32 330 M M 6 42 330
7 44 19 32 1 33 0 0.00 0.0 0 12.7 22 190 M M 6 32 190
8 44 20 32 1 33 0 0.00 0.0 0 10.1 24 150 M M 5 31 160
9 59 35 47 16 18 0 0.00 0.0 0 10.6 23 150 M M 7 31 140
10 41 30 36 6 29 0 0.06 0.7 0 14.1 32 320 M M 10 14689 43 350
11 40 28 34 4 31 0 0.01 0.1 1 11.2 30 330 M M 4 19 39 330
12 54 31 43 13 22 0 0.00 0.0 0 11.6 20 180 M M 4 28 190
13 55 29 42 13 23 0 0.00 0.0 0 6.4 12 140 M M 4 13 150
14 57 34 46 17 19 0 0.00 0.0 0 10.4 18 180 M M 8 24 180
15 74 32 53 24 12 0 0.31 T 0 22.0 53 280 M M 7 13578 74 220
16 45 25 35 7 30 0 0.00 0.0 0 9.5 31 290 M M 2 43 280
17 42 25 34 6 31 0 0.00 0.0 0 8.3 22 120 M M 7 28 110
18 31 20 26 -2 39 0 0.00 0.0 0 11.7 26 330 M M 9 32 320
19 39 16 28 0 37 0 0.00 0.0 0 13.8 26 170 M M 5 33 180
20 36 16 26 -1 39 0 0.00 0.0 0 11.0 25 340 M M 4 33 330
21 47 15 31 4 34 0 0.00 0.0 0 9.3 29 330 M M 2 38 340
22 53 19 36 9 29 0 0.00 0.0 0 9.6 20 200 M M 1 27 200
23 48 28 38 11 27 0 0.00 0.0 0 6.1 15 150 M M 6 17 160
24 56 34 45 19 20 0 0.00 0.0 0 9.0 16 360 M M 8 12 22 10
25 49 23 36 10 29 0 0.00 0.0 0 5.5 16 360 M M 2 20 360
26 50 20 35 9 30 0 0.00 0.0 0 9.1 26 140 M M 4 1 33 150
27 34 27 31 5 34 0 0.00 0.0 0 8.8 21 320 M M 5 1 29 340
28 45 12 29 3 36 0 0.00 0.0 0 12.1 29 300 M M 6 36 320
29 25 9 17 -8 48 0 0.00 0.0 0 7.3 16 350 M M 7 20 350
30 42 18 30 5 35 0 0.00 0.0 0 9.2 20 180 M M 4 26 170
31 30 9 20 -5 45 0 T T 0 14.1 29 340 M M 8 126 37 340
================================================================================
SM 1463 763 896 0 0.38 0.8 326.5 M 171
================================================================================
AV 47.2 24.6 10.5 FASTST M M 6 MAX(MPH)
MISC ----> 53 280 74 220
================================================================================
NOTES:
# LAST OF SEVERAL OCCURRENCES
COLUMN 17 PEAK WIND IN M.P.H.
PRELIMINARY LOCAL CLIMATOLOGICAL DATA (WS FORM: F-6) , PAGE 2
STATION: OMAHA NE
MONTH: DECEMBER
YEAR: 2021
LATITUDE: 41 17 N
LONGITUDE: 95 54 W
[TEMPERATURE DATA] [PRECIPITATION DATA] SYMBOLS USED IN COLUMN 16
AVERAGE MONTHLY: 35.9 TOTAL FOR MONTH: 0.38 1 = FOG OR MIST
DPTR FM NORMAL: 7.2 DPTR FM NORMAL: -0.84 2 = FOG REDUCING VISIBILITY
HIGHEST: 74 ON 15 GRTST 24HR 0.31 ON 15-15 TO 1/4 MILE OR LESS
LOWEST: 9 ON 31,29 3 = THUNDER
SNOW, ICE PELLETS, HAIL 4 = ICE PELLETS
TOTAL MONTH: 0.8 INCH 5 = HAIL
GRTST 24HR 0.8 ON 10-11 6 = FREEZING RAIN OR DRIZZLE
GRTST DEPTH: 1 ON 11 7 = DUSTSTORM OR SANDSTORM:
VSBY 1/2 MILE OR LESS
8 = SMOKE OR HAZE
[NO. OF DAYS WITH] [WEATHER - DAYS WITH] 9 = BLOWING SNOW
X = TORNADO
MAX 32 OR BELOW: 4 0.01 INCH OR MORE: 3
MAX 90 OR ABOVE: 0 0.10 INCH OR MORE: 1
MIN 32 OR BELOW: 25 0.50 INCH OR MORE: 0
MIN 0 OR BELOW: 0 1.00 INCH OR MORE: 0
[HDD (BASE 65) ]
TOTAL THIS MO. 896 CLEAR (SCALE 0-3) 5
DPTR FM NORMAL -228 PTCLDY (SCALE 4-7) 24
TOTAL FM JUL 1 1761 CLOUDY (SCALE 8-10) 2
DPTR FM NORMAL -530
[CDD (BASE 65) ]
TOTAL THIS MO. 0
DPTR FM NORMAL 0 [PRESSURE DATA]
TOTAL FM JAN 1 1537 HIGHEST SLP 30.45 ON 6
DPTR FM NORMAL 244 LOWEST SLP 29.10 ON 15
[REMARKS]
#FINAL-12-21#