000
CXUS55 KPUB 012119
CLMPUB
CLIMATE REPORT
NATIONAL WEATHER SERVICE
319 PM MDT TUE AUG 01 2023
...................................
...THE PUEBLO CO CLIMATE SUMMARY FOR THE MONTH OF JULY 2023...
CLIMATE NORMAL PERIOD 1991 TO 2020
CLIMATE RECORD PERIOD 1888 TO 2023
WEATHER OBSERVED NORMAL DEPART LAST YEAR`S
VALUE DATE(S) VALUE FROM VALUE DATE(S)
NORMAL
................................................................
TEMPERATURE (F)
RECORD
HIGH 109 07/13/2003
LOW 41 07/04/1903
HIGHEST 106 07/25 92 14 108 07/23
LOWEST 51 07/01 57 -6 55 07/13
AVG. MAXIMUM 95.8 93.4 2.4 96.6
AVG. MINIMUM 61.3 61.0 0.3 62.8
MEAN 78.6 77.2 1.4 79.7
DAYS MAX >= 90 23 23.0 0.0
DAYS MAX <= 32 0 0.0 0.0
DAYS MIN <= 32 0 0.0 0.0
DAYS MIN <= 0 0 0.0 0.0
PRECIPITATION (INCHES)
RECORD
MAXIMUM 6.72 1895
MINIMUM 0.09 1987
TOTALS 1.40 1.89 -0.49 2.12
DAILY AVG. 0.05 0.06 -0.01
DAYS >= .01 8 9.2 -1.2
DAYS >= .10 5 4.8 0.2
DAYS >= .50 0 0.8 -0.8
DAYS >= 1.00 0 0.3 -0.3
GREATEST
24 HR. TOTAL 0.35 07/13 TO 07/13
SNOWFALL (INCHES)
RECORDS
TOTAL T 2021
TOTALS TR 0.0 0.0 0.0
SINCE 7/1 T 0.0 0.0 MM
SNOWDEPTH AVG. 0
DAYS >= 1.0 0 0.0 0.0
GREATEST
SNOW DEPTH 0 0
24 HR TOTAL TR 07/07 TO 07/07 MM
07/10 TO 07/10
07/13 TO 07/13
DEGREE DAYS
HEATING TOTAL 0 1 -1 0
SINCE 7/1 0 0 0 MM
COOLING TOTAL 427 379 48 466
SINCE 1/1 600 648 -48 MM
................................................................
WIND (MPH)
AVERAGE WIND SPEED 8.3
HIGHEST WIND SPEED/DIRECTION 46/360 DATE 07/24
HIGHEST GUST SPEED/DIRECTION 71/360 DATE 07/24
SKY COVER
POSSIBLE SUNSHINE (PERCENT) MM
AVERAGE SKY COVER 0.17
NUMBER OF DAYS FAIR 26
NUMBER OF DAYS PC 4
NUMBER OF DAYS CLOUDY 1
AVERAGE RH (PERCENT) 52
WEATHER CONDITIONS. NUMBER OF DAYS WITH
THUNDERSTORM 17 MIXED PRECIP 0
HEAVY RAIN 6 RAIN 5
LIGHT RAIN 17 FREEZING RAIN 0
LT FREEZING RAIN 0 HAIL 3
HEAVY SNOW 0 SNOW 0
LIGHT SNOW 0 SLEET 0
FOG 7 FOG W/VIS <= 1/4 MILE 0
HAZE 0
- INDICATES NEGATIVE NUMBERS.
R INDICATES RECORD WAS SET OR TIED.
MM INDICATES DATA IS MISSING.
T INDICATES TRACE AMOUNT.
$$